INSERT INTO `entertainment_talent_mapping` (`id`, `entertainment_id`, `talent_id`, `created_by`, `updated_by`, `deleted_by`, `created_at`, `updated_at`, `deleted_at`) VALUES
(2393, 95, 26, NULL, NULL, NULL, '2026-02-25 03:28:47', '2026-02-25 03:28:47', NULL),
(2394, 95, 35, NULL, NULL, NULL, '2026-02-25 03:28:47', '2026-02-25 03:28:47', NULL),
(2395, 95, 27, NULL, NULL, NULL, '2026-02-25 03:28:47', '2026-02-25 03:28:47', NULL),
(2396, 96, 1, NULL, NULL, NULL, '2026-02-25 03:28:47', '2026-02-25 03:28:47', NULL),
(2397, 96, 2, NULL, NULL, NULL, '2026-02-25 03:28:47', '2026-02-25 03:28:47', NULL),
(2398, 96, 3, NULL, NULL, NULL, '2026-02-25 03:28:47', '2026-02-25 03:28:47', NULL),
(2399, 96, 8, NULL, NULL, NULL, '2026-02-25 03:28:47', '2026-02-25 03:28:47', NULL),
(2400, 96, 9, NULL, NULL, NULL, '2026-02-25 03:28:47', '2026-02-25 03:28:47', NULL),
(2401, 96, 10, NULL, NULL, NULL, '2026-02-25 03:28:47', '2026-02-25 03:28:47', NULL),
(2402, 96, 13, NULL, NULL, NULL, '2026-02-25 03:28:47', '2026-02-25 03:28:47', NULL),
(2403, 96, 14, NULL, NULL, NULL, '2026-02-25 03:28:47', '2026-02-25 03:28:47', NULL),
(2404, 96, 15, NULL, NULL, NULL, '2026-02-25 03:28:47', '2026-02-25 03:28:47', NULL),
(2405, 96, 18, NULL, NULL, NULL, '2026-02-25 03:28:47', '2026-02-25 03:28:47', NULL),
(2406, 96, 20, NULL, NULL, NULL, '2026-02-25 03:28:47', '2026-02-25 03:28:47', NULL),
(2407, 96, 22, NULL, NULL, NULL, '2026-02-25 03:28:47', '2026-02-25 03:28:47', NULL),
(2408, 96, 24, NULL, NULL, NULL, '2026-02-25 03:28:47', '2026-02-25 03:28:47', NULL),
(2409, 96, 25, NULL, NULL, NULL, '2026-02-25 03:28:47', '2026-02-25 03:28:47', NULL),
(2410, 96, 27, NULL, NULL, NULL, '2026-02-25 03:28:47', '2026-02-25 03:28:47', NULL),
(2411, 96, 29, NULL, NULL, NULL, '2026-02-25 03:28:47', '2026-02-25 03:28:47', NULL),
(2412, 96, 31, NULL, NULL, NULL, '2026-02-25 03:28:47', '2026-02-25 03:28:47', NULL),
(2413, 96, 32, NULL, NULL, NULL, '2026-02-25 03:28:47', '2026-02-25 03:28:47', NULL),
(2414, 96, 33, NULL, NULL, NULL, '2026-02-25 03:28:47', '2026-02-25 03:28:47', NULL),
(2415, 96, 34, NULL, NULL, NULL, '2026-02-25 03:28:47', '2026-02-25 03:28:47', NULL),
(2416, 96, 35, NULL, NULL, NULL, '2026-02-25 03:28:47', '2026-02-25 03:28:47', NULL),
(2417, 96, 36, NULL, NULL, NULL, '2026-02-25 03:28:47', '2026-02-25 03:28:47', NULL),
(2418, 96, 37, NULL, NULL, NULL, '2026-02-25 03:28:48', '2026-02-25 03:28:48', NULL),
(2419, 97, 1, NULL, NULL, NULL, '2026-02-25 03:28:48', '2026-02-25 03:28:48', NULL),
(2420, 97, 3, NULL, NULL, NULL, '2026-02-25 03:28:48', '2026-02-25 03:28:48', NULL),
(2421, 97, 4, NULL, NULL, NULL, '2026-02-25 03:28:48', '2026-02-25 03:28:48', NULL),
(2422, 97, 5, NULL, NULL, NULL, '2026-02-25 03:28:48', '2026-02-25 03:28:48', NULL),
(2423, 97, 6, NULL, NULL, NULL, '2026-02-25 03:28:48', '2026-02-25 03:28:48', NULL),
(2424, 97, 8, NULL, NULL, NULL, '2026-02-25 03:28:48', '2026-02-25 03:28:48', NULL),
(2425, 97, 10, NULL, NULL, NULL, '2026-02-25 03:28:48', '2026-02-25 03:28:48', NULL),
(2426, 97, 11, NULL, NULL, NULL, '2026-02-25 03:28:48', '2026-02-25 03:28:48', NULL),
(2427, 97, 12, NULL, NULL, NULL, '2026-02-25 03:28:48', '2026-02-25 03:28:48', NULL),
(2428, 97, 13, NULL, NULL, NULL, '2026-02-25 03:28:48', '2026-02-25 03:28:48', NULL),
(2429, 97, 14, NULL, NULL, NULL, '2026-02-25 03:28:48', '2026-02-25 03:28:48', NULL),
(2430, 97, 17, NULL, NULL, NULL, '2026-02-25 03:28:48', '2026-02-25 03:28:48', NULL),
(2431, 97, 18, NULL, NULL, NULL, '2026-02-25 03:28:48', '2026-02-25 03:28:48', NULL),
(2432, 97, 24, NULL, NULL, NULL, '2026-02-25 03:28:48', '2026-02-25 03:28:48', NULL),
(2433, 97, 25, NULL, NULL, NULL, '2026-02-25 03:28:48', '2026-02-25 03:28:48', NULL),
(2434, 97, 26, NULL, NULL, NULL, '2026-02-25 03:28:48', '2026-02-25 03:28:48', NULL),
(2435, 97, 27, NULL, NULL, NULL, '2026-02-25 03:28:48', '2026-02-25 03:28:48', NULL),
(2436, 97, 28, NULL, NULL, NULL, '2026-02-25 03:28:48', '2026-02-25 03:28:48', NULL),
(2437, 97, 29, NULL, NULL, NULL, '2026-02-25 03:28:48', '2026-02-25 03:28:48', NULL),
(2438, 97, 30, NULL, NULL, NULL, '2026-02-25 03:28:48', '2026-02-25 03:28:48', NULL),
(2439, 97, 31, NULL, NULL, NULL, '2026-02-25 03:28:48', '2026-02-25 03:28:48', NULL),
(2440, 97, 32, NULL, NULL, NULL, '2026-02-25 03:28:48', '2026-02-25 03:28:48', NULL),
(2441, 97, 34, NULL, NULL, NULL, '2026-02-25 03:28:48', '2026-02-25 03:28:48', NULL),
(2442, 97, 36, NULL, NULL, NULL, '2026-02-25 03:28:48', '2026-02-25 03:28:48', NULL),
(2443, 97, 37, NULL, NULL, NULL, '2026-02-25 03:28:48', '2026-02-25 03:28:48', NULL),
(2444, 97, 38, NULL, NULL, NULL, '2026-02-25 03:28:48', '2026-02-25 03:28:48', NULL),
(2445, 97, 40, NULL, NULL, NULL, '2026-02-25 03:28:48', '2026-02-25 03:28:48', NULL),
(2446, 98, 2, NULL, NULL, NULL, '2026-02-25 03:28:48', '2026-02-25 03:28:48', NULL),
(2447, 98, 4, NULL, NULL, NULL, '2026-02-25 03:28:48', '2026-02-25 03:28:48', NULL),
(2448, 98, 7, NULL, NULL, NULL, '2026-02-25 03:28:48', '2026-02-25 03:28:48', NULL),
(2449, 98, 8, NULL, NULL, NULL, '2026-02-25 03:28:48', '2026-02-25 03:28:48', NULL),
(2450, 98, 9, NULL, NULL, NULL, '2026-02-25 03:28:48', '2026-02-25 03:28:48', NULL),
(2451, 98, 12, NULL, NULL, NULL, '2026-02-25 03:28:48', '2026-02-25 03:28:48', NULL),
(2452, 98, 13, NULL, NULL, NULL, '2026-02-25 03:28:48', '2026-02-25 03:28:48', NULL),
(2453, 98, 14, NULL, NULL, NULL, '2026-02-25 03:28:48', '2026-02-25 03:28:48', NULL),
(2454, 98, 15, NULL, NULL, NULL, '2026-02-25 03:28:48', '2026-02-25 03:28:48', NULL),
(2455, 98, 16, NULL, NULL, NULL, '2026-02-25 03:28:48', '2026-02-25 03:28:48', NULL),
(2456, 98, 19, NULL, NULL, NULL, '2026-02-25 03:28:48', '2026-02-25 03:28:48', NULL),
(2457, 98, 20, NULL, NULL, NULL, '2026-02-25 03:28:48', '2026-02-25 03:28:48', NULL),
(2458, 98, 21, NULL, NULL, NULL, '2026-02-25 03:28:48', '2026-02-25 03:28:48', NULL),
(2459, 98, 22, NULL, NULL, NULL, '2026-02-25 03:28:48', '2026-02-25 03:28:48', NULL),
(2460, 98, 25, NULL, NULL, NULL, '2026-02-25 03:28:48', '2026-02-25 03:28:48', NULL),
(2461, 98, 26, NULL, NULL, NULL, '2026-02-25 03:28:48', '2026-02-25 03:28:48', NULL),
(2462, 98, 27, NULL, NULL, NULL, '2026-02-25 03:28:48', '2026-02-25 03:28:48', NULL),
(2463, 98, 28, NULL, NULL, NULL, '2026-02-25 03:28:48', '2026-02-25 03:28:48', NULL),
(2464, 98, 29, NULL, NULL, NULL, '2026-02-25 03:28:48', '2026-02-25 03:28:48', NULL),
(2465, 98, 30, NULL, NULL, NULL, '2026-02-25 03:28:48', '2026-02-25 03:28:48', NULL),
(2466, 98, 34, NULL, NULL, NULL, '2026-02-25 03:28:48', '2026-02-25 03:28:48', NULL),
(2467, 98, 35, NULL, NULL, NULL, '2026-02-25 03:28:48', '2026-02-25 03:28:48', NULL),
(2468, 98, 36, NULL, NULL, NULL, '2026-02-25 03:28:48', '2026-02-25 03:28:48', NULL),
(2469, 98, 39, NULL, NULL, NULL, '2026-02-25 03:28:48', '2026-02-25 03:28:48', NULL),
(2470, 98, 40, NULL, NULL, NULL, '2026-02-25 03:28:48', '2026-02-25 03:28:48', NULL),
(2471, 99, 3, NULL, NULL, NULL, '2026-02-25 03:28:48', '2026-02-25 03:28:48', NULL),
(2472, 99, 5, NULL, NULL, NULL, '2026-02-25 03:28:48', '2026-02-25 03:28:48', NULL),
(2473, 99, 6, NULL, NULL, NULL, '2026-02-25 03:28:48', '2026-02-25 03:28:48', NULL),
(2474, 99, 7, NULL, NULL, NULL, '2026-02-25 03:28:48', '2026-02-25 03:28:48', NULL),
(2475, 99, 8, NULL, NULL, NULL, '2026-02-25 03:28:48', '2026-02-25 03:28:48', NULL),
(2476, 99, 9, NULL, NULL, NULL, '2026-02-25 03:28:48', '2026-02-25 03:28:48', NULL),
(2477, 99, 10, NULL, NULL, NULL, '2026-02-25 03:28:48', '2026-02-25 03:28:48', NULL),
(2478, 99, 11, NULL, NULL, NULL, '2026-02-25 03:28:48', '2026-02-25 03:28:48', NULL),
(2479, 99, 12, NULL, NULL, NULL, '2026-02-25 03:28:48', '2026-02-25 03:28:48', NULL),
(2480, 99, 16, NULL, NULL, NULL, '2026-02-25 03:28:48', '2026-02-25 03:28:48', NULL),
(2481, 99, 17, NULL, NULL, NULL, '2026-02-25 03:28:48', '2026-02-25 03:28:48', NULL),
(2482, 99, 18, NULL, NULL, NULL, '2026-02-25 03:28:48', '2026-02-25 03:28:48', NULL),
(2483, 99, 21, NULL, NULL, NULL, '2026-02-25 03:28:48', '2026-02-25 03:28:48', NULL),
(2484, 99, 24, NULL, NULL, NULL, '2026-02-25 03:28:48', '2026-02-25 03:28:48', NULL),
(2485, 99, 25, NULL, NULL, NULL, '2026-02-25 03:28:48', '2026-02-25 03:28:48', NULL),
(2486, 99, 26, NULL, NULL, NULL, '2026-02-25 03:28:48', '2026-02-25 03:28:48', NULL),
(2487, 99, 27, NULL, NULL, NULL, '2026-02-25 03:28:48', '2026-02-25 03:28:48', NULL),
(2488, 99, 28, NULL, NULL, NULL, '2026-02-25 03:28:48', '2026-02-25 03:28:48', NULL),
(2489, 99, 29, NULL, NULL, NULL, '2026-02-25 03:28:48', '2026-02-25 03:28:48', NULL),
(2490, 99, 30, NULL, NULL, NULL, '2026-02-25 03:28:48', '2026-02-25 03:28:48', NULL),
(2491, 99, 34, NULL, NULL, NULL, '2026-02-25 03:28:48', '2026-02-25 03:28:48', NULL),
(2492, 99, 35, NULL, NULL, NULL, '2026-02-25 03:28:48', '2026-02-25 03:28:48', NULL),
(2493, 99, 36, NULL, NULL, NULL, '2026-02-25 03:28:48', '2026-02-25 03:28:48', NULL),
(2494, 99, 39, NULL, NULL, NULL, '2026-02-25 03:28:48', '2026-02-25 03:28:48', NULL),
(2495, 99, 40, NULL, NULL, NULL, '2026-02-25 03:28:48', '2026-02-25 03:28:48', NULL),
(2496, 100, 1, NULL, NULL, NULL, '2026-02-25 03:28:48', '2026-02-25 03:28:48', NULL),
(2497, 100, 2, NULL, NULL, NULL, '2026-02-25 03:28:48', '2026-02-25 03:28:48', NULL),
(2498, 100, 4, NULL, NULL, NULL, '2026-02-25 03:28:48', '2026-02-25 03:28:48', NULL),
(2499, 100, 8, NULL, NULL, NULL, '2026-02-25 03:28:48', '2026-02-25 03:28:48', NULL),
(2500, 100, 11, NULL, NULL, NULL, '2026-02-25 03:28:48', '2026-02-25 03:28:48', NULL),
(2501, 100, 12, NULL, NULL, NULL, '2026-02-25 03:28:48', '2026-02-25 03:28:48', NULL),
(2502, 100, 13, NULL, NULL, NULL, '2026-02-25 03:28:48', '2026-02-25 03:28:48', NULL),
(2503, 100, 14, NULL, NULL, NULL, '2026-02-25 03:28:48', '2026-02-25 03:28:48', NULL),
(2504, 100, 15, NULL, NULL, NULL, '2026-02-25 03:28:48', '2026-02-25 03:28:48', NULL),
(2505, 100, 19, NULL, NULL, NULL, '2026-02-25 03:28:48', '2026-02-25 03:28:48', NULL),
(2506, 100, 20, NULL, NULL, NULL, '2026-02-25 03:28:48', '2026-02-25 03:28:48', NULL),
(2507, 100, 22, NULL, NULL, NULL, '2026-02-25 03:28:48', '2026-02-25 03:28:48', NULL),
(2508, 100, 23, NULL, NULL, NULL, '2026-02-25 03:28:48', '2026-02-25 03:28:48', NULL),
(2509, 100, 24, NULL, NULL, NULL, '2026-02-25 03:28:48', '2026-02-25 03:28:48', NULL),
(2510, 100, 28, NULL, NULL, NULL, '2026-02-25 03:28:48', '2026-02-25 03:28:48', NULL),
(2511, 100, 29, NULL, NULL, NULL, '2026-02-25 03:28:48', '2026-02-25 03:28:48', NULL),
(2512, 100, 30, NULL, NULL, NULL, '2026-02-25 03:28:48', '2026-02-25 03:28:48', NULL),
(2513, 100, 31, NULL, NULL, NULL, '2026-02-25 03:28:48', '2026-02-25 03:28:48', NULL),
(2514, 100, 32, NULL, NULL, NULL, '2026-02-25 03:28:48', '2026-02-25 03:28:48', NULL),
(2515, 100, 34, NULL, NULL, NULL, '2026-02-25 03:28:48', '2026-02-25 03:28:48', NULL),
(2516, 100, 36, NULL, NULL, NULL, '2026-02-25 03:28:48', '2026-02-25 03:28:48', NULL),
(2517, 100, 37, NULL, NULL, NULL, '2026-02-25 03:28:48', '2026-02-25 03:28:48', NULL),
(2518, 100, 38, NULL, NULL, NULL, '2026-02-25 03:28:48', '2026-02-25 03:28:48', NULL),
(2519, 100, 40, NULL, NULL, NULL, '2026-02-25 03:28:48', '2026-02-25 03:28:48', NULL),
(2520, 101, 2, NULL, NULL, NULL, '2026-02-25 03:28:48', '2026-02-25 03:28:48', NULL),
(2521, 101, 4, NULL, NULL, NULL, '2026-02-25 03:28:48', '2026-02-25 03:28:48', NULL),
(2522, 101, 7, NULL, NULL, NULL, '2026-02-25 03:28:48', '2026-02-25 03:28:48', NULL),
(2523, 101, 8, NULL, NULL, NULL, '2026-02-25 03:28:48', '2026-02-25 03:28:48', NULL),
(2524, 101, 9, NULL, NULL, NULL, '2026-02-25 03:28:48', '2026-02-25 03:28:48', NULL),
(2525, 101, 12, NULL, NULL, NULL, '2026-02-25 03:28:48', '2026-02-25 03:28:48', NULL),
(2526, 101, 13, NULL, NULL, NULL, '2026-02-25 03:28:48', '2026-02-25 03:28:48', NULL),
(2527, 101, 14, NULL, NULL, NULL, '2026-02-25 03:28:48', '2026-02-25 03:28:48', NULL),
(2528, 101, 15, NULL, NULL, NULL, '2026-02-25 03:28:48', '2026-02-25 03:28:48', NULL),
(2529, 101, 16, NULL, NULL, NULL, '2026-02-25 03:28:48', '2026-02-25 03:28:48', NULL),
(2530, 101, 19, NULL, NULL, NULL, '2026-02-25 03:28:48', '2026-02-25 03:28:48', NULL),
(2531, 101, 20, NULL, NULL, NULL, '2026-02-25 03:28:48', '2026-02-25 03:28:48', NULL),
(2532, 101, 23, NULL, NULL, NULL, '2026-02-25 03:28:48', '2026-02-25 03:28:48', NULL),
(2533, 101, 24, NULL, NULL, NULL, '2026-02-25 03:28:48', '2026-02-25 03:28:48', NULL),
(2534, 101, 25, NULL, NULL, NULL, '2026-02-25 03:28:48', '2026-02-25 03:28:48', NULL),
(2535, 101, 26, NULL, NULL, NULL, '2026-02-25 03:28:48', '2026-02-25 03:28:48', NULL),
(2536, 101, 27, NULL, NULL, NULL, '2026-02-25 03:28:48', '2026-02-25 03:28:48', NULL),
(2537, 101, 28, NULL, NULL, NULL, '2026-02-25 03:28:48', '2026-02-25 03:28:48', NULL),
(2538, 101, 30, NULL, NULL, NULL, '2026-02-25 03:28:48', '2026-02-25 03:28:48', NULL),
(2539, 101, 32, NULL, NULL, NULL, '2026-02-25 03:28:48', '2026-02-25 03:28:48', NULL),
(2540, 101, 33, NULL, NULL, NULL, '2026-02-25 03:28:48', '2026-02-25 03:28:48', NULL),
(2541, 101, 34, NULL, NULL, NULL, '2026-02-25 03:28:48', '2026-02-25 03:28:48', NULL),
(2542, 101, 35, NULL, NULL, NULL, '2026-02-25 03:28:48', '2026-02-25 03:28:48', NULL),
(2543, 101, 36, NULL, NULL, NULL, '2026-02-25 03:28:48', '2026-02-25 03:28:48', NULL),
(2544, 101, 37, NULL, NULL, NULL, '2026-02-25 03:28:48', '2026-02-25 03:28:48', NULL),
(2545, 101, 39, NULL, NULL, NULL, '2026-02-25 03:28:48', '2026-02-25 03:28:48', NULL),
(2546, 102, 1, NULL, NULL, NULL, '2026-02-25 03:28:48', '2026-02-25 03:28:48', NULL),
(2547, 102, 2, NULL, NULL, NULL, '2026-02-25 03:28:48', '2026-02-25 03:28:48', NULL),
(2548, 102, 3, NULL, NULL, NULL, '2026-02-25 03:28:48', '2026-02-25 03:28:48', NULL),
(2549, 102, 4, NULL, NULL, NULL, '2026-02-25 03:28:48', '2026-02-25 03:28:48', NULL),
(2550, 102, 8, NULL, NULL, NULL, '2026-02-25 03:28:48', '2026-02-25 03:28:48', NULL),
(2551, 102, 9, NULL, NULL, NULL, '2026-02-25 03:28:48', '2026-02-25 03:28:48', NULL),
(2552, 102, 10, NULL, NULL, NULL, '2026-02-25 03:28:48', '2026-02-25 03:28:48', NULL),
(2553, 102, 11, NULL, NULL, NULL, '2026-02-25 03:28:48', '2026-02-25 03:28:48', NULL),
(2554, 102, 13, NULL, NULL, NULL, '2026-02-25 03:28:48', '2026-02-25 03:28:48', NULL),
(2555, 102, 14, NULL, NULL, NULL, '2026-02-25 03:28:48', '2026-02-25 03:28:48', NULL),
(2556, 102, 16, NULL, NULL, NULL, '2026-02-25 03:28:48', '2026-02-25 03:28:48', NULL),
(2557, 102, 19, NULL, NULL, NULL, '2026-02-25 03:28:48', '2026-02-25 03:28:48', NULL),
(2558, 102, 20, NULL, NULL, NULL, '2026-02-25 03:28:48', '2026-02-25 03:28:48', NULL),
(2559, 102, 24, NULL, NULL, NULL, '2026-02-25 03:28:48', '2026-02-25 03:28:48', NULL),
(2560, 102, 25, NULL, NULL, NULL, '2026-02-25 03:28:48', '2026-02-25 03:28:48', NULL),
(2561, 102, 26, NULL, NULL, NULL, '2026-02-25 03:28:48', '2026-02-25 03:28:48', NULL),
(2562, 102, 27, NULL, NULL, NULL, '2026-02-25 03:28:48', '2026-02-25 03:28:48', NULL),
(2563, 102, 28, NULL, NULL, NULL, '2026-02-25 03:28:48', '2026-02-25 03:28:48', NULL),
(2564, 102, 29, NULL, NULL, NULL, '2026-02-25 03:28:48', '2026-02-25 03:28:48', NULL),
(2565, 102, 30, NULL, NULL, NULL, '2026-02-25 03:28:48', '2026-02-25 03:28:48', NULL),
(2566, 102, 31, NULL, NULL, NULL, '2026-02-25 03:28:48', '2026-02-25 03:28:48', NULL),
(2567, 102, 32, NULL, NULL, NULL, '2026-02-25 03:28:48', '2026-02-25 03:28:48', NULL),
(2568, 102, 34, NULL, NULL, NULL, '2026-02-25 03:28:48', '2026-02-25 03:28:48', NULL),
(2569, 102, 36, NULL, NULL, NULL, '2026-02-25 03:28:48', '2026-02-25 03:28:48', NULL),
(2570, 102, 37, NULL, NULL, NULL, '2026-02-25 03:28:48', '2026-02-25 03:28:48', NULL),
(2571, 102, 38, NULL, NULL, NULL, '2026-02-25 03:28:48', '2026-02-25 03:28:48', NULL),
(2572, 102, 40, NULL, NULL, NULL, '2026-02-25 03:28:48', '2026-02-25 03:28:48', NULL),
(2573, 103, 1, NULL, NULL, NULL, '2026-02-25 03:28:48', '2026-02-25 03:28:48', NULL),
(2574, 103, 3, NULL, NULL, NULL, '2026-02-25 03:28:48', '2026-02-25 03:28:48', NULL),
(2575, 103, 4, NULL, NULL, NULL, '2026-02-25 03:28:48', '2026-02-25 03:28:48', NULL),
(2576, 103, 5, NULL, NULL, NULL, '2026-02-25 03:28:48', '2026-02-25 03:28:48', NULL),
(2577, 103, 6, NULL, NULL, NULL, '2026-02-25 03:28:48', '2026-02-25 03:28:48', NULL),
(2578, 103, 8, NULL, NULL, NULL, '2026-02-25 03:28:48', '2026-02-25 03:28:48', NULL),
(2579, 103, 10, NULL, NULL, NULL, '2026-02-25 03:28:48', '2026-02-25 03:28:48', NULL),
(2580, 103, 11, NULL, NULL, NULL, '2026-02-25 03:28:48', '2026-02-25 03:28:48', NULL),
(2581, 103, 12, NULL, NULL, NULL, '2026-02-25 03:28:48', '2026-02-25 03:28:48', NULL),
(2582, 103, 13, NULL, NULL, NULL, '2026-02-25 03:28:48', '2026-02-25 03:28:48', NULL),
(2583, 103, 14, NULL, NULL, NULL, '2026-02-25 03:28:48', '2026-02-25 03:28:48', NULL),
(2584, 103, 17, NULL, NULL, NULL, '2026-02-25 03:28:48', '2026-02-25 03:28:48', NULL),
(2585, 103, 18, NULL, NULL, NULL, '2026-02-25 03:28:48', '2026-02-25 03:28:48', NULL),
(2586, 103, 21, NULL, NULL, NULL, '2026-02-25 03:28:48', '2026-02-25 03:28:48', NULL),
(2587, 103, 23, NULL, NULL, NULL, '2026-02-25 03:28:48', '2026-02-25 03:28:48', NULL),
(2588, 103, 24, NULL, NULL, NULL, '2026-02-25 03:28:48', '2026-02-25 03:28:48', NULL),
(2589, 103, 26, NULL, NULL, NULL, '2026-02-25 03:28:48', '2026-02-25 03:28:48', NULL),
(2590, 103, 28, NULL, NULL, NULL, '2026-02-25 03:28:48', '2026-02-25 03:28:48', NULL),
(2591, 103, 30, NULL, NULL, NULL, '2026-02-25 03:28:48', '2026-02-25 03:28:48', NULL),
(2592, 103, 32, NULL, NULL, NULL, '2026-02-25 03:28:48', '2026-02-25 03:28:48', NULL),
(2593, 103, 34, NULL, NULL, NULL, '2026-02-25 03:28:48', '2026-02-25 03:28:48', NULL),
(2594, 103, 35, NULL, NULL, NULL, '2026-02-25 03:28:48', '2026-02-25 03:28:48', NULL),
(2595, 103, 36, NULL, NULL, NULL, '2026-02-25 03:28:48', '2026-02-25 03:28:48', NULL),
(2596, 103, 37, NULL, NULL, NULL, '2026-02-25 03:28:48', '2026-02-25 03:28:48', NULL),
(2597, 103, 38, NULL, NULL, NULL, '2026-02-25 03:28:48', '2026-02-25 03:28:48', NULL),
(2598, 103, 39, NULL, NULL, NULL, '2026-02-25 03:28:48', '2026-02-25 03:28:48', NULL),
(2599, 103, 40, NULL, NULL, NULL, '2026-02-25 03:28:48', '2026-02-25 03:28:48', NULL);

-- --------------------------------------------------------

--
-- Table structure for table `entertainment_views`
--

CREATE TABLE `entertainment_views` (
  `id` bigint(20) UNSIGNED NOT NULL,
  `entertainment_id` int(11) DEFAULT NULL,
  `user_id` int(11) DEFAULT NULL,
  `profile_id` int(11) DEFAULT NULL,
  `created_by` int(10) UNSIGNED DEFAULT NULL,
  `updated_by` int(10) UNSIGNED DEFAULT NULL,
  `deleted_by` int(10) UNSIGNED DEFAULT NULL,
  `created_at` timestamp NULL DEFAULT NULL,
  `updated_at` timestamp NULL DEFAULT NULL,
  `deleted_at` timestamp NULL DEFAULT NULL
) ENGINE=InnoDB DEFAULT CHARSET=utf8mb4 COLLATE=utf8mb4_unicode_ci;

--
-- Dumping data for table `entertainment_views`
--

INSERT INTO `entertainment_views` (`id`, `entertainment_id`, `user_id`, `profile_id`, `created_by`, `updated_by`, `deleted_by`, `created_at`, `updated_at`, `deleted_at`) VALUES
(1, 99, 4, 4, NULL, NULL, NULL, '2026-01-14 22:20:49', '2026-02-21 14:38:29', NULL),
(2, 95, 5, 5, NULL, NULL, NULL, '2024-04-12 01:26:39', '2024-04-12 01:26:39', NULL),
(3, 35, 6, 6, NULL, NULL, NULL, '2024-05-12 01:26:46', '2024-05-12 01:26:46', NULL),
(4, 49, 7, 7, NULL, NULL, NULL, '2024-07-12 01:27:19', '2024-07-12 01:27:19', NULL),
(5, 69, 3, 3, NULL, NULL, NULL, '2024-06-12 01:27:44', '2024-06-12 01:27:44', NULL),
(6, 76, 8, 8, NULL, NULL, NULL, '2024-04-12 01:27:44', '2024-04-12 01:27:44', NULL),
(7, 89, 9, 9, NULL, NULL, NULL, '2026-02-22 23:46:23', '2026-02-17 09:38:53', NULL),
(8, 102, 10, 10, NULL, NULL, NULL, '2024-05-12 01:27:44', '2024-05-12 01:27:44', NULL),
(9, 94, 11, 11, NULL, NULL, NULL, '2026-01-26 02:08:54', '2026-01-05 20:40:39', NULL),
(10, 22, 12, 12, NULL, NULL, NULL, '2024-06-20 01:27:44', '2024-06-20 01:27:44', NULL),
(11, 25, 13, 13, NULL, NULL, NULL, '2024-01-01 01:27:44', '2024-01-01 01:27:44', NULL),
(12, 35, 4, 4, NULL, NULL, NULL, '2026-01-10 21:05:41', '2026-02-05 23:20:32', NULL),
(13, 40, 5, 5, NULL, NULL, NULL, '2024-02-20 01:27:44', '2024-02-20 01:27:44', NULL),
(14, 55, 6, 6, NULL, NULL, NULL, '2024-01-12 01:27:44', '2024-01-12 01:27:44', NULL),
(15, 62, 7, 7, NULL, NULL, NULL, '2026-01-18 07:47:42', '2026-01-07 22:54:57', NULL),
(16, 68, 3, 3, NULL, NULL, NULL, '2024-04-12 01:27:44', '2024-04-12 01:27:44', NULL),
(17, 75, 10, 10, NULL, NULL, NULL, '2026-01-19 16:26:44', '2026-01-07 11:25:10', NULL),
(18, 83, 12, 12, NULL, NULL, NULL, '2024-09-12 01:27:44', '2024-09-12 01:27:44', NULL),
(19, 89, 13, 13, NULL, NULL, NULL, '2024-10-12 01:27:44', '2024-10-12 01:27:44', NULL),
(20, 93, 15, 15, NULL, NULL, NULL, '2026-02-23 12:04:28', '2026-01-21 04:45:36', NULL),
(21, 99, 4, 4, NULL, NULL, NULL, '2024-09-12 01:27:44', '2024-09-12 01:27:44', NULL),
(22, 101, 5, 5, NULL, NULL, NULL, '2026-02-02 23:40:23', '2026-02-12 19:21:01', NULL),
(23, 102, 12, 12, NULL, NULL, NULL, '2026-01-21 22:13:08', '2026-01-18 06:06:57', NULL),
(24, 4, 3, 3, NULL, NULL, NULL, '2026-01-16 17:44:16', '2026-02-24 20:47:03', NULL),
(25, 6, 4, 4, NULL, NULL, NULL, '2026-02-07 09:21:32', '2026-01-08 10:06:55', NULL),
(26, 1, 5, 5, NULL, NULL, NULL, '2026-01-26 11:47:16', '2026-01-17 22:08:26', NULL),
(27, 8, 6, 6, NULL, NULL, NULL, '2026-02-03 05:11:24', '2026-02-04 21:45:16', NULL),
(28, 10, 7, 7, NULL, NULL, NULL, '2026-01-06 07:20:28', '2026-01-08 18:33:41', NULL),
(29, 17, 8, 8, NULL, NULL, NULL, '2026-01-07 11:14:39', '2026-02-03 00:32:58', NULL),
(30, 9, 9, 9, NULL, NULL, NULL, '2026-02-20 16:53:02', '2026-02-04 20:50:22', NULL),
(31, 12, 10, 10, NULL, NULL, NULL, '2026-02-05 16:15:51', '2026-02-17 07:17:20', NULL),
(32, 14, 10, 10, NULL, NULL, NULL, '2026-02-18 04:27:07', '2026-01-25 19:12:52', NULL),
(33, 20, 10, 10, NULL, NULL, NULL, '2026-02-19 16:19:27', '2026-01-11 22:59:19', NULL);

-- --------------------------------------------------------

--
-- Table structure for table `episodes`
--

CREATE TABLE `episodes` (
  `id` bigint(20) UNSIGNED NOT NULL,
  `name` varchar(191) DEFAULT NULL,
  `poster_url` text DEFAULT NULL,
  `entertainment_id` bigint(20) UNSIGNED DEFAULT NULL,
  `season_id` bigint(20) UNSIGNED DEFAULT NULL,
  `trailer_url_type` varchar(191) DEFAULT NULL,
  `trailer_url` text DEFAULT NULL,
  `access` varchar(191) DEFAULT NULL,
  `plan_id` bigint(20) UNSIGNED DEFAULT NULL,
  `IMDb_rating` varchar(191) DEFAULT NULL,
  `content_rating` longtext DEFAULT NULL,
  `duration` varchar(191) DEFAULT NULL,
  `start_time` time DEFAULT NULL,
  `end_time` time DEFAULT NULL,
  `release_date` date DEFAULT NULL,
  `is_restricted` tinyint(1) NOT NULL DEFAULT 0,
  `short_desc` longtext DEFAULT NULL,
  `description` longtext DEFAULT NULL,
  `enable_quality` tinyint(1) NOT NULL DEFAULT 0,
  `video_upload_type` varchar(191) DEFAULT NULL,
  `video_url_input` text DEFAULT NULL,
  `download_status` tinyint(1) NOT NULL DEFAULT 0,
  `download_type` varchar(191) DEFAULT NULL,
  `download_url` text DEFAULT NULL,
  `enable_download_quality` tinyint(1) NOT NULL DEFAULT 0,
  `status` tinyint(1) NOT NULL DEFAULT 0,
  `created_by` int(10) UNSIGNED DEFAULT NULL,
  `updated_by` int(10) UNSIGNED DEFAULT NULL,
  `deleted_by` int(10) UNSIGNED DEFAULT NULL,
  `video_quality_url` text DEFAULT NULL,
  `tmdb_id` varchar(191) DEFAULT NULL,
  `tmdb_season` varchar(191) DEFAULT NULL,
  `episode_number` varchar(191) DEFAULT NULL,
  `created_at` timestamp NULL DEFAULT NULL,
  `updated_at` timestamp NULL DEFAULT NULL,
  `deleted_at` timestamp NULL DEFAULT NULL,
  `poster_tv_url` text DEFAULT NULL,
  `price` decimal(8,2) DEFAULT NULL,
  `purchase_type` varchar(191) DEFAULT NULL,
  `access_duration` int(11) DEFAULT NULL,
  `discount` varchar(191) DEFAULT NULL,
  `available_for` int(11) DEFAULT NULL,
  `enable_subtitle` tinyint(1) NOT NULL DEFAULT 0,
  `subtitle_file` varchar(191) DEFAULT NULL,
  `subtitle_language` varchar(191) DEFAULT NULL,
  `is_default_subtitle` tinyint(1) NOT NULL DEFAULT 0,
  `meta_title` varchar(191) DEFAULT NULL,
  `meta_keywords` varchar(191) DEFAULT NULL,
  `meta_description` text DEFAULT NULL,
  `seo_image` varchar(191) DEFAULT NULL,
  `google_site_verification` varchar(191) DEFAULT NULL,
  `canonical_url` varchar(191) DEFAULT NULL,
  `short_description` text DEFAULT NULL,
  `slug` text DEFAULT NULL,
  `bunny_trailer_url` text DEFAULT NULL,
  `bunny_video_url` text DEFAULT NULL
) ENGINE=InnoDB DEFAULT CHARSET=utf8mb4 COLLATE=utf8mb4_unicode_ci;

--
-- Dumping data for table `episodes`
--

INSERT INTO `episodes` (`id`, `name`, `poster_url`, `entertainment_id`, `season_id`, `trailer_url_type`, `trailer_url`, `access`, `plan_id`, `IMDb_rating`, `content_rating`, `duration`, `start_time`, `end_time`, `release_date`, `is_restricted`, `short_desc`, `description`, `enable_quality`, `video_upload_type`, `video_url_input`, `download_status`, `download_type`, `download_url`, `enable_download_quality`, `status`, `created_by`, `updated_by`, `deleted_by`, `video_quality_url`, `tmdb_id`, `tmdb_season`, `episode_number`, `created_at`, `updated_at`, `deleted_at`, `poster_tv_url`, `price`, `purchase_type`, `access_duration`, `discount`, `available_for`, `enable_subtitle`, `subtitle_file`, `subtitle_language`, `is_default_subtitle`, `meta_title`, `meta_keywords`, `meta_description`, `seo_image`, `google_site_verification`, `canonical_url`, `short_description`, `slug`, `bunny_trailer_url`, `bunny_video_url`) VALUES
(1, 'S1 E1 The Awakening', 's1_e1_the_awakening_thumb.png', 1, 1, 'YouTube', 'https://youtu.be/7_MJp5AbSwA?si=Mtx9h0wlxtn4o_2Q', 'free', NULL, NULL, 'TV-MA (Mature Audiences)', '02:56', NULL, NULL, '2019-04-23', 1, 'A series of mysterious events awaken an ancient evil. 😱', 'The team must uncover the truth behind these occurrences before it\'s too late. A series of mysterious events awaken an ancient evil. 😱', 0, 'YouTube', 'https://youtu.be/mBYGUn6Q7tQ?si=2ijlo4497ab-ZMpU', 0, NULL, NULL, 0, 1, NULL, NULL, NULL, NULL, NULL, NULL, '1', '2026-02-25 03:28:50', '2026-02-25 03:28:50', NULL, 's1_e1_the_awakening_thumb.png', NULL, NULL, NULL, NULL, NULL, 0, NULL, NULL, 0, NULL, NULL, NULL, NULL, NULL, NULL, NULL, 's1-e1-the-awakening', NULL, NULL),
(2, 'S1 E2 The Haunted', 's1_e2_the_haunted_thumb.png', 1, 1, 'YouTube', 'https://www.youtube.com/watch?v=mBYGUn6Q7tQ&t=17s', 'free', NULL, NULL, 'TV-MA (Mature Audiences)', '05:13', NULL, NULL, '2019-04-24', 1, 'The team discovers a haunted house with a dark secret. 🏚️', 'As they explore, they encounter terrifying apparitions and uncover the house\'s grim history. The team discovers a haunted house with a dark secret. 🏚️', 0, 'YouTube', 'https://youtu.be/oZDzZNm4k6M?si=Hv33WihW-44xFvkm', 0, NULL, NULL, 0, 1, NULL, NULL, NULL, NULL, NULL, NULL, '2', '2026-02-25 03:28:50', '2026-02-25 03:28:50', NULL, 's1_e1_the_awakening_thumb.png', NULL, NULL, NULL, NULL, NULL, 0, NULL, NULL, 0, NULL, NULL, NULL, NULL, NULL, NULL, NULL, 's1-e2-the-haunted', NULL, NULL),
(3, 'S1 E3 The Possession', 's1_e3_the_possession_thumb.png', 1, 1, 'YouTube', 'https://www.youtube.com/watch?v=mBYGUn6Q7tQ&t=17s', 'free', NULL, '1', 'TV-MA (Mature Audiences)', '02:09', NULL, NULL, '2019-04-25', 1, 'One of the investigators becomes possessed by a malevolent spirit. 👻', 'The team struggles to save their friend and find a way to expel the dark force. One of the investigators becomes possessed by a malevolent spirit. 👻', 0, 'YouTube', 'https://youtu.be/ng9BW-vQ_2k?si=z-uDACI2iFie0-HY', 0, NULL, NULL, 0, 1, NULL, NULL, NULL, NULL, NULL, NULL, '3', '2026-02-25 03:28:50', '2026-02-25 03:28:50', NULL, 's1_e3_the_possession_thumb.png', NULL, NULL, NULL, NULL, NULL, 0, NULL, NULL, 0, NULL, NULL, NULL, NULL, NULL, NULL, NULL, 's1-e3-the-possession', NULL, NULL),
(4, 'S1 E4 The Ritual', 's1_e4_the_ritual_thumb.png', 1, 1, 'YouTube', 'https://www.youtube.com/watch?v=mBYGUn6Q7tQ&t=17s', 'pay-per-view', NULL, '2', 'TV-MA (Mature Audiences)', '03:20', NULL, NULL, '2019-04-26', 1, 'The team uncovers a ritual that could banish the evil entity. 🕯️', 'The team uncovers a ritual that could banish the evil entity. They must perform it correctly amidst mounting supernatural threats. 🕯️', 0, 'YouTube', 'https://youtu.be/M6EMl7HPw6M?si=b5GV20LyRV6xd5Cn', 0, NULL, NULL, 0, 1, NULL, NULL, NULL, NULL, NULL, NULL, '4', '2026-02-25 03:28:50', '2026-02-25 03:28:50', NULL, 's1_e4_the_ritual_thumb.png', 40.00, 'onetime', NULL, '10', 20, 0, NULL, NULL, 0, NULL, NULL, NULL, NULL, NULL, NULL, NULL, 's1-e4-the-ritual', NULL, NULL),
(5, 'S1 E5 The Final Confrontation', 's1_e5_the_final_confrontation_thumb.png', 1, 1, 'YouTube', 'https://www.youtube.com/watch?v=mBYGUn6Q7tQ&t=17s', 'pay-per-view', NULL, '3', 'TV-MA (Mature Audiences)', '03:28', NULL, NULL, '2019-04-27', 1, 'A climactic battle to defeat the ancient evil once and for all. ⚔️', 'A climactic battle to defeat the ancient evil once and for all. The team faces their greatest challenge yet, risking everything to save humanity. ⚔️', 0, 'YouTube', 'https://youtu.be/WHBOBgDTLak?si=zrUg1McYVIr9POWc', 0, NULL, NULL, 0, 1, NULL, NULL, NULL, NULL, NULL, NULL, '5', '2026-02-25 03:28:50', '2026-02-25 03:28:50', NULL, 's1_e5_the_final_confrontation_thumb.png', 40.00, 'onetime', NULL, '10', 20, 0, NULL, NULL, 0, NULL, NULL, NULL, NULL, NULL, NULL, NULL, 's1-e5-the-final-confrontation', NULL, NULL),
(6, 'S2 E1 The Return', 's2_e1_the_return_thumb.png', 1, 2, 'YouTube', 'https://youtu.be/1sCBEzxF_K4?si=B-rZUby9EXaMWkKD', 'free', NULL, '4', 'TV-MA (Mature Audiences)', '02:43', NULL, NULL, '2019-06-08', 1, 'The ancient evil returns, more powerful than ever. 🔥', 'The ancient evil returns, more powerful than ever. The team must regroup and devise a new plan to confront this formidable foe. 🔥', 0, 'YouTube', 'https://youtu.be/_U7wKRtf8C4?si=nGKAxMOgs9YDMEPq', 0, NULL, NULL, 0, 1, NULL, NULL, NULL, NULL, NULL, NULL, '1', '2026-02-25 03:28:50', '2026-02-25 03:28:50', NULL, 's2_e1_the_return_thumb.png', NULL, NULL, NULL, NULL, NULL, 0, NULL, NULL, 0, NULL, NULL, NULL, NULL, NULL, NULL, NULL, 's2-e1-the-return', NULL, NULL),
(7, 'S2 E2 The Darkness Within', 's2_e2_the_darkness_within_thumb.png', 1, 2, 'YouTube', 'https://youtu.be/_U7wKRtf8C4?si=nGKAxMOgs9YDMEPq', 'free', NULL, '5', 'TV-MA (Mature Audiences)', '04:08', NULL, NULL, '2019-06-09', 1, 'The team faces their darkest fears and inner demons. 🌑', 'The team faces their darkest fears and inner demons. As they battle the rising shadows, personal struggles threaten to tear them apart. 🌑', 0, 'YouTube', 'https://youtu.be/1sCBEzxF_K4?si=B-rZUby9EXaMWkKD', 0, NULL, NULL, 0, 1, NULL, NULL, NULL, NULL, NULL, NULL, '2', '2026-02-25 03:28:50', '2026-02-25 03:28:50', NULL, 's2_e2_the_darkness_within_thumb.png', NULL, NULL, NULL, NULL, NULL, 0, NULL, NULL, 0, NULL, NULL, NULL, NULL, NULL, NULL, NULL, 's2-e2-the-darkness-within', NULL, NULL),
(8, 'S2 E3 The Last Stand', 's2_e3_the_last_stand_thumb.png', 1, 2, 'YouTube', 'https://youtu.be/_U7wKRtf8C4?si=nGKAxMOgs9YDMEPq', 'pay-per-view', NULL, '6', 'TV-MA (Mature Audiences)', '03:53', NULL, NULL, '2019-06-10', 1, 'A desperate struggle to save humanity from eternal darkness. 🛡️', 'A desperate struggle to save humanity from eternal darkness. The team unites for a final stand, determined to vanquish the evil once and for all. 🛡️', 0, 'YouTube', 'https://youtu.be/7_MJp5AbSwA?si=Mtx9h0wlxtn4o_2Q', 0, NULL, NULL, 0, 1, NULL, NULL, NULL, NULL, NULL, NULL, '3', '2026-02-25 03:28:50', '2026-02-25 03:28:50', NULL, 's2_e3_the_last_stand_thumb.png', 40.00, 'onetime', NULL, '10', 20, 0, NULL, NULL, 0, NULL, NULL, NULL, NULL, NULL, NULL, NULL, 's2-e3-the-last-stand', NULL, NULL),
(9, 'S1 E1 The Gunslinger Rides Again', 's1_e1_the_gunslinger_rides_again_thumb.png', 2, 3, 'YouTube', 'https://youtu.be/ob8iKn-gLFI?si=sUpU_bMpIDocTFZ6', 'paid', 1, '7', 'PG-13', '02:00', NULL, NULL, '2020-05-03', 0, 'A legendary gunslinger returns to a lawless town, determined to restore order and seek redemption. 🏜️💥', 'A legendary gunslinger returns to the lawless town he once fled. Haunted by his past and driven by a desire to restore order, he confronts a landscape rife with crime and corruption. As he reclaims his old territory, the townsfolk look to him as their last hope against the rampant lawlessness. But his arrival stirs up old enemies, setting the stage for a fierce struggle for control. 🌵💥', 0, 'YouTube', 'https://youtu.be/8AHMiNxUuPE?si=uUIiune3aZFQPc56', 0, NULL, NULL, 0, 1, NULL, NULL, NULL, NULL, NULL, NULL, '1', '2026-02-25 03:28:50', '2026-02-25 03:28:50', NULL, 's1_e1_the_gunslinger_rides_again_thumb.png', NULL, NULL, NULL, NULL, NULL, 0, NULL, NULL, 0, NULL, NULL, NULL, NULL, NULL, NULL, NULL, 's1-e1-the-gunslinger-rides-again', NULL, NULL),
(10, 'S1 E2 Showdown at High Noon', 's1_e2_showdown_at_high_noon_thumb.png', 2, 3, 'YouTube', 'https://youtu.be/iABaiZO5Vjs?si=-86t28oJD4cIwkY0', 'paid', 1, '8', 'PG-14', '03:25', NULL, NULL, '2020-05-10', 0, 'Tensions escalate as the gunslinger faces off against a notorious gang leader in a deadly showdown. 🕛🔥', 'The gunslinger\'s return shakes the town\'s criminal underbelly, culminating in a high-stakes showdown at high noon. The notorious gang leader, determined to maintain his grip on the town, challenges the gunslinger to a deadly duel. As the sun reaches its zenith, tensions explode in a brutal face-off that will determine the town’s future. The gunslinger must draw on all his skills and courage to survive and restore justice. 🕛🔥', 0, 'YouTube', 'https://youtu.be/XvJRBXhRBWo?si=MQ9HEGeXtrhyvi5o', 0, NULL, NULL, 0, 1, NULL, NULL, NULL, NULL, NULL, NULL, '2', '2026-02-25 03:28:50', '2026-02-25 03:28:50', NULL, 's1_e2_showdown_at_high_noon_thumb.png', NULL, NULL, NULL, NULL, NULL, 0, NULL, NULL, 0, NULL, NULL, NULL, NULL, NULL, NULL, NULL, 's1-e2-showdown-at-high-noon', NULL, NULL),
(11, 'S1 E1 Into the Enchanted Forest', 's1_e1_into_the_enchanted_forest_thumb.png', 3, 4, 'YouTube', 'https://youtu.be/G44HxQpAcI4?si=_k-CjJMC436eRDsV', 'paid', 2, '9', 'PG (Parental Guidance Suggested)', '01:25', NULL, NULL, '2021-06-09', 0, 'Raziel enters the mystical forest, beginning his heroic journey. 🌲✨', 'Raziel steps into the enchanted forest, facing magical creatures and mysterious challenges. With determination and courage, he starts his quest to rescue his friend, encountering allies and enemies along the way. 🌲✨', 0, 'YouTube', 'https://youtu.be/w2wIsq-M1Ac?si=ui48aPEbC14IbJgV', 0, NULL, NULL, 0, 1, NULL, NULL, NULL, NULL, NULL, NULL, '1', '2026-02-25 03:28:50', '2026-02-25 03:28:50', NULL, 's1_e1_into_the_enchanted_forest_thumb.png', NULL, NULL, NULL, NULL, NULL, 0, NULL, NULL, 0, NULL, NULL, NULL, NULL, NULL, NULL, NULL, 's1-e1-into-the-enchanted-forest', NULL, NULL),
(12, 'S1 E2 The Guardian\'s Challenge', 's1_e2_the_guardians_challenge_thumb.png', 3, 4, 'YouTube', 'https://youtu.be/yGkGMzupaVs?si=O0EBto49niZjBm_e', 'paid', 2, '5', 'PG (Parental Guidance Suggested)', '02:20', NULL, NULL, '2021-06-16', 0, 'Raziel must pass a trial set by the forest guardian. 🛡️🌟', 'As Raziel ventures deeper into the forest, he encounters a wise guardian who sets a challenging trial. To prove his worthiness, Raziel must solve riddles and overcome obstacles, showcasing his bravery and intelligence. 🛡️🌟', 0, 'YouTube', 'https://youtu.be/1c3O3-sVFC0?si=8rPDiNHndDz_XIa-', 0, NULL, NULL, 0, 1, NULL, NULL, NULL, NULL, NULL, NULL, '2', '2026-02-25 03:28:50', '2026-02-25 03:28:50', NULL, 's1_e2_the_guardians_challenge_thumb.png', NULL, NULL, NULL, NULL, NULL, 0, NULL, NULL, 0, NULL, NULL, NULL, NULL, NULL, NULL, NULL, 's1-e2-the-guardians-challenge', NULL, NULL),
(13, 'S2 E1 The Hidden Fortress', 's2_e1_the_hidden_fortress_thumb.png', 3, 5, 'YouTube', 'https://youtu.be/0R3YS_k6a5E?si=k1-dG2Wqap3vkvGQ', 'paid', 2, '6', 'PG (Parental Guidance Suggested)', '01:05', NULL, NULL, '2021-07-08', 0, 'Raziel discovers Gothel\'s secret fortress and plans his next move. 🏰🔍', 'Raziel uncovers the location of Gothel\'s hidden fortress, a dark and formidable structure. With newfound allies, he devises a daring plan to infiltrate the fortress and rescue his friend, facing greater dangers than ever before. 🏰🔍', 0, 'YouTube', 'https://youtu.be/M2aTryFM6Kg?si=aK8poGJaCpbR5J86', 0, NULL, NULL, 0, 1, NULL, NULL, NULL, NULL, NULL, NULL, '1', '2026-02-25 03:28:50', '2026-02-25 03:28:50', NULL, 's2_e1_the_hidden_fortress_thumb.png', NULL, NULL, NULL, NULL, NULL, 0, NULL, NULL, 0, NULL, NULL, NULL, NULL, NULL, NULL, NULL, 's2-e1-the-hidden-fortress', NULL, NULL),
(14, 'S2 E2 The Final Showdown', 's2_e2_the_final_showdown_thumb.png', 3, 5, 'YouTube', 'https://youtu.be/UwsbkXkEyOE?si=tNhFI_T6RWg77WNq', 'paid', 2, '3', 'PG (Parental Guidance Suggested)', '01:15', NULL, NULL, '2021-07-09', 0, 'Raziel confronts Gothel in an epic battle to save his friend. ⚔️🔥', 'In a climactic showdown, Raziel faces Gothel in a battle of wits and strength. With everything on the line, Raziel must summon all his courage and skills to defeat Gothel and free his friend, bringing his daring rescue mission to a thrilling conclusion. ⚔️🔥', 0, 'YouTube', 'https://youtu.be/iw_0KFjRY_Y?si=WjsPaMtnVjHO7x8N', 0, NULL, NULL, 0, 1, NULL, NULL, NULL, NULL, NULL, NULL, '2', '2026-02-25 03:28:50', '2026-02-25 03:28:50', NULL, 's2_e2_the_final_showdown_thumb.png', NULL, NULL, NULL, NULL, NULL, 0, NULL, NULL, 0, NULL, NULL, NULL, NULL, NULL, NULL, NULL, 's2-e2-the-final-showdown', NULL, NULL),
(15, 'S1 E1 The Midnight Chase', 's1_e1_the_midnight_chase_thumb.png', 4, 6, 'YouTube', 'https://youtu.be/T5UokLYVJMI?si=7DVFmcXSmf5zVGKj', 'paid', 3, '4', 'TV-MA (Mature Audiences)', '02:18', NULL, NULL, '2022-08-05', 1, 'Detective Black tracks a vital lead through the dark city streets. 🌃🚔', 'The Midnight Chase plunges viewers into a heart-pounding pursuit through the city. Detective Black, following a crucial lead, navigates the underbelly of the metropolis, facing danger at every turn. As he gets closer to uncovering The Phantom’s next move, the stakes grow higher, and the chase more perilous. 🌃🚔', 0, 'YouTube', 'https://youtu.be/DwXrfN_-GuE?si=v4uz4roJylb8w3tx', 0, NULL, NULL, 0, 1, NULL, NULL, NULL, NULL, NULL, NULL, '1', '2026-02-25 03:28:50', '2026-02-25 03:28:50', NULL, 's1_e1_the_midnight_chase_thumb.png', NULL, NULL, NULL, NULL, NULL, 0, NULL, NULL, 0, NULL, NULL, NULL, NULL, NULL, NULL, NULL, 's1-e1-the-midnight-chase', NULL, NULL),
(16, 'S1 E2 Web of Deceit', 's1_e2_web_of_deceit_thumb.png', 4, 6, 'YouTube', 'https://youtu.be/T5UokLYVJMI?si=7DVFmcXSmf5zVGKj', 'paid', 3, '5', 'TV-MA (Mature Audiences)', '01:10', NULL, NULL, '2022-08-07', 1, 'A tangled web of lies puts Detective Black in grave danger. 🕸️⚠️', 'In Web of Deceit, Detective Black uncovers a complex network of deception that threatens his mission. With allies turning into enemies and truth entwined with lies, he must tread carefully to avoid deadly traps. The episode is a thrilling exploration of trust, betrayal, and the relentless quest for justice. 🕸️⚠️', 0, 'YouTube', 'https://youtu.be/alT7IxwYd6U?si=hmf8B75acVelyLS3', 0, NULL, NULL, 0, 1, NULL, NULL, NULL, NULL, NULL, NULL, '2', '2026-02-25 03:28:50', '2026-02-25 03:28:50', NULL, 's1_e2_web_of_deceit_thumb.png', NULL, NULL, NULL, NULL, NULL, 0, NULL, NULL, 0, NULL, NULL, NULL, NULL, NULL, NULL, NULL, 's1-e2-web-of-deceit', NULL, NULL),
(17, 'S2 E1 Shadows in the Dark', 's2_e1_shadows_in_the_dark_thumb.png', 4, 7, 'YouTube', 'https://youtu.be/N5d16cUKqu0?si=xGfISG2Yw1ho9bzj', 'paid', 3, '9', 'TV-MA (Mature Audiences)', '01:08', NULL, NULL, '2022-08-09', 1, 'Detective Black uncovers hidden clues in the darkest corners of the city. 🕵️‍♂️🌑', 'In Shadows in the Dark, Detective Black ventures into the most dangerous and obscure parts of the city to uncover hidden clues that could lead to The Phantom. As he navigates through abandoned buildings and forgotten alleyways, he encounters unexpected allies and faces deadly ambushes. Each discovery brings him closer to understanding The Phantom\'s master plan, but the journey is fraught with peril and intrigue. 🕵️‍♂️🌑', 0, 'YouTube', 'https://youtu.be/EiHzphCFBqE?si=OfKTr8nEozYOd5wP', 0, NULL, NULL, 0, 1, NULL, NULL, NULL, NULL, NULL, NULL, '1', '2026-02-25 03:28:50', '2026-02-25 03:28:50', NULL, 's2_e1_shadows_in_the_dark_thumb.png', NULL, NULL, NULL, NULL, NULL, 0, NULL, NULL, 0, NULL, NULL, NULL, NULL, NULL, NULL, NULL, 's2-e1-shadows-in-the-dark', NULL, NULL),
(18, 'S1 E1 The Haunted Arrival', 's1_e1_the_haunted_arrival_thumb.png', 5, 8, 'YouTube', 'https://youtu.be/bX-PTsk0SPQ?si=joyPGPGvhXxxRi2o', 'paid', 4, '7', 'TV-MA (Mature Audiences)', '02:08', NULL, NULL, '2023-09-14', 1, 'New residents experience eerie occurrences as they settle into their home. 🏚️👀', 'In The Haunted Arrival, a new family moves into an old mansion in Ravenwood, unaware of the horrors that await them. Strange noises, ghostly apparitions, and unexplainable events soon plague their daily lives. As they seek help from locals, they begin to unravel the mansion\'s dark past and the malevolent spirit that resides within. 🏚️👀', 0, 'YouTube', 'https://youtu.be/mPtCeemqdE0?si=vfZgZoBE4QPdlfp4', 0, NULL, NULL, 0, 1, NULL, NULL, NULL, NULL, NULL, NULL, '1', '2026-02-25 03:28:50', '2026-02-25 03:28:50', NULL, 's1_e1_the_haunted_arrival_thumb.png', NULL, NULL, NULL, NULL, NULL, 0, NULL, NULL, 0, NULL, NULL, NULL, NULL, NULL, NULL, NULL, 's1-e1-the-haunted-arrival', NULL, NULL),
(19, 'S1 E2 Echoes of the Past', 's1_e2_echoes_of_the_past_thumb.png', 5, 8, 'YouTube', 'https://youtu.be/V6wWKNij_1M?si=T0CX05U6pKcEyyOM', 'paid', 4, '5', 'TV-MA (Mature Audiences)', '03:08', NULL, NULL, '2023-09-15', 1, 'Residents uncover hidden secrets in an old diary that leads to terrifying revelations. 📖😱', 'Echoes of the Past follows the residents as they find an old diary hidden in the mansion\'s attic. The diary reveals chilling accounts of previous inhabitants and the horrors they faced. As they read further, the current residents realize that the malevolent spirit is more powerful and dangerous than they imagined. With each page, the terror escalates, bringing them closer to the truth and deeper into danger. 📖😱', 0, 'YouTube', 'https://youtu.be/2ODO6tIIzN0?si=2mobmPhb3V_vS58g', 0, NULL, NULL, 0, 1, NULL, NULL, NULL, NULL, NULL, NULL, '2', '2026-02-25 03:28:50', '2026-02-25 03:28:50', NULL, 's1_e2_echoes_of_the_past_thumb.png', NULL, NULL, NULL, NULL, NULL, 0, NULL, NULL, 0, NULL, NULL, NULL, NULL, NULL, NULL, NULL, 's1-e2-echoes-of-the-past', NULL, NULL),
(20, 'S1 E3 Whispers in the Shadows', 's1_e3_whispers_in_the_shadows_thumb.png', 5, 8, 'YouTube', 'https://youtu.be/7FfGW-2dpx8?si=ed1gFGTajO5jkQ0t', 'paid', 4, '2', 'TV-MA (Mature Audiences)', '04:08', NULL, NULL, '2023-09-22', 1, 'Mysterious voices haunt the residents of Ravenwood, foretelling ominous events. 🗣️🌑', 'Whispers in the Shadows explores the unsettling phenomenon plaguing Ravenwood\'s inhabitants as eerie voices echo through the town, hinting at dark and foreboding events to come. As paranoia grips the community and tensions rise, the residents must decipher the cryptic messages before they fall prey to the malevolent forces lurking in the shadows. The episode unravels layers of fear and intrigue, pushing the characters to confront their deepest fears in a race against time to uncover the truth behind the whispered omens. 🗣️🌑', 0, 'YouTube', 'https://youtu.be/2ul2vOA39cU?si=jrg8Y0eur17V8A8r', 0, NULL, NULL, 0, 1, NULL, NULL, NULL, NULL, NULL, NULL, '3', '2026-02-25 03:28:50', '2026-02-25 03:28:50', NULL, 's1_e3_whispers_in_the_shadows_thumb.png', NULL, NULL, NULL, NULL, NULL, 0, NULL, NULL, 0, NULL, NULL, NULL, NULL, NULL, NULL, NULL, 's1-e3-whispers-in-the-shadows', NULL, NULL),
(21, 'S2 E1 The Return of Darkness', 's2_e1_the_return_of_darkness_thumb.png', 5, 9, 'YouTube', 'https://youtu.be/2X7G6p-oNG8?si=m0TREbT6RB_rppT_', 'paid', 4, '3', 'TV-MA (Mature Audiences)', '05:08', NULL, NULL, '2023-11-03', 1, 'Dark forces grow stronger, and the town faces renewed terror. 🖤🕯️', 'In The Return of Darkness, the malevolent forces in Ravenwood grow even stronger, casting a deeper shadow over the town. The residents, now aware of the historical curses, find themselves facing new and more terrifying manifestations. As they fight to protect their loved ones, they uncover more about the nature of the darkness that plagues their home. 🖤🕯️', 0, 'YouTube', 'https://youtu.be/Bfdirk3dCew?si=MVE2OfPUWhjY7bQX', 0, NULL, NULL, 0, 1, NULL, NULL, NULL, NULL, NULL, NULL, '1', '2026-02-25 03:28:50', '2026-02-25 03:28:50', NULL, 's2_e1_the_return_of_darkness_thumb.png', NULL, NULL, NULL, NULL, NULL, 0, NULL, NULL, 0, NULL, NULL, NULL, NULL, NULL, NULL, NULL, 's2-e1-the-return-of-darkness', NULL, NULL),
(22, 'S2 E2 The Shadow\'s Grasp', 's2_e2_the_shadows_grasp_thumb.png', 5, 9, 'YouTube', 'https://youtu.be/IuqaXBFS0ug?si=Gz7n0cIeja5gCuOu', 'paid', 4, '6', 'TV-MA (Mature Audiences)', '06:08', NULL, NULL, '2023-11-10', 1, 'The town\'s residents struggle against the encroaching darkness as secrets come to light. 🌑🖤', 'In The Shadow\'s Grasp, the encroaching darkness begins to engulf Ravenwood, causing widespread fear and chaos. As the town\'s residents fight to survive, they uncover more secrets about the malevolent forces and their connection to the town\'s history. The episode highlights their desperate attempts to combat the evil while dealing with personal sacrifices and unexpected revelations. 🌑🖤', 0, 'YouTube', 'https://youtu.be/9ZXFaaQJb0c?si=mErWWDpqEFzijyRA', 0, NULL, NULL, 0, 1, NULL, NULL, NULL, NULL, NULL, NULL, '2', '2026-02-25 03:28:50', '2026-02-25 03:28:50', NULL, 's2_e2_the_shadows_grasp_thumb.png', NULL, NULL, NULL, NULL, NULL, 0, NULL, NULL, 0, NULL, NULL, NULL, NULL, NULL, NULL, NULL, 's2-e2-the-shadows-grasp', NULL, NULL),
(23, 'S1 E1 The Silent Witness', 's1_e1_the_silent_witness_thumb.png', 6, 10, 'YouTube', 'https://youtu.be/em1ec7BZHJw?si=MSD31eT22XrZ7ohu', 'free', NULL, '1', 'TV-MA (Mature Audiences)', '03:28', NULL, NULL, '2024-01-11', 1, 'Investigator Reed finds a crucial clue from an unexpected silent witness. 🕵️‍♂️🔎', 'In The Silent Witness, Investigator Reed discovers a crucial clue from an unexpected source — a silent witness whose testimony could unravel the mystery. As he pieces together the information, he uncovers a pattern that points to a much larger conspiracy. The episode is filled with tension and the slow, deliberate uncovering of hidden truths. 🕵️‍♂️🔎', 0, 'YouTube', 'https://youtu.be/_2un1aU7mT0?si=Ztan6plG7Is5osDt', 0, NULL, NULL, 0, 1, NULL, NULL, NULL, NULL, NULL, NULL, '1', '2026-02-25 03:28:50', '2026-02-25 03:28:50', NULL, 's1_e1_the_silent_witness_thumb.png', NULL, NULL, NULL, NULL, NULL, 0, NULL, NULL, 0, NULL, NULL, NULL, NULL, NULL, NULL, NULL, 's1-e1-the-silent-witness', NULL, NULL),
(24, 'S1 E2 Web of Lies', 's1_e2_web_of_lies_thumb.png', 6, 10, 'YouTube', 'https://youtu.be/m1J8sqBex18?si=SqY0DIpLR7Lr13Sk', 'pay-per-view', NULL, '6', 'TV-MA (Mature Audiences)', '02:43', NULL, NULL, '2024-01-18', 1, 'Reed navigates a tangled web of lies to find the truth behind a high-profile crime. 🕸️⚖️', 'Web of Lies sees Investigator Reed diving deep into a complex network of deception surrounding a high-profile crime. As he navigates through false leads and deceitful informants, he gets closer to the truth, but also finds himself in greater danger. The episode is a thrilling exploration of the lengths people will go to keep their secrets hidden. 🕸️⚖️', 0, 'YouTube', 'https://youtu.be/epVRE3nWWAg?si=pLxJXbcPhmIuLYe0', 0, NULL, NULL, 0, 1, NULL, NULL, NULL, NULL, NULL, NULL, '2', '2026-02-25 03:28:50', '2026-02-25 03:28:50', NULL, 's1_e2_web_of_lies_thumb.png', 10.00, 'rental', 5, '10', 20, 0, NULL, NULL, 0, NULL, NULL, NULL, NULL, NULL, NULL, NULL, 's1-e2-web-of-lies', NULL, NULL),
(25, 'S1 E3 The Hidden Code', 's1_e3_the_hidden_code_thumb.png', 6, 10, 'YouTube', 'https://youtu.be/SjkcA2ZCmDU?si=F9hJLcsxVvJCfDta', 'pay-per-view', NULL, '4', 'TV-MA (Mature Audiences)', '03:20', NULL, NULL, '2024-01-25', 1, 'Reed deciphers a cryptic code that leads him closer to the heart of the conspiracy. 🔍🗝️', 'In The Hidden Code, Investigator Reed discovers a cryptic code embedded in seemingly unrelated pieces of evidence. As he deciphers the code, it leads him closer to the heart of the conspiracy, revealing connections he never expected. The episode is a thrilling blend of puzzle-solving and suspense, as Reed races against time to stay ahead of those who would do anything to keep the secrets hidden. 🔍🗝️', 0, 'YouTube', 'https://youtu.be/-WzB5wqpkbg?si=snkkYmtcH9TuuUEb', 0, NULL, NULL, 0, 1, NULL, NULL, NULL, NULL, NULL, NULL, '3', '2026-02-25 03:28:50', '2026-02-25 03:28:50', NULL, 's1_e3_the_hidden_code_thumb.png', 10.00, 'rental', 5, '10', 20, 0, NULL, NULL, 0, NULL, NULL, NULL, NULL, NULL, NULL, NULL, 's1-e3-the-hidden-code', NULL, NULL),
(26, 'S1 E1 Echoes of the Emerald', 's1_e1_echoes_of_the_emerald_thumb.png', 7, 11, 'YouTube', 'https://youtu.be/7VXOHmaTd7g?si=Qjm-q92VPXnVG5NN', 'paid', 1, '2', 'TV-MA (Mature Audiences)', '03:28', NULL, NULL, '2024-02-01', 0, 'Emily is drawn into Oz after receiving cryptic messages, discovering that her grandmother’s past is not just a story, but a nightmare waiting for her.', 'Emily Gale receives mysterious messages linked to her grandmother’s past, leading her to a cursed book left behind by Dorothy. Curious yet fearful, she follows the clues, only to find herself trapped in a decaying version of Oz. There, she is haunted by visions of a once-great land, now overrun with dangerous shadows and monstrous creatures. As she struggles to understand her grandmother’s connection to the forgotten world, Emily realizes that her fate is intertwined with the horrors that now lurk within. 🌪️📜🖤', 0, 'YouTube', 'https://youtu.be/A5fBmZHgcT0?si=n8vuYfPWIsQCkMwg', 0, NULL, NULL, 0, 1, NULL, NULL, NULL, NULL, NULL, NULL, '1', '2026-02-25 03:28:50', '2026-02-25 03:28:50', NULL, 's1_e1_echoes_of_the_emerald_thumb.png', NULL, NULL, NULL, NULL, NULL, 0, NULL, NULL, 0, NULL, NULL, NULL, NULL, NULL, NULL, NULL, 's1-e1-echoes-of-the-emerald', NULL, NULL),
(27, 'S1 E2 The Curse Unveiled', 's1_e2_the_curse_unveiled_thumb.png', 7, 11, 'YouTube', 'https://youtu.be/H0u8yO9kiAA?si=V__ZIHm_Pu3yCqI8', 'paid', 1, '7', 'TV-MA (Mature Audiences)', '02:43', NULL, NULL, '2024-02-08', 0, 'Emily encounters a mysterious figure from her grandmother’s past, who reveals the true nature of the curse that haunts the Gale family.', 'Emily comes face to face with a figure who claims to have fought alongside her grandmother, Dorothy, in a battle to contain the dark forces of Oz. This stranger reveals the shocking truth: Dorothy never truly defeated the evil lurking in Oz; she merely contained it. Now, with Dorothy gone, the evil has been unleashed again, and it is hungry for revenge. Emily learns that her journey is not just one of survival, but of destiny. As the darkness grows around her, Emily must decide whether to embrace her family’s legacy or fall victim to the curse. 🌑🔮🖋️', 0, 'YouTube', 'https://youtu.be/7-Sy9azQIC8?si=fFrb5lgs0BTcLzs6', 0, NULL, NULL, 0, 1, NULL, NULL, NULL, NULL, NULL, NULL, '2', '2026-02-25 03:28:50', '2026-02-25 03:28:50', NULL, 's1_e2_the_curse_unveiled_thumb.png', NULL, NULL, NULL, NULL, NULL, 0, NULL, NULL, 0, NULL, NULL, NULL, NULL, NULL, NULL, NULL, 's1-e2-the-curse-unveiled', NULL, NULL),
(28, 'S2 E1 The Forgotten Kingdom', 's2_e1_the_forgotten_kingdom_thumb.png', 7, 12, 'YouTube', 'https://youtu.be/PI4Z7t3AZ5E?si=QNKYohZ1ZgLol_OP', 'paid', 1, '9', 'TV-MA (Mature Audiences)', '03:20', NULL, NULL, '2024-02-11', 0, 'Emily stumbles upon the ruins of the Emerald City, where she faces her first true battle against the creatures of Oz and uncovers a shocking revelation about her grandmother.', '\"The Forgotten Kingdom\" sees Emily journey deeper into the haunted lands of Oz, where she discovers the ruins of the once-glorious Emerald City. The streets are empty, and the city’s vibrant green glow has faded into a lifeless grey. As she explores the eerie remnants of the kingdom, Emily encounters dangerous creatures—twisted versions of the characters her grandmother once knew. In a harrowing battle, she is forced to rely on her instincts and newfound strength. Amid the chaos, Emily uncovers a hidden journal that reveals secrets about Dorothy’s time in Oz and the real reason behind the family curse. 🏰🌲⚔️', 0, 'YouTube', 'https://youtu.be/-I2mVPRZ2_c?si=rb2c2k8wXRepTp5v', 0, NULL, NULL, 0, 1, NULL, NULL, NULL, NULL, NULL, NULL, '1', '2026-02-25 03:28:50', '2026-02-25 03:28:50', NULL, 's2_e1_the_forgotten_kingdom_thumb.png', NULL, NULL, NULL, NULL, NULL, 0, NULL, NULL, 0, NULL, NULL, NULL, NULL, NULL, NULL, NULL, 's2-e1-the-forgotten-kingdom', NULL, NULL),
(29, 'S1 E1 The New Moon', 's1_e1_the_new_moon_thumb.png', 8, 13, 'YouTube', 'https://youtu.be/MAFsRmx6pPo?si=CJjoeRbHVtKJt9oC', 'free', NULL, '8', 'TV-MA (Mature Audiences)', '03:28', NULL, NULL, '2024-02-15', 0, '🌑 Maddy’s life takes a dramatic turn when she meets Rhydian, a boy with an unknown connection to her wolfblood pack.', '🌑 Maddy, a confident young wolfblood, is used to keeping her secret hidden from the world. But everything changes when a new boy, Rhydian, arrives at her school. He smells like her pack, yet he’s completely unaware of his wolfblood nature. Suspicious and intrigued, Maddy decides to uncover his secrets, leading her into a world of danger she never expected. Will Rhydian accept his true identity, or will his rebellious streak threaten them both? 🐺⚔️', 0, 'YouTube', 'https://youtu.be/cYCcnV0YO1U?si=ZLrL3UVoHmf9JY4V', 0, NULL, NULL, 0, 1, NULL, NULL, NULL, NULL, NULL, NULL, '1', '2026-02-25 03:28:50', '2026-02-25 03:28:50', NULL, 's1_e1_the_new_moon_thumb.png', NULL, NULL, NULL, NULL, NULL, 0, NULL, NULL, 0, NULL, NULL, NULL, NULL, NULL, NULL, NULL, 's1-e1-the-new-moon', NULL, NULL),
(30, 'S1 E2 Pack Bonds', 's1_e2_pack_bonds_thumb.png', 8, 13, 'YouTube', 'https://youtu.be/GKq7QlNz3CA?si=E6fnSD4CvpEPcMu7', 'pay-per-view', NULL, '4', 'TV-MA (Mature Audiences)', '02:43', NULL, NULL, '2024-02-15', 0, '🐺 Rhydian struggles to come to terms with his new reality as Maddy tries to teach him the ways of the wolfbloods.', '🐺 As Rhydian begins to process the truth about his wolfblood heritage, Maddy steps in to guide him through the transformation process. But things aren’t easy—Rhydian’s rebellious nature causes friction, and the dangers of exposure grow as strange happenings around town raise suspicion. With hunters lurking nearby, Maddy must help Rhydian quickly adapt, or they’ll both risk the safety of their pack. Bonds of trust will be tested, and survival depends on their ability to work together. 🌕🔥👣', 0, 'YouTube', 'https://youtu.be/2c1X2wmqxZs?si=-BhAYJvr_f8AUpGj', 0, NULL, NULL, 0, 1, NULL, NULL, NULL, NULL, NULL, NULL, '2', '2026-02-25 03:28:50', '2026-02-25 03:28:50', NULL, 's1_e2_pack_bonds_thumb.png', 10.00, 'rental', 5, '10', 20, 0, NULL, NULL, 0, NULL, NULL, NULL, NULL, NULL, NULL, NULL, 's1-e2-pack-bonds', NULL, NULL),
(31, 'S1 E1 Call of the Ancestors', 's1_e1_call_of_the_ancestors_thumb.png', 9, 14, 'YouTube', 'https://youtu.be/iJkspWwwZLM?si=chtl8vdmLqPNKPfE', 'free', NULL, '6', 'TV-MA (Mature Audiences)', '03:08', NULL, NULL, '2024-02-20', 0, '🌿 As invaders approach, tribal leaders must decide whether to unite or face destruction alone.', '🌿 In the opening episode, the tribes are scattered and in disarray. When the threat of invaders looms on the horizon, ancient prophecies begin to unfold. A young warrior from the Mountain Tribe receives a vision from his ancestors, urging him to unite the tribes. However, distrust and rivalry run deep among the leaders. As the invaders draw nearer, the tribes must decide whether to join forces or perish alone. The episode sets the stage for the epic struggle ahead, filled with suspense, political intrigue, and the first hints of war. ⚔️🌄🔥', 0, 'YouTube', 'https://youtu.be/VOwUgraDBFI?si=1IUq1nOWZzSogcE8', 0, NULL, NULL, 0, 1, NULL, NULL, NULL, NULL, NULL, NULL, '1', '2026-02-25 03:28:50', '2026-02-25 03:28:50', NULL, 's1_e1_call_of_the_ancestors_thumb.png', NULL, NULL, NULL, NULL, NULL, 0, NULL, NULL, 0, NULL, NULL, NULL, NULL, NULL, NULL, NULL, 's1-e1-call-of-the-ancestors', NULL, NULL),
(32, 'S1 E2 Forging Alliances', 's1_e2_forging_alliances_thumb.png', 9, 14, 'YouTube', 'https://youtu.be/6sxnOLRGkhw?si=WrBfEDVah3Z-vFwO', 'pay-per-view', NULL, '9', 'TV-MA (Mature Audiences)', '04:02', NULL, NULL, '2024-02-21', 0, 'Tribes unite to protect their sacred land from invaders, forging a timeless legacy of courage and unity. 🛡️🔥🌄', 'Amidst the rugged terrain of ancient lands, many tribes rise against the threats that seek to desecrate their sacred homeland. As they fight to preserve their heritage, their bravery and unity carve an enduring legacy that will resonate through the ages. 🐺🌟⚔️', 0, 'YouTube', 'https://youtu.be/o0OkTEK9KKs?si=BDW4TC4uDF7VluOz', 0, NULL, NULL, 0, 1, NULL, NULL, NULL, NULL, NULL, NULL, '2', '2026-02-25 03:28:50', '2026-02-25 03:28:50', NULL, 's1_e2_forging_alliances_thumb.png', 10.00, 'rental', 5, '10', 20, 0, NULL, NULL, 0, NULL, NULL, NULL, NULL, NULL, NULL, NULL, 's1-e2-forging-alliances', NULL, NULL),
(33, 'S1 E1 The Final Watch', 's1_e1_the_final_watch_thumb.png', 10, 15, 'YouTube', 'https://youtu.be/QROfT5dT_yQ?si=jt4LxdBIIe5h7xY_', 'paid', 4, '4', 'TV-MA (Mature Audiences)', '02:50', NULL, NULL, '2024-03-01', 0, 'During the Indo-Pak War, \"The Final Watch\" follows a sniper and his spotter grappling with moral dilemmas as they hunt their enemies amidst intense conflict. 🎯', 'In \"The Final Watch,\" set against the backdrop of the Indo-Pak War, a sniper and his spotter are embroiled in a moral struggle while navigating the battlefield. The film delves into the complexities of war, showcasing suspense, drama, and a hauntingly beautiful soundtrack that resonates with the film\'s themes of sacrifice and duty. 🎖️🔥', 0, 'YouTube', 'https://youtu.be/JEKCMP3w9zs?si=psaIC0wKC3akDOqp', 0, NULL, NULL, 0, 1, NULL, NULL, NULL, NULL, NULL, NULL, '1', '2026-02-25 03:28:50', '2026-02-25 03:28:50', NULL, 's1_e1_the_final_watch_thumb.png', NULL, NULL, NULL, NULL, NULL, 0, NULL, NULL, 0, NULL, NULL, NULL, NULL, NULL, NULL, NULL, 's1-e1-the-final-watch', NULL, NULL),
(34, 'S1 E2 The Silent Marksman', 's1_e2_the_silent_marksman_thumb.png', 10, 15, 'YouTube', 'https://youtu.be/s2-1hz1juBI?si=OG5eOFO6QnSfLiFb', 'paid', 4, '6', 'TV-MA (Mature Audiences)', '03:45', NULL, NULL, '2024-03-08', 0, 'In \"The Silent Marksman,\" a sniper and his spotter face a moral dilemma while hunting their enemies during the Indo-Pak War, set against a dramatic and suspenseful backdrop. 🎯', 'The Silent Marksman follows a sniper and his spotter as they navigate the complexities of war during the Indo-Pak conflict. As they engage in high-stakes combat, they must confront their own moral questions and the harsh realities of their mission. With a gripping narrative and a poignant musical score, the film provides a deep exploration of duty and sacrifice. 🎖️💔', 0, 'YouTube', 'https://youtu.be/AWuxeDm1SGA?si=5rZ3rc4LnLYtmJ2u', 0, NULL, NULL, 0, 1, NULL, NULL, NULL, NULL, NULL, NULL, '2', '2026-02-25 03:28:50', '2026-02-25 03:28:50', NULL, 's1_e2_the_silent_marksman_thumb.png', NULL, NULL, NULL, NULL, NULL, 0, NULL, NULL, 0, NULL, NULL, NULL, NULL, NULL, NULL, NULL, 's1-e2-the-silent-marksman', NULL, NULL),
(35, 'S1 E3 Last Stand: Retreat of Valor', 's1_e3_last_stand_retreat_of_valor_thumb.png', 10, 15, 'YouTube', 'https://youtu.be/hf8EYbVxtCY?si=ayaY0YZtZu4seFnF', 'paid', 4, '8', 'TV-MA (Mature Audiences)', '04:15', NULL, NULL, '2024-03-15', 0, 'Abandoned by their retreating army, a group of soldiers makes a heroic last stand in the face of danger. 🛡️🔥', 'Last Stand: Retreat of Valor follows a brave group of German soldiers who are left stranded after their army retreats. As they face betrayal, relentless enemies, and dwindling supplies, they must summon their inner strength and make their final stand in a war-torn battlefield. 🛡️🔥⚔️', 0, 'YouTube', 'https://youtu.be/PdxPlbKFkaM?si=H_nwgJKc4Ioqj1tR', 0, NULL, NULL, 0, 1, NULL, NULL, NULL, NULL, NULL, NULL, '3', '2026-02-25 03:28:50', '2026-02-25 03:28:50', NULL, 's1_e3_last_stand_retreat_of_valor_thumb.png', NULL, NULL, NULL, NULL, NULL, 0, NULL, NULL, 0, NULL, NULL, NULL, NULL, NULL, NULL, NULL, 's1-e3-last-stand-retreat-of-valor', NULL, NULL),
(36, 'S1 E1 The Battle of PT-76', 's1_e1_the_battle_of_pt_76_thumb.png', 11, 16, 'YouTube', 'https://youtu.be/5dTtuN5BceI?si=rQukzFVuulLJY3K4', 'free', NULL, '4', 'TV-MA (Mature Audiences)', '05:20', NULL, NULL, '2024-03-16', 0, 'Captain Balram Singh Mehta’s heroic efforts with the Indian 45 Cavalry during the 1971 Indo-Pakistani War, leading the charge for Bangladesh’s independence. 🚩🌟', 'The Battle of PT-76 tells the gripping story of Captain Balram Singh Mehta and his regiment as they engage in crucial battles during the 1971 Indo-Pakistani War. Named after the amphibious PT-76 tank, the film showcases Mehta’s rise to prominence as he navigates the trials of war and strives to secure Bangladesh\'s freedom. A tale of valor and dedication, underscoring a significant historical moment. 🏆🚀', 0, 'YouTube', 'https://youtu.be/vAp-9i4mFBQ?si=53kE_c6K8fftINMb', 0, NULL, NULL, 0, 1, NULL, NULL, NULL, NULL, NULL, NULL, '1', '2026-02-25 03:28:50', '2026-02-25 03:28:50', NULL, 's1_e1_the_battle_of_pt_76_thumb.png', NULL, NULL, NULL, NULL, NULL, 0, NULL, NULL, 0, NULL, NULL, NULL, NULL, NULL, NULL, NULL, 's1-e1-the-battle-of-pt-76', NULL, NULL),
(37, 'S1 E2 Apocalypse Vault', 's1_e2_apocalypse_vault_thumb.png', 11, 16, 'YouTube', 'https://youtu.be/HHJkUQGm2H8?si=ciuK8Jd5Mp4vyHTe', 'pay-per-view', NULL, '7', 'TV-MA (Mature Audiences)', '06:45', NULL, NULL, '2024-03-17', 0, 'A crew of mercenaries must pull off an impossible heist in a zombie-infested Las Vegas before the city is nuked. 🧟‍♂️🔥💵', 'A group of elite thieves is tasked with infiltrating a walled-off, zombie-overrun Las Vegas to retrieve $200 million. With the clock ticking and deadly Alpha zombies closing in, this high-stakes mission becomes a race for survival. 🧟‍♂️🔥💣💵', 0, 'YouTube', 'https://youtu.be/iwA8ooWRNBs?si=JqXh28NIx2Dgk8aA', 0, NULL, NULL, 0, 1, NULL, NULL, NULL, NULL, NULL, NULL, '2', '2026-02-25 03:28:50', '2026-02-25 03:28:50', NULL, 's1_e2_apocalypse_vault_thumb.png', 10.00, 'rental', 5, '10', 20, 0, NULL, NULL, 0, NULL, NULL, NULL, NULL, NULL, NULL, NULL, 's1-e2-apocalypse-vault', NULL, NULL),
(38, 'S1 E1 Depths of Discovery', 's1_e1_depths_of_discovery_thumb.png', 12, 17, 'YouTube', 'https://youtu.be/rze8QYwWGMs?si=UQIYYM4LQtxLTILi', 'paid', 1, '1', 'TV-MA (Mature Audiences)', '03:10', NULL, NULL, '2024-04-13', 0, 'The team descends into the Earth’s core, unveiling ancient secrets and battling unknown forces in their quest to unlock the mysteries of the planet\'s inner depths. 🌋🌪️', 'A thrilling expedition into the Earth’s core unearths a dangerous, ancient world in this action-packed adventure. 🌍⚒️ In \"Depths of Discovery,\" a scientist, his curious nephew, and an experienced mountain guide descend into the earth’s core on a daring mission to find his missing brother. What awaits them is an extraordinary world filled with prehistoric creatures, uncharted landscapes, and unknown dangers. Their journey turns into a heart-pounding adventure of survival and self-discovery. 🌍🦕⚒️', 0, 'YouTube', 'https://youtu.be/M6h5AS971hY?si=T7Sf0Gjetp_7Ld2C', 0, NULL, NULL, 0, 1, NULL, NULL, NULL, NULL, NULL, NULL, '1', '2026-02-25 03:28:50', '2026-02-25 03:28:50', NULL, 's1_e1_depths_of_discovery_thumb.png', NULL, NULL, NULL, NULL, NULL, 0, NULL, NULL, 0, NULL, NULL, NULL, NULL, NULL, NULL, NULL, 's1-e1-depths-of-discovery', NULL, NULL),
(39, 'S1 E2 Into the Earth\'s Core', 's1_e2_into_the_earths_core_thumb.png', 12, 17, 'YouTube', 'https://youtu.be/jzQn0-WH4WM?si=BLrfsFpVGzCttbRF', 'paid', 1, '6', 'TV-MA (Mature Audiences)', '04:15', NULL, NULL, '2024-04-14', 0, 'A scientist and his companions uncover a dangerous lost world hidden beneath the Earth\'s surface, fighting to survive in an epic action-adventure. 🌋🦕', 'Into the Earth\'s Core follows a group of explorers as they delve into the unknown in search of a missing brother. What begins as a scientific quest soon transforms into a perilous journey, where danger lurks around every corner and survival is far from guaranteed. Facing monstrous creatures and earth-shattering discoveries, they must push beyond their limits to make it back alive. 🌋⚠️🦖', 0, 'YouTube', 'https://youtu.be/gkBEd41mOIo?si=yItQlzbz60lijY9m', 0, NULL, NULL, 0, 1, NULL, NULL, NULL, NULL, NULL, NULL, '2', '2026-02-25 03:28:50', '2026-02-25 03:28:50', NULL, 's1_e2_into_the_earths_core_thumb.png', NULL, NULL, NULL, NULL, NULL, 0, NULL, NULL, 0, NULL, NULL, NULL, NULL, NULL, NULL, NULL, 's1-e2-into-the-earths-core', NULL, NULL),
(40, 'S1 E3 Clash of Empires', 's1_e3_clash_of_empires_thumb.png', 12, 17, 'YouTube', 'https://youtu.be/rFq52e7wYws?si=n4XnFfiHBI3pBko4', 'paid', 1, '3', 'PG (Parental Guidance Suggested)', '02:50', NULL, NULL, '2024-04-15', 0, 'Clash of Empires unfolds in a world torn apart by conflict between rival factions. The Alliance and Horde engage in a fierce struggle, with legendary warriors, powerful magic, and unstoppable armies driving the chaos. 🏰⚔️💥', 'The ultimate battle for supremacy erupts as two powerful factions clash in a world-altering war. 🏰💥⚔️', 0, 'YouTube', 'https://youtu.be/AWuxeDm1SGA?si=5rZ3rc4LnLYtmJ2u', 0, NULL, NULL, 0, 1, NULL, NULL, NULL, NULL, NULL, NULL, '3', '2026-02-25 03:28:50', '2026-02-25 03:28:50', NULL, 's1_e3_clash_of_empires_thumb.png', NULL, NULL, NULL, NULL, NULL, 0, NULL, NULL, 0, NULL, NULL, NULL, NULL, NULL, NULL, NULL, 's1-e3-clash-of-empires', NULL, NULL),
(41, 'S1 E1 Cutting Edge Chaos', 's1_e1_cutting_edge_chaos_thumb.png', 13, 18, 'YouTube', 'https://youtu.be/hSxLUd8aly4?si=ishR_1RLpsgRm1R_', 'paid', 3, '1', 'PG (Parental Guidance Suggested)', '03:20', NULL, NULL, '2024-04-28', 1, 'The Razor\'s Edge - A janitor-turned-barber accidentally stumbles into a world of espionage, where every haircut leads to explosive action. ✂️🕶️💣', 'When an unsuspecting janitor, Jack, is mistaken for the new barber at an underground espionage hideout, he’s thrust into a whirlwind of high-octane action. Armed only with barber tools, Jack must fight off international spies and uncover hidden secrets, all while delivering the sharpest haircuts of his life. ✂️💣🕵️‍♂️💥', 0, 'YouTube', 'https://youtu.be/OthBEy73VQ4?si=PdWE8bicX90lhHKb', 0, NULL, NULL, 0, 1, NULL, NULL, NULL, NULL, NULL, NULL, '1', '2026-02-25 03:28:50', '2026-02-25 03:28:50', NULL, 's1_e1_cutting_edge_chaos_thumb.png', NULL, NULL, NULL, NULL, NULL, 0, NULL, NULL, 0, NULL, NULL, NULL, NULL, NULL, NULL, NULL, 's1-e1-cutting-edge-chaos', NULL, NULL),
(42, 'S1 E2 Snip & Strike', 's1_e2_snip_strike_thumb.png', 13, 18, 'YouTube', 'https://youtu.be/OxLQZVmKWEo?si=RYQIiu7LQpnSfdRf', 'paid', 3, '4', 'PG (Parental Guidance Suggested)', '03:28', NULL, NULL, '2024-04-29', 1, 'A hairstylist becomes an unlikely hero as he battles criminals in a salon over a hidden microchip. Snips turn into strikes in this thrilling action adventure! ✂️🕶️⚔️', 'Leo, a mild-mannered hairstylist, is forced to become a hero when a gang of criminals invade his salon, looking for a hidden microchip that could change the world. Using only his barber skills and quick wit, Leo must outsmart the villains and save the day, turning an ordinary haircut into a high-stakes showdown. ✂️💥💈🕵️‍♂️', 0, 'YouTube', 'https://youtu.be/13FLawVtwSc?si=Wsdj4GsSHoCq0VsP', 0, NULL, NULL, 0, 1, NULL, NULL, NULL, NULL, NULL, NULL, '2', '2026-02-25 03:28:50', '2026-02-25 03:28:50', NULL, 's1_e2_snip_strike_thumb.png', NULL, NULL, NULL, NULL, NULL, 0, NULL, NULL, 0, NULL, NULL, NULL, NULL, NULL, NULL, NULL, 's1-e2-snip-strike', NULL, NULL),
(43, 'S1 E3 The Barber\'s Edge', 's1_e3_the_barbers_edge_thumb.png', 13, 18, 'YouTube', 'https://youtu.be/-Qv6p6pTz5I?si=aeaLICb9s9VAgl4W', 'paid', 3, '5', 'PG (Parental Guidance Suggested)', '02:43', NULL, NULL, '2024-04-30', 1, 'Mr. Cool must defend his barbershop and secret hair formula from enemy agents, using only his quirky charm and barber tools. ✂️💣💇‍♂️', 'Mr. Cool is unwittingly caught in a conspiracy involving a top-secret hair formula hidden in his barbershop. Chaos ensues when rival agents and dangerous criminals come after him, forcing Bean to fight back using only barber tools and his incredible knack for slapstick combat. ✂️🕶️💣💇‍♂️', 0, 'YouTube', 'https://youtu.be/QTli1HU9axY?si=wgvnUQBuY2rVXJn0', 0, NULL, NULL, 0, 1, NULL, NULL, NULL, NULL, NULL, NULL, '3', '2026-02-25 03:28:50', '2026-02-25 03:28:50', NULL, 's1_e3_the_barbers_edge_thumb.png', NULL, NULL, NULL, NULL, NULL, 0, NULL, NULL, 0, NULL, NULL, NULL, NULL, NULL, NULL, NULL, 's1-e3-the-barbers-edge', NULL, NULL),
(44, 'S1 E4 Cut to the Chase', 's1_e4_cut_to_the_chase_thumb.png', 13, 18, 'YouTube', 'https://youtu.be/dKkT8_RGDYg?si=4gdepK-sTlGcxcPw', 'paid', 3, '6', 'PG (Parental Guidance Suggested)', '03:08', NULL, NULL, '2024-05-01', 1, 'Mr. Bean\'s bad haircut turns into a wild chase as he accidentally gets involved in a spy mission, running from both criminals and the law! ✂️🚗🔥', 'Cut to the Chase sees Mr. Bean accidentally tangled in an international spy ring when a client he gives a terrible haircut to turns out to be a wanted criminal. Now, with both criminals and law enforcement after him, Bean must dodge bullets and hair clippers as he races through the city in his Mini, turning every barber shop into a battleground. 🚗✂️🕶️🔥', 0, 'YouTube', 'https://youtu.be/kSGrk5gVkmM?si=YJbvb2tBrC490XKe', 0, NULL, NULL, 0, 1, NULL, NULL, NULL, NULL, NULL, NULL, '4', '2026-02-25 03:28:50', '2026-02-25 03:28:50', NULL, 's1_e4_cut_to_the_chase_thumb.png', NULL, NULL, NULL, NULL, NULL, 0, NULL, NULL, 0, NULL, NULL, NULL, NULL, NULL, NULL, NULL, 's1-e4-cut-to-the-chase', NULL, NULL),
(45, 'S2 E1 Blade Runner: Salon Showdown', 's2_e1_blade_runner_salon_showdown_thumb.png', 13, 19, 'YouTube', 'https://youtu.be/7mT8El4mBVw?si=QURW5DdZ0HMm1wOm', 'paid', 3, '9', 'PG (Parental Guidance Suggested)', '03:20', NULL, NULL, '2024-05-02', 1, 'Ethan, a former special ops agent turned barber, is pulled back into action when his old nemesis resurfaces, targeting his salon as the front for a dangerous arms deal. 💈✂️💥🕵️‍♂️', 'A retired special ops agent turned barber must fend off a criminal syndicate using only his skills and tools in an epic salon showdown. ✂️💣💈', 0, 'YouTube', 'https://youtu.be/FG3ohfDASao?si=urEsRJhkQmg5YDI4', 0, NULL, NULL, 0, 1, NULL, NULL, NULL, NULL, NULL, NULL, '1', '2026-02-25 03:28:50', '2026-02-25 03:28:50', NULL, 's2_e1_blade_runner_salon_showdown_thumb.png', NULL, NULL, NULL, NULL, NULL, 0, NULL, NULL, 0, NULL, NULL, NULL, NULL, NULL, NULL, NULL, 's2-e1-blade-runner-salon-showdown', NULL, NULL),
(46, 'S2 E2 Lens Lunacy: The Great Camera Caper', 's2_e2_lens_lunacy_the_great_camera_caper_thumb.png', 13, 19, 'YouTube', 'https://youtu.be/eH7EyPs_Va8?si=BRcgB15dMbdoEj7G', 'paid', 3, '5', 'PG (Parental Guidance Suggested)', '04:15', NULL, NULL, '2024-05-03', 1, 'When a beloved camera goes missing, a well-meaning but hapless amateur sleuth takes on the challenge of finding it. With a mix of slapstick humor and endearing blunders, he navigates through a series of comedic escapades, learning that sometimes laughter is the best tool for solving a mystery. 📸🎭🔎', 'A bumbling detective’s quest to recover his stolen camera turns into a comedy of errors and mishaps. 📷😂🕵️‍♂️', 0, 'YouTube', 'https://youtu.be/UD-22FD3GQo?si=ROszF3zF7jHwcBgb', 0, NULL, NULL, 0, 1, NULL, NULL, NULL, NULL, NULL, NULL, '2', '2026-02-25 03:28:50', '2026-02-25 03:28:50', NULL, 's2_e2_lens_lunacy_the_great_camera_caper_thumb.png', NULL, NULL, NULL, NULL, NULL, 0, NULL, NULL, 0, NULL, NULL, NULL, NULL, NULL, NULL, NULL, 's2-e2-lens-lunacy-the-great-camera-caper', NULL, NULL),
(47, 'S1 E1 Waves of the Past', 's1_e1_waves_of_the_past_thumb.png', 14, 20, 'YouTube', 'https://youtu.be/xqzR_h3_84c?si=bpYToPY4e4uZ76oV', 'free', NULL, '7', 'TV-MA (Mature Audiences)', '06:45', NULL, NULL, '2024-05-02', 0, 'A legendary football star confronts his past mistakes while teaching a group of kids the fundamentals of baseball. As he learns from their determination, he starts to see life in a new light. ⚾🏆🌊', 'In \"Waves of the Past\", the star athlete, once a pro football legend, takes on the daunting task of coaching a ragtag team of kids in baseball. With little experience in the sport, he struggles to connect with the kids, haunted by his own past failures. As the children begin to open up to him, the waves of his past mistakes start to surface, pushing him to face the life lessons he’s avoided for years. In teaching the kids how to win on the field, he learns valuable lessons on how to find redemption and inner strength. ⚾🏆🌊', 0, 'YouTube', 'https://youtu.be/XbP-Mc1RDEg?si=RFJqHSXMUkvCfmnZ', 0, NULL, NULL, 0, 1, NULL, NULL, NULL, NULL, NULL, NULL, '1', '2026-02-25 03:28:50', '2026-02-25 03:28:50', NULL, 's1_e1_waves_of_the_past_thumb.png', NULL, NULL, NULL, NULL, NULL, 0, NULL, NULL, 0, NULL, NULL, NULL, NULL, NULL, NULL, NULL, 's1-e1-waves-of-the-past', NULL, NULL);
INSERT INTO `episodes` (`id`, `name`, `poster_url`, `entertainment_id`, `season_id`, `trailer_url_type`, `trailer_url`, `access`, `plan_id`, `IMDb_rating`, `content_rating`, `duration`, `start_time`, `end_time`, `release_date`, `is_restricted`, `short_desc`, `description`, `enable_quality`, `video_upload_type`, `video_url_input`, `download_status`, `download_type`, `download_url`, `enable_download_quality`, `status`, `created_by`, `updated_by`, `deleted_by`, `video_quality_url`, `tmdb_id`, `tmdb_season`, `episode_number`, `created_at`, `updated_at`, `deleted_at`, `poster_tv_url`, `price`, `purchase_type`, `access_duration`, `discount`, `available_for`, `enable_subtitle`, `subtitle_file`, `subtitle_language`, `is_default_subtitle`, `meta_title`, `meta_keywords`, `meta_description`, `seo_image`, `google_site_verification`, `canonical_url`, `short_description`, `slug`, `bunny_trailer_url`, `bunny_video_url`) VALUES
(48, 'S1 E2 Pit Stops and Breakdowns', 's1_e2_pit_stops_and_breakdowns_thumb.png', 14, 20, 'YouTube', 'https://youtu.be/pRH5u5lpArQ?si=ld4xRo9ELtLQXzbN', 'free', NULL, NULL, 'TV-MA (Mature Audiences)', '03:10', NULL, NULL, '2024-05-04', 0, 'After a tough start, the coach faces new challenges both on and off the field. When things fall apart, the kids teach him that the journey is just as important as the destination. 🛠️⚾🛑', 'In \"Pit Stops and Breakdowns\", the coach’s frustration reaches a breaking point as the baseball team faces multiple setbacks during their early training sessions. Off the field, his personal life begins to unravel, mirroring the chaos on the diamond. The kids, however, show him that perseverance, even through small pit stops and breakdowns, is the key to success. Through their humor and resilience, the coach starts to realize that life, much like the game, is about bouncing back from mistakes and enjoying the ride, not just focusing on the final score. 🛠️⚾🛑', 0, 'YouTube', 'https://youtu.be/F2nO-6mzCF8?si=V3pk2XavKdRQSa5Z', 0, NULL, NULL, 0, 1, NULL, NULL, NULL, NULL, NULL, NULL, '2', '2026-02-25 03:28:50', '2026-02-25 03:28:50', NULL, 's1_e2_pit_stops_and_breakdowns_thumb.png', NULL, NULL, NULL, NULL, NULL, 0, NULL, NULL, 0, NULL, NULL, NULL, NULL, NULL, NULL, NULL, 's1-e2-pit-stops-and-breakdowns', NULL, NULL),
(49, 'S1 E3 Bridges and Boundaries', 's1_e3_bridges_and_boundaries_thumb.png', 14, 20, 'YouTube', 'https://youtu.be/5eQKOr6sFgk?si=aGYzXoiBPFTf1XtA', 'free', NULL, '9', 'TV-MA (Mature Audiences)', '04:15', NULL, NULL, '2024-05-06', 0, 'As relationships grow, the coach struggles with setting boundaries while building emotional bridges with the kids. Their bond becomes the key to success both on and off the field. 🌉⚾❤️', 'In \"Bridges and Boundaries\", the coach finds himself balancing the growing bond between himself and the kids, while still trying to keep professional boundaries. As the team begins to show progress, personal conflicts arise, forcing the coach to question how deeply he should involve himself in their lives. Through moments of tension and heartfelt revelations, he begins to build emotional bridges with the kids, discovering that strong relationships are the foundation of success, whether in sports or in life. As the team starts to come together, so does the coach’s understanding of what it means to truly lead and inspire. 🌉⚾❤️', 0, 'YouTube', 'https://youtu.be/nohSnrV2CgE?si=6HiPnf176gJ9VNdm', 0, NULL, NULL, 0, 1, NULL, NULL, NULL, NULL, NULL, NULL, '3', '2026-02-25 03:28:50', '2026-02-25 03:28:50', NULL, 's1_e3_bridges_and_boundaries_thumb.png', NULL, NULL, NULL, NULL, NULL, 0, NULL, NULL, 0, NULL, NULL, NULL, NULL, NULL, NULL, NULL, 's1-e3-bridges-and-boundaries', NULL, NULL),
(50, 'S1 E1 Grandpa\'s Hectic Heirlooms', 's1_e1_grandpas_hectic_heirlooms_thumb.png', 15, 21, 'YouTube', 'https://youtu.be/mJ_Tex6KT6w?si=0bhjIh5zYTZlk9EU', 'free', NULL, '4', 'TV-MA (Mature Audiences)', '02:50', NULL, NULL, '2024-06-21', 0, 'A wealthy man’s glamorous life turns chaotic with the arrival of his six lively grandchildren, leading to hilarious lessons in family values. 👴👨‍👩‍👧‍👦🤣', 'David McDoll’s posh life hits a comedic snag when he inherits six energetic grandchildren. His once-perfect world is thrown into delightful chaos as the kids upend his lavish lifestyle. Amidst the laughter and mayhem, David discovers the joys of family life and the value of putting loved ones first. 👴🎢🏡😂', 0, 'YouTube', 'https://youtu.be/4hA2ZuK5axU?si=0koN4EoSNXUXaXaH', 0, NULL, NULL, 0, 1, NULL, NULL, NULL, NULL, NULL, NULL, '1', '2026-02-25 03:28:50', '2026-02-25 03:28:50', NULL, 's1_e1_grandpas_hectic_heirlooms_thumb.png', NULL, NULL, NULL, NULL, NULL, 0, NULL, NULL, 0, NULL, NULL, NULL, NULL, NULL, NULL, NULL, 's1-e1-grandpas-hectic-heirlooms', NULL, NULL),
(51, 'S1 E2 Chaos at the McDoll Mansion', 's1_e2_chaos_at_the_mcdoll_mansion_thumb.png', 15, 21, 'YouTube', 'https://youtu.be/bgeRUptdlqU?si=xylQNW3eZdIDQ-_Y', 'free', NULL, '7', 'TV-MA (Mature Audiences)', '03:20', NULL, NULL, '2024-06-22', 0, 'A wealthy man’s life is hilariously transformed when his six grandkids turn his mansion into a comedic playground, teaching him the true meaning of family. 🏰👨‍👩‍👧‍👦😂', 'David McDoll’s opulent world is turned upside down when his six spirited grandchildren move in. From fancy cars to family feuds, the mansion becomes a whirlwind of laughter and mishaps. David’s journey from a self-absorbed tycoon to a loving grandfather is packed with humor and heart. 🏰👶🚗😂', 0, 'YouTube', 'https://youtu.be/X0K5cA2hS6g?si=dCiATYDWrJmKK86q', 0, NULL, NULL, 0, 1, NULL, NULL, NULL, NULL, NULL, NULL, '2', '2026-02-25 03:28:50', '2026-02-25 03:28:50', NULL, 's1_e2_chaos_at_the_mcdoll_mansion_thumb.png', NULL, NULL, NULL, NULL, NULL, 0, NULL, NULL, 0, NULL, NULL, NULL, NULL, NULL, NULL, NULL, 's1-e2-chaos-at-the-mcdoll-mansion', NULL, NULL),
(52, 'S1 E3 Grandpa\'s Wild Ride', 's1_e3_grandpas_wild_ride_thumb.png', 15, 21, 'YouTube', 'https://youtu.be/skl7gYRZHwE?si=kiekCHcihmEJH54D', 'free', NULL, '6', 'TV-MA (Mature Audiences)', '03:28', NULL, NULL, '2024-06-23', 0, 'Jason Kelly’s meticulously planned life takes a hilarious detour when he’s roped into driving his rambunctious grandfather, Dick, to Daytona Beach. What starts as a routine trip becomes a wild adventure full of raucous parties, unexpected encounters, and karaoke chaos. 🚗🎉🎤', 'A straight-laced groom-to-be finds his life upended by his wild grandfather’s outrageous spring break escapades, leading to a comedy-filled journey of discovery and family bonding. 🚗😂🎉', 0, 'YouTube', 'https://youtu.be/D7vcG9bHtJI?si=ndF6thZ6eEMZ79-v', 0, NULL, NULL, 0, 1, NULL, NULL, NULL, NULL, NULL, NULL, '3', '2026-02-25 03:28:50', '2026-02-25 03:28:50', NULL, 's1_e3_grandpas_wild_ride_thumb.png', NULL, NULL, NULL, NULL, NULL, 0, NULL, NULL, 0, NULL, NULL, NULL, NULL, NULL, NULL, NULL, 's1-e3-grandpas-wild-ride', NULL, NULL),
(53, 'S1 E4 Funeral Frenzy', 's1_e4_funeral_frenzy_thumb.png', 15, 21, 'YouTube', 'https://youtu.be/0Ji6i79LiL8?si=IIG3-D6Jl72oJq0_', 'free', NULL, '9', 'TV-MA (Mature Audiences)', '02:43', NULL, NULL, '2024-06-24', 0, 'A family patriarch\'s doorstep death turns into a hilarious fiasco. Amid old family feuds and a well-meaning paramedic\'s attempts to help, the funeral becomes a comedy of errors and misunderstandings, leaving everyone in stitches. 💔🚨😂', 'Funeral Frenzy kicks off with the sudden death of the estranged Jones family patriarch right on their doorstep. As a well-intentioned paramedic tries to assist, he finds himself in the midst of a whirlwind of old family feuds and unresolved conflicts. The funeral turns into a series of hilarious escapades and mishaps as the family grapples with their differences and attempts to navigate through the chaos. Prepare for a comedy of errors and family revelations that will leave everyone in stitches! 💔🎩🚨😂', 0, 'YouTube', 'https://youtu.be/JAoR9u85DQ0?si=JggaatJIEG5HxlOm', 0, NULL, NULL, 0, 1, NULL, NULL, NULL, NULL, NULL, NULL, '4', '2026-02-25 03:28:50', '2026-02-25 03:28:50', NULL, 's1_e4_funeral_frenzy_thumb.png', NULL, NULL, NULL, NULL, NULL, 0, NULL, NULL, 0, NULL, NULL, NULL, NULL, NULL, NULL, NULL, 's1-e4-funeral-frenzy', NULL, NULL),
(54, 'S1 E1 Beneath the Mask', 's1_e1_beneath_the_mask_thumb.png', 16, 22, 'YouTube', 'https://youtu.be/WTLgg8oRSBE?si=SDS3_CB0MY1zNzko', 'paid', 1, '5', 'TV-MA (Mature Audiences)', '05:20', NULL, NULL, '2024-07-10', 0, 'The journalist uncovers startling truths about the model’s hidden life, forcing both to confront the barriers they’ve built around their hearts. 🖤💔', 'In \"Beneath the Mask\", the walls of secrecy start to crumble as the journalist begins to piece together the model’s hidden past. What starts as a lighthearted romance quickly deepens into something far more complex when he learns that her seemingly glamorous life is filled with shadows and secrets. As they both struggle to maintain their facades, their growing connection forces them to confront the emotional masks they’ve been wearing. Vulnerability, fear, and longing come to the forefront in this pivotal episode, as they realize that love requires more than attraction—it demands honesty and trust. Will they be brave enough to reveal their true selves, or will their hidden lives tear them apart? 🖤💔🌹', 0, 'YouTube', 'https://youtu.be/lYyPmA_nuDE?si=aMi1KgykEpC9KDEf', 0, NULL, NULL, 0, 1, NULL, NULL, NULL, NULL, NULL, NULL, '1', '2026-02-25 03:28:50', '2026-02-25 03:28:50', NULL, 's1_e1_beneath_the_mask_thumb.png', NULL, NULL, NULL, NULL, NULL, 0, NULL, NULL, 0, NULL, NULL, NULL, NULL, NULL, NULL, NULL, 's1-e1-beneath-the-mask', NULL, NULL),
(55, 'S1 E2 Veil of Deception', 's1_e2_veil_of_deception_thumb.png', 16, 22, 'YouTube', 'https://youtu.be/2vrTz4kC6Ls?si=jzIQOzSIoExlyheH', 'paid', 1, '4', 'TV-MA (Mature Audiences)', '06:45', NULL, NULL, '2024-07-10', 0, 'The journalist’s pursuit of truth puts him on a collision course with the model’s double life, where love and betrayal walk a fine line. 💔🕵️‍♂️', 'The stakes rise as the journalist delves deeper into the model’s mysterious past, uncovering secrets that threaten to shatter the fragile bond they’ve built. As he gets closer to the truth, the model\'s carefully constructed facade begins to unravel, revealing hidden motives and unexpected connections. Torn between his desire for the woman he’s grown to care for and his instinct to expose the truth, the journalist must decide if love is worth the risk of betrayal. This episode explores the tension between trust and deceit, as both characters struggle to protect their hearts from the fallout of a love built on lies. 💔🕵️‍♂️🌹', 0, 'YouTube', 'https://youtu.be/M1J-uv6oNYg?si=_3Auidh-lwrk5ll2', 0, NULL, NULL, 0, 1, NULL, NULL, NULL, NULL, NULL, NULL, '2', '2026-02-25 03:28:50', '2026-02-25 03:28:50', NULL, 's1_e2_veil_of_deception_thumb.png', NULL, NULL, NULL, NULL, NULL, 0, NULL, NULL, 0, NULL, NULL, NULL, NULL, NULL, NULL, NULL, 's1-e2-veil-of-deception', NULL, NULL),
(56, 'S1 E3 Whispers of Her World', 's1_e3_whispers_of_her_world_thumb.png', 16, 22, 'YouTube', 'https://youtu.be/zF9YIYc0d7w?si=qy32xEf0hsJD9jyz', 'paid', 1, '3', 'TV-MA (Mature Audiences)', '03:10', NULL, NULL, '2024-07-17', 0, 'A smooth-talking journalist is shaken when a mysterious model with a secret life opens his heart, challenging him to rethink everything he believed about love.', 'A well-known womanizer who’s used to fast romances. But when he meets a beautiful model leading a double life, his world is turned upside down. Her enigma draws him in, making him reflect on his own life and what truly matters. As they unravel each other’s truths, love takes center stage in a story of redemption and transformation. 💑🎭💫', 0, 'YouTube', 'https://youtu.be/rzR3KkzKwCY?si=jJN2ZFJz2afzdeqa', 0, NULL, NULL, 0, 1, NULL, NULL, NULL, NULL, NULL, NULL, '3', '2026-02-25 03:28:50', '2026-02-25 03:28:50', NULL, 's1_e3_whispers_of_her_world_thumb.png', NULL, NULL, NULL, NULL, NULL, 0, NULL, NULL, 0, NULL, NULL, NULL, NULL, NULL, NULL, NULL, 's1-e3-whispers-of-her-world', NULL, NULL),
(57, 'S1 E4 Double Hearts', 's1_e4_double_hearts_thumb.png', 16, 22, 'YouTube', 'https://youtu.be/l3P2vrcKiXs?si=PG6Yj6Bff7KrDaeB', 'paid', 1, '6', 'TV-MA (Mature Audiences)', '04:15', NULL, NULL, '2024-07-17', 0, 'A charming celebrity journalist known for his carefree lifestyle is swept off his feet by a mysterious model. As he uncovers her secret double life, he begins to question his own choices, discovering that love may be more than just a fleeting moment. ✨💑', '“Double Hearts” tells the story of a celebrity journalist with a reputation for being a womanizer. His life takes an unexpected turn when he falls for a captivating model, only to learn she leads a double life filled with secrets. As their relationship deepens, he finds himself reevaluating his past decisions and confronting his feelings in a way he never expected. In this romantic journey of self-discovery, love proves to be more complex than he ever imagined. 🌹✨💑', 0, 'YouTube', 'https://youtu.be/H6UjfiD1iZs?si=V092vd-AZko1XB3N', 0, NULL, NULL, 0, 1, NULL, NULL, NULL, NULL, NULL, NULL, '4', '2026-02-25 03:28:50', '2026-02-25 03:28:50', NULL, 's1_e4_double_hearts_thumb.png', NULL, NULL, NULL, NULL, NULL, 0, NULL, NULL, 0, NULL, NULL, NULL, NULL, NULL, NULL, NULL, 's1-e4-double-hearts', NULL, NULL),
(58, 'S1 E1 Echoes of Guilt', 's1_e1_echoes_of_guilt_thumb.png', 17, 23, 'YouTube', 'https://youtu.be/O9i2vmFhSSY?si=YYmzH5_dw63-BeNU', 'paid', 1, '9', 'TV-MA (Mature Audiences)', '02:43', NULL, NULL, '2024-08-12', 0, 'Father James returns to Blackthorn Manor, where the memories of the tragic suicide resurface, and the first eerie signs of paranormal activity begin to haunt him. 👻⛪', 'In the series opener, \"Echoes of Guilt,\" Father James is drawn back to Blackthorn Manor after months of avoiding it. The dilapidated mansion brings back painful memories of the young girl he failed to save. As night falls, unsettling occurrences begin to unfold—whispers in the dark, shadowy figures, and chilling cold spots. James questions whether he’s losing his mind or if the spirits of the girl and her stepfather are indeed lurking in the shadows. The tension builds as he starts to sense a supernatural presence watching him, setting the stage for the terror that’s about to be unleashed. 👻🏚️🩸', 0, 'YouTube', 'https://youtu.be/HvZKVGFVT5A?si=vAazBlRh1t_rhCK0', 0, NULL, NULL, 0, 1, NULL, NULL, NULL, NULL, NULL, NULL, '1', '2026-02-25 03:28:50', '2026-02-25 03:28:50', NULL, 's1_e1_echoes_of_guilt_thumb.png', NULL, NULL, NULL, NULL, NULL, 0, NULL, NULL, 0, NULL, NULL, NULL, NULL, NULL, NULL, NULL, 's1-e1-echoes-of-guilt', NULL, NULL),
(59, 'S1 E2 The Stepfather’s Revenge', 's1_e2_the_stepfathers_revenge_thumb.png', 17, 23, 'YouTube', 'https://youtu.be/hJo91wpGrz8?si=uVKgkkeEcNQjnp1r', 'paid', 1, '4', 'TV-MA (Mature Audiences)', '03:08', NULL, NULL, '2024-08-19', 0, 'As the night deepens, Father James encounters the vengeful spirit of the stepfather, who begins to reveal dark secrets about the girl’s death and demands justice. 💀⚰️', 'In \"The Stepfather’s Revenge,\" Father James is confronted by the spirit of the girl’s violent stepfather, who accuses him of being complicit in her death. The ghostly figure torments James with cryptic messages, unsettling visions, and violent outbursts. The priest must piece together the sinister truth about the stepfather’s role in the tragedy, all while enduring terrifying hauntings that blur the line between reality and the supernatural. As the horrors escalate, James starts to unravel emotionally, grappling with his responsibility and the malevolent forces that now surround him. 🕯️💀👻', 0, 'YouTube', 'https://youtu.be/jwErAY9QjMA?si=WE3i0QOSQ7BBfe5b', 0, NULL, NULL, 0, 1, NULL, NULL, NULL, NULL, NULL, NULL, '2', '2026-02-25 03:28:50', '2026-02-25 03:28:50', NULL, 's1_e2_the_stepfathers_revenge_thumb.png', NULL, NULL, NULL, NULL, NULL, 0, NULL, NULL, 0, NULL, NULL, NULL, NULL, NULL, NULL, NULL, 's1-e2-the-stepfathers-revenge', NULL, NULL),
(60, 'S1 E3 Night of the Damned', 's1_e3_night_of_the_damned_thumb.png', 17, 23, 'YouTube', 'https://youtu.be/rZQQbtK8wHk?si=EzoFuBhf2hR7LDcG', 'paid', 1, '7', 'TV-MA (Mature Audiences)', '03:20', NULL, NULL, '2024-08-26', 0, 'Father James faces the full wrath of the spirits in a climactic battle for his life and soul, as the mansion reveals its final horrifying secrets. 🔥🩸', 'In \"Night of the Damned,\" Father James’ ordeal reaches its terrifying peak. The spirits of the girl and her stepfather become increasingly violent, unleashing supernatural chaos that threatens to consume the priest. As James fights to survive, the truth about what really happened in Blackthorn Manor is revealed in a shocking twist. The priest is forced to confront not only the spirits but his own guilt, as the lines between redemption and damnation blur. With the dawn fast approaching, James must find a way to escape the haunted mansion—or be trapped there forever. 💀🏚️🔥', 0, 'YouTube', 'https://youtu.be/nujakIrBDCU?si=cXGG42k3lquWC2It', 0, NULL, NULL, 0, 1, NULL, NULL, NULL, NULL, NULL, NULL, '3', '2026-02-25 03:28:50', '2026-02-25 03:28:50', NULL, 's1_e3_night_of_the_damned_thumb.png', NULL, NULL, NULL, NULL, NULL, 0, NULL, NULL, 0, NULL, NULL, NULL, NULL, NULL, NULL, NULL, 's1-e3-night-of-the-damned', NULL, NULL),
(61, 'S1 E1 The Blackness Project', 's1_e1_the_blackness_project_thumb.png', 18, 24, 'YouTube', 'https://youtu.be/pCMHc-IFAB0?si=vIVQzT73CoPjbEio', 'free', NULL, '9', 'TV-MA (Mature Audiences)', '06:45', NULL, NULL, '2024-09-05', 0, 'The main character starts his journey to reconnect with his African American roots, but his well-meaning white best friend’s ideas about culture lead to hilarious missteps. 🏫🎭', 'In \"The Blackness Project,\" the main character embarks on his quest to understand his African American heritage, starting with simple research into his cultural roots. His white best friend eagerly offers advice, but their attempts to engage with black culture lead to a series of funny and awkward encounters. From cultural festivals to botched conversations, their journey quickly turns into a comedic exploration of identity, misunderstandings, and unexpected revelations. Amidst the laughter, both friends begin to realize that finding one\'s cultural roots is far more complex—and amusing—than they ever imagined. 🌍🎉', 0, 'YouTube', 'https://youtu.be/DJ0_rhsljpc?si=6KwFhULBBgZ0mKEG', 0, NULL, NULL, 0, 1, NULL, NULL, NULL, NULL, NULL, NULL, '1', '2026-02-25 03:28:50', '2026-02-25 03:28:50', NULL, 's1_e1_the_blackness_project_thumb.png', NULL, NULL, NULL, NULL, NULL, 0, NULL, NULL, 0, NULL, NULL, NULL, NULL, NULL, NULL, NULL, 's1-e1-the-blackness-project', NULL, NULL),
(62, 'S1 E2 Roots and Revelations', 's1_e2_roots_and_revelations_thumb.png', 18, 24, 'YouTube', 'https://youtu.be/eazggD_i7T0?si=6Gm4KeZo4sO2kP8b', 'free', NULL, '5', 'TV-MA (Mature Audiences)', '03:10', NULL, NULL, '2024-09-12', 0, 'The families finally meet, leading to a clash of perspectives as the main character’s white liberal family and African American relatives attempt to connect, creating comedic tensions. 👪🎭', 'The main character’s worlds collide as his white adoptive family and African American relatives come together for the first time. What starts as a well-intentioned family gathering quickly spirals into chaos as differing viewpoints, cultural misunderstandings, and personal quirks lead to a series of comical mishaps. From awkward cultural references to unintentional faux pas, both families struggle to connect, making the main character question his place within both. The episode is a laugh-out-loud exploration of what happens when two families, with vastly different cultural backgrounds, attempt to come together under one roof. 🎉👫', 0, 'YouTube', 'https://youtu.be/gchPb1y3iMM?si=M1NGoZ7pbFDNTgK3', 0, NULL, NULL, 0, 1, NULL, NULL, NULL, NULL, NULL, NULL, '2', '2026-02-25 03:28:50', '2026-02-25 03:28:50', NULL, 's1_e2_roots_and_revelations_thumb.png', NULL, NULL, NULL, NULL, NULL, 0, NULL, NULL, 0, NULL, NULL, NULL, NULL, NULL, NULL, NULL, 's1-e2-roots-and-revelations', NULL, NULL),
(63, 'S1 E3 Family Fusion Frenzy', 's1_e3_family_fusion_frenzy_thumb.png', 18, 24, 'YouTube', 'https://youtu.be/7lSzGK5HR1M?si=ltOK7kx6m3IIWv2b', 'free', NULL, '6', 'TV-MA (Mature Audiences)', '04:15', NULL, NULL, '2024-09-19', 0, 'In this episode, the best friends take on an ambitious cultural project that goes hilariously wrong, bringing both families into the mix for a chaotic but heartwarming conclusion. 💥😂', 'The main character and his best friend decide to create a cultural project aimed at bringing both their families together. However, things quickly go awry as their overly ambitious ideas result in humorous disasters. From a mishandled food fusion experiment to a poorly planned family talent show, the duo\'s well-meaning efforts only heighten the chaos. The episode brings all the characters together in a whirlwind of laughter, with each family member’s quirks adding to the madness. By the end of the episode, amidst the chaos and confusion, the families share a moment of understanding and connection, realizing that despite their differences, they can laugh—and learn—together. 🎭👪', 0, 'YouTube', 'https://youtu.be/qcP2BpG4Ido?si=egp_pGrIpPMi51kH', 0, NULL, NULL, 0, 1, NULL, NULL, NULL, NULL, NULL, NULL, '3', '2026-02-25 03:28:50', '2026-02-25 03:28:50', NULL, 's1_e3_family_fusion_frenzy_thumb.png', NULL, NULL, NULL, NULL, NULL, 0, NULL, NULL, 0, NULL, NULL, NULL, NULL, NULL, NULL, NULL, 's1-e3-family-fusion-frenzy', NULL, NULL),
(64, 'S1 E1 Haunted Harmony and Sleepwalking Antics', 's1_e1_haunted_harmony_and_sleepwalking_antics_thumb.png', 19, 25, 'YouTube', 'https://youtu.be/2X7G6p-oNG8?si=Y2MRnmG1oRRQI0yV', 'free', NULL, '2', 'TV-MA (Mature Audiences)', '02:50', NULL, NULL, '2024-09-26', 0, 'When a group of friends unintentionally awakens an ancient evil, eerie harmonies and bizarre sleepwalking incidents begin to plague their lives. As the horrors intensify, the group struggles to grasp the full extent of the terror they’ve unleashed. 👻🎶', 'The group of young adults stumbles upon the cursed Necronomicon while exploring an old, abandoned mansion. Their discovery unknowingly awakens ancient, flesh-hungry demons that begin to haunt their lives in strange and terrifying ways. What starts as harmless sleepwalking and strange harmonies soon escalates into supernatural chaos. As each member of the group experiences bizarre incidents, they realize something far more sinister is lurking in the shadows. The once-peaceful atmosphere of their lives turns into a horrifying nightmare as they confront the first signs of the demonic presence they’ve unleashed. 😨📖🎵', 0, 'YouTube', 'https://youtu.be/CasA8WERLo8?si=B16VsXQTnRwn2vcc', 0, NULL, NULL, 0, 1, NULL, NULL, NULL, NULL, NULL, NULL, '1', '2026-02-25 03:28:50', '2026-02-25 03:28:50', NULL, 's1_e1_haunted_harmony_and_sleepwalking_antics_thumb.png', NULL, NULL, NULL, NULL, NULL, 0, NULL, NULL, 0, NULL, NULL, NULL, NULL, NULL, NULL, NULL, 's1-e1-haunted-harmony-and-sleepwalking-antics', NULL, NULL),
(65, 'S1 E2 Ghostly Giggles and Sleepwalking Shenanigans', 's1_e2_ghostly_giggles_and_sleepwalking_shenanigans_thumb.png', 19, 25, 'YouTube', 'https://youtu.be/smTK_AeAPHs?si=_DHZCV-kD4mjwIKd', 'free', NULL, '6', 'TV-MA (Mature Audiences)', '03:20', NULL, NULL, '2024-10-01', 0, 'A seemingly harmless sleepwalking incident spirals into chaos as the awakened demons begin to manipulate the group’s every move, using ghostly tricks to break their spirits. 🎭👹', 'After the strange events of the previous episode, the group is further tormented by sleepwalking pranks and eerie ghostly laughter that echo throughout their surroundings. The demons, now unleashed, toy with the group’s fears and insecurities, slowly breaking their mental resolve. As the sleepwalking escalates into dangerous actions, the group begins to lose control, realizing that the demonic forces are manipulating them from within. Every corner they turn, they are met with chilling laughter and ghostly pranks that remind them of the horrifying evil they’ve awakened. As the group struggles to maintain their sanity, their bond begins to crack under the relentless pressure. 👻🎶😱', 0, 'YouTube', 'https://youtu.be/FZAafmCPSjs?si=9G_CjrZlb3vwFPTC', 0, NULL, NULL, 0, 1, NULL, NULL, NULL, NULL, NULL, NULL, '2', '2026-02-25 03:28:50', '2026-02-25 03:28:50', NULL, 's1_e2_ghostly_giggles_and_sleepwalking_shenanigans_thumb.png', NULL, NULL, NULL, NULL, NULL, 0, NULL, NULL, 0, NULL, NULL, NULL, NULL, NULL, NULL, NULL, 's1-e2-ghostly-giggles-and-sleepwalking-shenanigans', NULL, NULL),
(66, 'S1 E3 Sleepwalker Shenanigans and Ghostly Giggles', 's1_e3_sleepwalker_shenanigans_and_ghostly_giggles_thumb.png', 19, 25, 'YouTube', 'https://youtu.be/Jxq13WJxLDY?si=AjKX1zULDPQ-Lqiw', 'free', NULL, '1', 'TV-MA (Mature Audiences)', '03:28', NULL, NULL, '2024-10-05', 0, 'The demonic forces step up their game, using nightmarish sleepwalking to pit the group against each other in a series of terrifying and deadly pranks. 👻🕵️‍♂️', 'The group is plunged deeper into chaos as the demons grow stronger, amplifying their control over the friends\' subconscious minds. Sleepwalking becomes a terrifying tool used by the demons to turn the group against one another. With every prank, the lines between reality and the supernatural blur, causing mistrust and paranoia to fester. The group’s attempts to break the demonic curse are foiled by increasingly dangerous antics orchestrated by the demons, who delight in their suffering. As friendships begin to fracture, the group is pushed to its limits, realizing that they are no longer just fighting supernatural forces—they are fighting for their lives. 👹🎭🔪', 0, 'YouTube', 'https://youtu.be/SX1LiKN4ZcQ?si=6uJZt7OGt6EUzHD_', 0, NULL, NULL, 0, 1, NULL, NULL, NULL, NULL, NULL, NULL, '3', '2026-02-25 03:28:50', '2026-02-25 03:28:50', NULL, 's1_e3_sleepwalker_shenanigans_and_ghostly_giggles_thumb.png', NULL, NULL, NULL, NULL, NULL, 0, NULL, NULL, 0, NULL, NULL, NULL, NULL, NULL, NULL, NULL, 's1-e3-sleepwalker-shenanigans-and-ghostly-giggles', NULL, NULL),
(67, 'S1 E4 Haunting Beneath the Luck', 's1_e4_haunting_beneath_the_luck_thumb.png', 19, 25, 'YouTube', 'https://youtu.be/bhYh4_FWxNo?si=UGh5bJqr6gta9Nhb', 'free', NULL, '2', 'TV-MA (Mature Audiences)', '02:43', NULL, NULL, '2024-10-15', 0, 'A string of unexpected fortune hides a sinister secret as the group uncovers the dark truth behind the curse, forcing them to confront the demons head-on. 🕵️‍♀️👻', 'In this chilling episode, the group experiences a bizarre twist in their fortunes—everything seems to suddenly go their way, but beneath the surface lies a terrifying truth. The demonic forces, now fully unleashed, offer the group moments of false hope, lulling them into a sense of security. However, this “luck” is nothing more than a twisted game. As they delve deeper into the mystery, the group uncovers the haunting connection between their newfound luck and the vengeful spirits they’ve awakened. With time running out and the true nature of the curse revealed, the group must face the horrifying reality of the demons’ endgame. What started as a seemingly harmless discovery has turned into a fight for their souls. 😨🍀👹', 0, 'YouTube', 'https://youtu.be/gmO2_FcfhgY?si=eu8bv_GcLKxlkXrs', 0, NULL, NULL, 0, 1, NULL, NULL, NULL, NULL, NULL, NULL, '4', '2026-02-25 03:28:50', '2026-02-25 03:28:50', NULL, 's1_e4_haunting_beneath_the_luck_thumb.png', NULL, NULL, NULL, NULL, NULL, 0, NULL, NULL, 0, NULL, NULL, NULL, NULL, NULL, NULL, NULL, 's1-e4-haunting-beneath-the-luck', NULL, NULL),
(68, 'S1 E1 Crimson Divide', 's1_e1_crimson_divide_thumb.png', 20, 26, 'YouTube', 'https://youtu.be/HO4uLABrIuc?si=_JUkCi82TFa6KaVT', 'free', NULL, '6', 'TV-MA (Mature Audiences)', '02:50', NULL, NULL, '2024-10-16', 0, 'The reunion starts with joy, but eerie signs in the wilderness begin to unsettle the group, hinting at something sinister watching them from the shadows. 😨🌲', 'The four friends—Esme, Hannah, Ben, and Shan—arrive at the remote cabin for their long-awaited reunion. At first, everything seems perfect: laughter, memories, and the beauty of the wilderness. However, subtle signs of danger emerge as strange noises, shadows in the forest, and unsettling feelings creep in. What starts as a fun getaway quickly turns into a night filled with dread. Tensions rise as the group senses that something is wrong, setting the stage for the escalating horror to come. 🌑👀', 0, 'YouTube', 'https://youtu.be/AmpLWp_9YtU?si=CfCfsRUnffhTZSgL', 0, NULL, NULL, 0, 1, NULL, NULL, NULL, NULL, NULL, NULL, '1', '2026-02-25 03:28:50', '2026-02-25 03:28:50', NULL, 's1_e1_crimson_divide_thumb.png', NULL, NULL, NULL, NULL, NULL, 0, NULL, NULL, 0, NULL, NULL, NULL, NULL, NULL, NULL, NULL, 's1-e1-crimson-divide', NULL, NULL),
(69, 'S1 E2 Torn Horizons', 's1_e2_torn_horizons_thumb.png', 20, 26, 'YouTube', 'https://youtu.be/pAxGJfEYuJI?si=usPEgPrVvANZVl8F', 'free', NULL, '3', 'TV-MA (Mature Audiences)', '03:20', NULL, NULL, '2024-10-17', 0, 'As the group struggles to make sense of the strange occurrences, secrets from their pasts begin to surface, tearing them apart emotionally while the threat outside intensifies. 💥🌳', 'In Torn Horizons, the group’s unity is tested as old wounds reopen, revealing the complicated history between the friends. Meanwhile, the eerie happenings grow more aggressive, with cryptic messages and terrifying encounters in the woods. Esme and Hannah find themselves at odds as they face their unresolved issues, while Ben and Shan uncover a clue that suggests they may not be the first visitors to fall victim to the mysterious force in the wilderness. The physical and emotional divide between them widens as they race to survive, leading to explosive confrontations and deepening suspense. 🔥🕵️‍♀️', 0, 'YouTube', 'https://youtu.be/h-Y77SQeMD4?si=OMij7ddBHRDtKwgz', 0, NULL, NULL, 0, 1, NULL, NULL, NULL, NULL, NULL, NULL, '2', '2026-02-25 03:28:50', '2026-02-25 03:28:50', NULL, 's1_e2_torn_horizons_thumb.png', NULL, NULL, NULL, NULL, NULL, 0, NULL, NULL, 0, NULL, NULL, NULL, NULL, NULL, NULL, NULL, 's1-e2-torn-horizons', NULL, NULL),
(70, 'S1 E3 Fading Light', 's1_e3_fading_light_thumb.png', 20, 26, 'YouTube', 'https://youtu.be/FXOtkvx25gI?si=iD3LrO0BIQv7Fz4d', 'free', NULL, '7', 'TV-MA (Mature Audiences)', '03:28', NULL, NULL, '2024-10-18', 0, 'With nightfall approaching and the danger closing in, the group’s hope dwindles. Desperation takes hold as they struggle to find a way out of the woods. 🌒⚔️', 'As night falls in Fading Light, the group’s fear intensifies, and they realize that their chances of survival are growing slimmer. With their escape route cut off and the presence in the woods becoming more menacing, Esme and her friends face their darkest hour. They begin to understand that they are not just being hunted but manipulated by an unseen force. As paranoia grows, the friends turn on each other, unsure of who they can trust. The chilling atmosphere of the episode creates a sense of inescapable dread, as the group struggles to find light—both literal and metaphorical—in the enveloping darkness. 🕯️🌘', 0, 'YouTube', 'https://youtu.be/nujakIrBDCU?si=cXGG42k3lquWC2It', 0, NULL, NULL, 0, 1, NULL, NULL, NULL, NULL, NULL, NULL, '3', '2026-02-25 03:28:50', '2026-02-25 03:28:50', NULL, 's1_e3_fading_light_thumb.png', NULL, NULL, NULL, NULL, NULL, 0, NULL, NULL, 0, NULL, NULL, NULL, NULL, NULL, NULL, NULL, 's1-e3-fading-light', NULL, NULL),
(71, 'S1 E4 Silent Betrayal', 's1_e4_silent_betrayal_thumb.png', 12, 1, 'YouTube', 'https://youtu.be/7EzpvriIQ3I?si=32wWLtYpLoOf7QuP', 'free', NULL, '8', 'TV-MA (Mature Audiences)', '02:43', NULL, NULL, '2024-10-19', 0, 'A shocking betrayal comes to light, fracturing the group as they face the ultimate confrontation with the malevolent force in the woods. 😱💔', 'In the intense finale, Silent Betrayal, the group’s fragile trust is shattered when a long-buried secret is revealed. This revelation causes chaos among the friends, just as they are forced to confront the malevolent entity that has been haunting them. Esme takes charge as they prepare for the final showdown, but the betrayal weighs heavily on her. With their friendship in tatters, the group must decide whether to stand together or let the darkness consume them. As the true nature of the evil in the woods is unveiled, they face a deadly choice: fight for their lives or fall prey to the horrors lurking in the shadows. 🔪🌲', 0, 'YouTube', 'https://youtu.be/BrDKY3RRg-g?si=SJgkbOqPdgCZCCOs', 0, NULL, NULL, 0, 1, NULL, NULL, NULL, NULL, NULL, NULL, '6', '2026-02-25 03:28:50', '2026-02-25 03:28:50', NULL, 's1_e4_silent_betrayal_thumb.png', NULL, NULL, NULL, NULL, NULL, 0, NULL, NULL, 0, NULL, NULL, NULL, NULL, NULL, NULL, NULL, 's1-e4-silent-betrayal', NULL, NULL);

-- --------------------------------------------------------

--
-- Table structure for table `episode_download_mapping`
--

CREATE TABLE `episode_download_mapping` (
  `id` bigint(20) UNSIGNED NOT NULL,
  `episode_id` int(11) DEFAULT NULL,
  `type` varchar(191) DEFAULT NULL,
  `quality` varchar(191) DEFAULT NULL,
  `url` text DEFAULT NULL,
  `created_by` int(10) UNSIGNED DEFAULT NULL,
  `updated_by` int(10) UNSIGNED DEFAULT NULL,
  `deleted_by` int(10) UNSIGNED DEFAULT NULL,
  `created_at` timestamp NULL DEFAULT NULL,
  `updated_at` timestamp NULL DEFAULT NULL,
  `deleted_at` timestamp NULL DEFAULT NULL
) ENGINE=InnoDB DEFAULT CHARSET=utf8mb4 COLLATE=utf8mb4_unicode_ci;

-- --------------------------------------------------------

--
-- Table structure for table `episode_stream_content_mapping`
--

CREATE TABLE `episode_stream_content_mapping` (
  `id` bigint(20) UNSIGNED NOT NULL,
  `episode_id` bigint(20) UNSIGNED NOT NULL,
  `quality` varchar(191) DEFAULT NULL,
  `type` varchar(191) DEFAULT NULL,
  `url` text DEFAULT NULL,
  `created_by` int(10) UNSIGNED DEFAULT NULL,
  `updated_by` int(10) UNSIGNED DEFAULT NULL,
  `deleted_by` int(10) UNSIGNED DEFAULT NULL,
  `created_at` timestamp NULL DEFAULT NULL,
  `updated_at` timestamp NULL DEFAULT NULL,
  `deleted_at` timestamp NULL DEFAULT NULL
) ENGINE=InnoDB DEFAULT CHARSET=utf8mb4 COLLATE=utf8mb4_unicode_ci;

-- --------------------------------------------------------

--
-- Table structure for table `failed_jobs`
--

CREATE TABLE `failed_jobs` (
  `id` bigint(20) UNSIGNED NOT NULL,
  `uuid` varchar(191) NOT NULL,
  `connection` text NOT NULL,
  `queue` text NOT NULL,
  `payload` longtext NOT NULL,
  `exception` longtext NOT NULL,
  `failed_at` timestamp NOT NULL DEFAULT current_timestamp()
) ENGINE=InnoDB DEFAULT CHARSET=utf8mb4 COLLATE=utf8mb4_unicode_ci;

-- --------------------------------------------------------

--
-- Table structure for table `faqs`
--

CREATE TABLE `faqs` (
  `id` bigint(20) UNSIGNED NOT NULL,
  `question` varchar(191) NOT NULL,
  `answer` longtext NOT NULL,
  `status` tinyint(1) DEFAULT NULL,
  `created_by` int(10) UNSIGNED DEFAULT NULL,
  `updated_by` int(10) UNSIGNED DEFAULT NULL,
  `deleted_by` int(10) UNSIGNED DEFAULT NULL,
  `created_at` timestamp NULL DEFAULT NULL,
  `updated_at` timestamp NULL DEFAULT NULL,
  `deleted_at` timestamp NULL DEFAULT NULL
) ENGINE=InnoDB DEFAULT CHARSET=utf8mb4 COLLATE=utf8mb4_unicode_ci;

--
-- Dumping data for table `faqs`
--

INSERT INTO `faqs` (`id`, `question`, `answer`, `status`, `created_by`, `updated_by`, `deleted_by`, `created_at`, `updated_at`, `deleted_at`) VALUES
(1, '1. What is Streamit Laravel?', 'Streamit Laravel is a cutting-edge streaming platform developed by Iqonic Design that allows users to watch movies, TV shows, and live content seamlessly. It provides a feature-rich experience with personalized recommendations, multiple subscription plans, and high-quality streaming.', 1, 2, 2, NULL, '2024-09-28 01:13:30', '2024-09-28 01:13:30', NULL),
(2, '2. How can I create an account on Streamit Laravel?', 'To create an account, simply click on the \"Sign Up\" button on the homepage, enter your details, and follow the on-screen instructions. Once registered, you can start exploring our extensive content library.', 1, 2, 2, NULL, '2024-09-28 01:14:16', '2024-09-28 01:14:16', NULL),
(3, '3. What subscription plans are available?', 'We offer multiple subscription plans tailored to your needs:\r\n- Basic Plan: Weekly subscription.\r\n- Premium Plan: Monthly subscription.\r\n- Ultimate Plan: Quarterly subscription.\r\n- Elite Plan: Yearly subscription.\r\nEach plan offers different features such as HD streaming, multi-device support, and download options. Visit our Subscription Plans page for more details.', 1, 2, 2, NULL, '2024-09-28 01:14:36', '2024-09-28 01:14:36', NULL),
(4, '4. What payment methods do you accept?', 'We accept a variety of payment gateways for your convenience:\r\n- Stripe\r\n- RazorPay\r\n- Paystack\r\n- PayPal\r\n- FlutterWave\r\nYou can choose your preferred method at checkout.', 1, 2, 2, NULL, '2024-09-28 01:14:57', '2024-09-28 01:14:57', NULL),
(5, '5. How can I manage my subscription?', 'To manage your subscription, log into your account, go to the \"Account Settings\" section, and select \"Subscription.\" From there, you can upgrade, downgrade, or cancel your plan at any time.', 1, 2, 2, NULL, '2024-09-28 01:15:14', '2024-09-28 01:15:14', NULL),
(6, '6. How can I add content to my watchlist?', 'While browsing movies or TV shows, simply click on the \"Add to Watchlist\" button. You can view your watchlist anytime under the \"My Watchlist\" section of your account dashboard.', 1, 2, 2, NULL, '2024-09-28 01:15:33', '2024-09-28 01:15:33', NULL),
(7, '7. Can I download content for offline viewing?', 'Yes, Streamit Laravel allows you to download selected content for offline viewing, depending on your subscription plan. This feature is available for both mobile and tablet devices.', 1, 2, 2, NULL, '2024-09-28 01:15:48', '2024-09-28 01:15:48', NULL),
(8, '8. Does Streamit Laravel support multiple devices?', 'Yes, you can stream on multiple devices based on your subscription plan. The higher the plan, the more devices you can use simultaneously.', 1, 2, 2, NULL, '2024-09-28 01:16:05', '2024-09-28 01:16:05', NULL),
(9, '9. How does the recommendation system work?', 'Our platform uses a smart recommendation engine that suggests content based on your viewing history and preferences. The more you watch, the better the recommendations get!', 1, 2, 2, NULL, '2024-09-28 01:16:21', '2024-09-28 01:16:21', NULL),
(10, '10. Is there a free trial available?', 'Yes, we offer a limited-time free trial for new users. During the trial, you can explore all the features of the platform and decide if you want to subscribe to a full plan.', 1, 2, 2, NULL, '2024-09-28 01:16:40', '2024-09-28 01:16:40', NULL),
(11, '11. How does the referral program work?', 'Our referral program rewards you for inviting friends to join Streamit Laravel. For each friend who subscribes using your referral link, you both receive a discount on your next billing cycle. Check the referral section in your account for more details!', 1, 2, 2, NULL, '2024-09-28 01:21:25', '2024-09-28 01:21:25', NULL),
(12, '12. What types of content are available on Streamit Laravel?', 'Streamit Laravel offers a diverse range of content, including movies, TV shows, documentaries, and live events across various genres. You\'ll find everything from action and comedy to horror and romance!', 1, 2, 2, NULL, '2024-09-28 01:21:47', '2024-09-28 01:21:47', NULL),
(13, '13. Can I change my subscription plan later?', 'Absolutely! You can change your subscription plan at any time through your account settings. Simply select a different plan, and your new billing will take effect at the end of your current billing cycle.', 1, 2, 2, NULL, '2024-09-28 01:22:05', '2024-09-28 01:22:05', NULL),
(14, '14. What should I do if I forget my password?', 'If you forget your password, click on the \"Forgot Password?\" link on the login page. Follow the instructions to reset your password via the email associated with your account.', 1, 2, 2, NULL, '2024-09-28 01:22:21', '2024-09-28 01:22:21', NULL),
(15, '15. Is there any age restriction for using Streamit Laravel?', 'Yes, users must be at least 13 years old to create an account. We recommend parental guidance for users under 18, as some content may not be suitable for younger viewers.', 1, 2, 2, NULL, '2024-09-28 01:22:38', '2024-09-28 01:22:38', NULL),
(16, '16. Can I share my account with family members?', 'Yes, depending on your subscription plan, you can share your account with family members. However, please note that simultaneous streaming may be limited based on your chosen plan.', 1, 2, 2, NULL, '2024-09-28 01:22:56', '2024-09-28 01:22:56', NULL),
(17, '17. How often is new content added to the platform?', 'We regularly update our library with new content! You can expect new movies, TV shows, and episodes added every week, so there\'s always something fresh to watch.', 1, 2, 2, NULL, '2024-09-28 01:23:14', '2024-09-28 01:23:14', NULL),
(18, '18. Does Streamit Laravel offer subtitles or closed captions?', 'Yes, many of our titles offer subtitles and closed captions in various languages. You can enable them through the video player settings while watching content.', 1, 2, 2, NULL, '2024-09-28 01:24:30', '2024-09-28 01:24:30', NULL),
(19, '19. What should I do if I encounter a streaming issue?', 'If you experience buffering or streaming issues, first check your internet connection. If the problem persists, try clearing your cache or refreshing the page. If you continue to have issues, please contact our support team for assistance.', 1, 2, 2, NULL, '2024-09-28 01:24:44', '2024-09-28 01:24:44', NULL),
(20, '20. How do I use the parental controls on Streamit?', 'To use parental controls on Streamit, navigate to your account settings. Here, you can set age restrictions for various content types and block specific shows or movies. Additionally, you can create custom profiles for family members with tailored controls. For added security, consider setting a PIN or password.', 1, 2, 2, NULL, '2024-09-28 01:28:39', '2024-09-28 01:28:39', NULL),
(21, '21. How do I enable subtitles or closed captions?', 'To enable subtitles or closed captions while watching content on Streamit, look for the \"Subtitles\" or \"CC\" icon on the video player. Click on it, and you can choose your preferred language for subtitles. This feature enhances your viewing experience and accessibility.', 1, 2, 2, NULL, '2024-09-28 01:29:10', '2024-09-28 01:29:10', NULL),
(22, '22. How do I customize my Streamit homepage?', 'To customize your Streamit homepage, log into your account and navigate to the \"Settings\" section. From there, you can personalize your homepage by selecting your favorite genres, organizing your watchlist, and adjusting display preferences to see content that interests you most.', 1, 2, 2, NULL, '2024-09-28 01:29:36', '2024-09-28 01:29:36', NULL),
(23, '23. How do I download videos for offline viewing?', 'To download videos for offline viewing on Streamit, find the desired movie or show and look for the download icon. Click it, and the content will be saved to your device for offline access. Note that the ability to download may depend on your subscription plan.', 1, 2, 2, NULL, '2024-09-28 01:30:06', '2024-09-28 01:30:06', NULL),
(24, '24. Can I delete my account?', 'Yes, you can delete your account at any time. To do this, log into your account, navigate to the \"Account Settings\" section, and select \"Delete Account.\" Please note that this action is irreversible, and all your data will be permanently removed.', 1, 2, 2, NULL, '2024-09-28 01:30:40', '2024-09-28 01:30:40', NULL),
(25, '25. How can I contact customer support?', 'If you need assistance, you can reach our customer support team via email at hello@iqonic.design. We\'re here to help!', 1, 2, 2, NULL, '2024-09-28 01:30:53', '2024-09-28 01:32:01', NULL);

-- --------------------------------------------------------

--
-- Table structure for table `filemanagers`
--

CREATE TABLE `filemanagers` (
  `id` bigint(20) UNSIGNED NOT NULL,
  `file_url` varchar(191) NOT NULL DEFAULT '',
  `file_name` varchar(191) NOT NULL DEFAULT '',
  `created_by` int(10) UNSIGNED DEFAULT NULL,
  `updated_by` int(10) UNSIGNED DEFAULT NULL,
  `deleted_by` int(10) UNSIGNED DEFAULT NULL,
  `created_at` timestamp NULL DEFAULT NULL,
  `updated_at` timestamp NULL DEFAULT NULL,
  `deleted_at` timestamp NULL DEFAULT NULL
) ENGINE=InnoDB DEFAULT CHARSET=utf8mb4 COLLATE=utf8mb4_unicode_ci;

-- --------------------------------------------------------

--
-- Table structure for table `genres`
--

CREATE TABLE `genres` (
  `id` bigint(20) UNSIGNED NOT NULL,
  `name` varchar(191) NOT NULL,
  `slug` varchar(191) DEFAULT NULL,
  `file_url` text DEFAULT NULL,
  `description` longtext DEFAULT NULL,
  `status` tinyint(1) NOT NULL DEFAULT 1,
  `created_by` int(10) UNSIGNED DEFAULT NULL,
  `updated_by` int(10) UNSIGNED DEFAULT NULL,
  `deleted_by` int(10) UNSIGNED DEFAULT NULL,
  `created_at` timestamp NULL DEFAULT NULL,
  `updated_at` timestamp NULL DEFAULT NULL,
  `deleted_at` timestamp NULL DEFAULT NULL
) ENGINE=InnoDB DEFAULT CHARSET=utf8mb4 COLLATE=utf8mb4_unicode_ci;

--
-- Dumping data for table `genres`
--

INSERT INTO `genres` (`id`, `name`, `slug`, `file_url`, `description`, `status`, `created_by`, `updated_by`, `deleted_by`, `created_at`, `updated_at`, `deleted_at`) VALUES
(1, 'Action', 'action', 'action_genre.png', 'Action movies are packed with high-energy sequences, intense battles, and thrilling adventures. These films deliver non-stop excitement and adrenaline-pumping scenes that captivate audiences. 💥🏃‍♂️', 1, NULL, NULL, NULL, '2026-02-25 03:28:35', '2026-02-25 03:28:35', NULL),
(2, 'Animation', 'animation', 'animation_genre.png', 'Captivating animated stories that bring imaginative worlds and characters to life. These films use creative visuals and storytelling to enchant audiences of all ages. 🎨✨', 1, NULL, NULL, NULL, '2026-02-25 03:28:35', '2026-02-25 03:28:35', NULL),
(3, 'Comedy', 'comedy', 'comedy_genre.png', 'Light-hearted films designed to entertain and amuse with humor and wit. These movies offer a delightful escape filled with laughter and joy. 😂🎬', 1, NULL, NULL, NULL, '2026-02-25 03:28:35', '2026-02-25 03:28:35', NULL),
(4, 'Historical', 'historical', 'historical_genre.png', 'Movies that delve into significant historical events, figures, and eras. They offer a glimpse into the past, bringing history to life with compelling narratives. 📜🏰', 1, NULL, NULL, NULL, '2026-02-25 03:28:35', '2026-02-25 03:28:35', NULL),
(5, 'Horror', 'horror', 'horror_genre.png', 'Spine-chilling movies that evoke fear and suspense, often featuring supernatural elements. These films are designed to haunt and thrill viewers. 👻🕯️', 1, NULL, NULL, NULL, '2026-02-25 03:28:35', '2026-02-25 03:28:35', NULL),
(6, 'Inspirational', 'inspirational', 'inspirational_genre.png', 'Uplifting films that motivate and inspire with stories of courage, perseverance, and triumph. They often highlight the resilience of the human spirit. 🌟💪', 1, NULL, NULL, NULL, '2026-02-25 03:28:35', '2026-02-25 03:28:35', NULL),
(7, 'Romantic', 'romantic', 'romantic_genre.png', 'Heartwarming stories focusing on love, relationships, and the complexities of romance. These films explore the beauty and challenges of romantic connections. 💖🌹', 1, NULL, NULL, NULL, '2026-02-25 03:28:35', '2026-02-25 03:28:35', NULL),
(8, 'Thriller', 'thriller', 'thriller_genre.png', 'High-stakes scenarios and intense suspense that keep you on the edge of your seat. Expect unexpected twists and heart-pounding moments. 🔪🎬', 1, NULL, NULL, NULL, '2026-02-25 03:28:35', '2026-02-25 03:28:35', NULL);

-- --------------------------------------------------------

--
-- Table structure for table `installers`
--

CREATE TABLE `installers` (
  `id` bigint(20) UNSIGNED NOT NULL,
  `name` varchar(191) NOT NULL,
  `created_by` int(10) UNSIGNED DEFAULT NULL,
  `updated_by` int(10) UNSIGNED DEFAULT NULL,
  `deleted_by` int(10) UNSIGNED DEFAULT NULL,
  `created_at` timestamp NULL DEFAULT NULL,
  `updated_at` timestamp NULL DEFAULT NULL,
  `deleted_at` timestamp NULL DEFAULT NULL
) ENGINE=InnoDB DEFAULT CHARSET=utf8mb4 COLLATE=utf8mb4_unicode_ci;

-- --------------------------------------------------------

--
-- Table structure for table `jobs`
--

CREATE TABLE `jobs` (
  `id` bigint(20) UNSIGNED NOT NULL,
  `queue` varchar(191) NOT NULL,
  `payload` longtext NOT NULL,
  `attempts` tinyint(3) UNSIGNED NOT NULL,
  `reserved_at` int(10) UNSIGNED DEFAULT NULL,
  `available_at` int(10) UNSIGNED NOT NULL,
  `created_at` int(10) UNSIGNED NOT NULL
) ENGINE=InnoDB DEFAULT CHARSET=utf8mb4 COLLATE=utf8mb4_unicode_ci;

-- --------------------------------------------------------

--
-- Table structure for table `job_batches`
--

CREATE TABLE `job_batches` (
  `id` varchar(191) NOT NULL,
  `name` varchar(191) NOT NULL,
  `total_jobs` int(11) NOT NULL,
  `pending_jobs` int(11) NOT NULL,
  `failed_jobs` int(11) NOT NULL,
  `failed_job_ids` longtext NOT NULL,
  `options` mediumtext DEFAULT NULL,
  `cancelled_at` int(11) DEFAULT NULL,
  `created_at` int(11) NOT NULL,
  `finished_at` int(11) DEFAULT NULL
) ENGINE=InnoDB DEFAULT CHARSET=utf8mb4 COLLATE=utf8mb4_unicode_ci;

-- --------------------------------------------------------

--
-- Table structure for table `languages`
--

CREATE TABLE `languages` (
  `id` bigint(20) UNSIGNED NOT NULL,
  `key` varchar(191) NOT NULL,
  `value` varchar(191) NOT NULL,
  `language` varchar(191) NOT NULL,
  `file` varchar(191) NOT NULL,
  `created_by` int(10) UNSIGNED DEFAULT NULL,
  `updated_by` int(10) UNSIGNED DEFAULT NULL,
  `deleted_by` int(10) UNSIGNED DEFAULT NULL,
  `created_at` timestamp NULL DEFAULT NULL,
  `updated_at` timestamp NULL DEFAULT NULL,
  `deleted_at` timestamp NULL DEFAULT NULL
) ENGINE=InnoDB DEFAULT CHARSET=utf8mb4 COLLATE=utf8mb4_unicode_ci;

-- --------------------------------------------------------

--
-- Table structure for table `likes`
--

CREATE TABLE `likes` (
  `id` bigint(20) UNSIGNED NOT NULL,
  `entertainment_id` int(11) DEFAULT NULL,
  `user_id` int(11) DEFAULT NULL,
  `is_like` tinyint(1) NOT NULL DEFAULT 0,
  `profile_id` int(11) DEFAULT NULL,
  `type` varchar(191) DEFAULT NULL,
  `created_by` int(10) UNSIGNED DEFAULT NULL,
  `updated_by` int(10) UNSIGNED DEFAULT NULL,
  `deleted_by` int(10) UNSIGNED DEFAULT NULL,
  `created_at` timestamp NULL DEFAULT NULL,
  `updated_at` timestamp NULL DEFAULT NULL,
  `deleted_at` timestamp NULL DEFAULT NULL
) ENGINE=InnoDB DEFAULT CHARSET=utf8mb4 COLLATE=utf8mb4_unicode_ci;

--
-- Dumping data for table `likes`
--

INSERT INTO `likes` (`id`, `entertainment_id`, `user_id`, `is_like`, `profile_id`, `type`, `created_by`, `updated_by`, `deleted_by`, `created_at`, `updated_at`, `deleted_at`) VALUES
(1, 1, 6, 1, 6, 'tvshow', 6, 6, NULL, '2024-09-25 09:53:07', '2024-09-25 09:53:07', NULL),
(2, 5, 6, 1, 6, 'tvshow', 6, 6, NULL, '2024-09-25 09:54:20', '2024-09-25 09:54:20', NULL),
(3, 10, 4, 1, 4, 'tvshow', 3, 3, NULL, '2024-09-25 09:54:27', '2024-09-25 09:54:27', NULL),
(4, 14, 4, 1, 4, 'tvshow', 3, 3, NULL, '2024-09-25 09:54:45', '2024-09-25 09:54:45', NULL),
(5, 94, 4, 1, 4, 'movie', 4, 4, NULL, '2024-09-25 09:56:42', '2024-09-25 09:56:42', NULL),
(6, 45, 10, 1, 10, 'movie', 3, 3, NULL, '2024-09-25 09:57:07', '2024-09-25 09:57:07', NULL),
(7, 90, 12, 1, 12, 'movie', 4, 4, NULL, '2024-09-25 09:57:19', '2024-09-25 09:57:19', NULL),
(8, 95, 12, 1, 12, 'movie', 6, 6, NULL, '2024-09-25 09:57:31', '2024-09-25 09:57:31', NULL),
(9, 95, 7, 1, 7, 'movie', 7, 7, NULL, '2024-09-25 09:59:34', '2024-09-25 09:59:34', NULL),
(10, 102, 7, 1, 7, 'movie', 7, 7, NULL, '2024-09-25 10:00:12', '2024-09-25 10:00:12', NULL),
(11, 101, 7, 1, 7, 'movie', 7, 7, NULL, '2024-09-25 10:00:24', '2024-09-25 10:00:24', NULL),
(12, 99, 7, 1, 7, 'video', 7, 7, NULL, '2024-09-25 10:00:29', '2024-09-25 10:00:29', NULL),
(13, 14, 7, 1, 7, 'video', 7, 7, NULL, '2024-09-25 10:00:46', '2024-09-25 10:00:46', NULL),
(14, 10, 8, 1, 8, 'video', 7, 7, NULL, '2024-09-25 10:00:53', '2024-09-25 10:00:53', NULL),
(15, 5, 9, 1, 9, 'video', 7, 7, NULL, '2024-09-25 10:01:02', '2024-09-25 10:01:02', NULL),
(16, 1, 14, 1, 14, 'tvshow', 7, 7, NULL, '2024-09-25 10:01:10', '2024-09-25 10:01:10', NULL),
(17, 1, 5, 1, 5, 'tvshow', 5, 5, NULL, '2024-09-25 10:02:25', '2024-09-25 10:02:25', NULL),
(18, 5, 5, 1, 5, 'tvshow', 5, 5, NULL, '2024-09-25 10:02:38', '2024-09-25 10:02:38', NULL),
(19, 89, 5, 1, 5, 'movie', 5, 5, NULL, '2024-09-25 10:02:43', '2024-09-25 10:02:43', NULL),
(20, 101, 5, 1, 5, 'move', 5, 5, NULL, '2024-09-25 10:02:49', '2024-09-25 10:02:49', NULL),
(21, 87, 5, 1, 5, 'movie', 5, 5, NULL, '2024-09-25 10:02:53', '2024-09-25 10:02:53', NULL),
(22, 102, 5, 1, 5, 'movie', 5, 5, NULL, '2024-09-25 10:02:57', '2024-09-25 10:02:57', NULL),
(23, 97, 5, 1, 5, 'movie', 5, 5, NULL, '2024-09-25 10:03:06', '2024-09-25 10:03:06', NULL),
(24, 98, 5, 1, 5, 'movie', 5, 5, NULL, '2024-09-25 10:03:13', '2024-09-25 10:03:13', NULL),
(25, 103, 5, 1, 5, 'movie', 5, 5, NULL, '2024-09-25 10:03:26', '2024-09-25 10:03:26', NULL),
(26, 100, 3, 1, 3, 'movie', 5, 5, NULL, '2024-09-25 10:03:26', '2024-09-25 10:03:26', NULL),
(27, 25, 3, 1, 3, 'movie', 5, 5, NULL, '2024-09-25 10:03:26', '2024-09-25 10:03:26', NULL),
(28, 16, 3, 1, 3, 'movie', 5, 5, NULL, '2024-09-25 10:03:26', '2024-09-25 10:03:26', NULL);

-- --------------------------------------------------------

--
-- Table structure for table `livetvs`
--

CREATE TABLE `livetvs` (
  `id` bigint(20) UNSIGNED NOT NULL,
  `name` varchar(191) NOT NULL,
  `created_by` int(10) UNSIGNED DEFAULT NULL,
  `updated_by` int(10) UNSIGNED DEFAULT NULL,
  `deleted_by` int(10) UNSIGNED DEFAULT NULL,
  `created_at` timestamp NULL DEFAULT NULL,
  `updated_at` timestamp NULL DEFAULT NULL,
  `deleted_at` timestamp NULL DEFAULT NULL
) ENGINE=InnoDB DEFAULT CHARSET=utf8mb4 COLLATE=utf8mb4_unicode_ci;

-- --------------------------------------------------------

--
-- Table structure for table `live_tv_category`
--

CREATE TABLE `live_tv_category` (
  `id` bigint(20) UNSIGNED NOT NULL,
  `name` varchar(191) NOT NULL,
  `file_url` text DEFAULT NULL,
  `description` longtext DEFAULT NULL,
  `status` tinyint(1) NOT NULL DEFAULT 0,
  `created_by` int(10) UNSIGNED DEFAULT NULL,
  `updated_by` int(10) UNSIGNED DEFAULT NULL,
  `deleted_by` int(10) UNSIGNED DEFAULT NULL,
  `created_at` timestamp NULL DEFAULT NULL,
  `updated_at` timestamp NULL DEFAULT NULL,
  `deleted_at` timestamp NULL DEFAULT NULL,
  `slug` text DEFAULT NULL
) ENGINE=InnoDB DEFAULT CHARSET=utf8mb4 COLLATE=utf8mb4_unicode_ci;

--
-- Dumping data for table `live_tv_category`
--

INSERT INTO `live_tv_category` (`id`, `name`, `file_url`, `description`, `status`, `created_by`, `updated_by`, `deleted_by`, `created_at`, `updated_at`, `deleted_at`, `slug`) VALUES
(1, 'News & Current Affairs', 'news_current_affairs.png', 'Stay informed with the latest updates from around the world. This category brings you live news broadcasts, in-depth analysis, and breaking news coverage. From politics to finance, and global events to local happenings, never miss a moment of what\'s happening. 📰🌍🕒', 1, NULL, NULL, NULL, '2026-02-25 03:28:52', '2026-02-25 03:28:52', NULL, 'news-current-affairs'),
(2, 'Sports & Action', 'sports_action.png', 'Catch all the live sports action from your favorite games and tournaments. Whether it\'s football, basketball, tennis, or any other sport, this category covers live matches, expert commentary, and thrilling highlights. Cheer for your teams and witness unforgettable moments. 🏆⚽🏀', 1, NULL, NULL, NULL, '2026-02-25 03:28:52', '2026-02-25 03:28:52', NULL, 'sports-action'),
(3, 'Entertainment & Variety', 'entertainment_variety.png', 'Enjoy a diverse range of live entertainment shows, from reality TV and talent competitions to talk shows and award ceremonies. This category offers something for everyone, featuring your favorite stars and hosts bringing you laughter, drama, and excitement. 🎤🎬🎉', 1, NULL, NULL, NULL, '2026-02-25 03:28:52', '2026-02-25 03:28:52', NULL, 'entertainment-variety'),
(4, 'Music & Concerts', 'music_concerts.png', 'Experience live music like never before with concerts, festivals, and exclusive performances from top artists. This category brings the stage to your screen, allowing you to enjoy your favorite genres and discover new talents from the comfort of your home. 🎸🎤🎶', 1, NULL, NULL, NULL, '2026-02-25 03:28:52', '2026-02-25 03:28:52', NULL, 'music-concerts'),
(5, 'Educational & Documentary', 'educational_documentary.png', 'Expand your knowledge with live educational programs and documentaries covering a wide range of topics. From science and history to nature and technology, this category provides informative content that enlightens and inspires. Ideal for curious minds of all ages. 📚🔬🌿', 1, NULL, NULL, NULL, '2026-02-25 03:28:52', '2026-02-25 03:28:52', NULL, 'educational-documentary');

-- --------------------------------------------------------

--
-- Table structure for table `live_tv_channel`
--

CREATE TABLE `live_tv_channel` (
  `id` bigint(20) UNSIGNED NOT NULL,
  `name` varchar(191) DEFAULT NULL,
  `poster_url` text DEFAULT NULL,
  `category_id` bigint(20) UNSIGNED DEFAULT NULL,
  `thumb_url` text DEFAULT NULL,
  `access` varchar(191) DEFAULT NULL,
  `plan_id` bigint(20) UNSIGNED DEFAULT NULL,
  `description` longtext DEFAULT NULL,
  `status` tinyint(1) NOT NULL DEFAULT 0,
  `created_by` int(10) UNSIGNED DEFAULT NULL,
  `updated_by` int(10) UNSIGNED DEFAULT NULL,
  `deleted_by` int(10) UNSIGNED DEFAULT NULL,
  `created_at` timestamp NULL DEFAULT NULL,
  `updated_at` timestamp NULL DEFAULT NULL,
  `deleted_at` timestamp NULL DEFAULT NULL,
  `poster_tv_url` text DEFAULT NULL,
  `slug` text DEFAULT NULL
) ENGINE=InnoDB DEFAULT CHARSET=utf8mb4 COLLATE=utf8mb4_unicode_ci;

--
-- Dumping data for table `live_tv_channel`
--

INSERT INTO `live_tv_channel` (`id`, `name`, `poster_url`, `category_id`, `thumb_url`, `access`, `plan_id`, `description`, `status`, `created_by`, `updated_by`, `deleted_by`, `created_at`, `updated_at`, `deleted_at`, `poster_tv_url`, `slug`) VALUES
(1, 'Aaj Kal LIVE TV', 'aaj_kal_live_tv.png', 1, 'aaj_kal_live_tv.png', 'free', NULL, 'Stay informed with live news broadcasts and in-depth analysis on Aaj Kal LIVE TV. Never miss a moment of the latest updates from around the world.', 1, NULL, NULL, NULL, '2026-02-25 03:28:52', '2026-02-25 03:28:52', NULL, 'aaj_kal_live_tv.png', 'aaj-kal-live-tv'),
(2, 'ABP Sports', 'abp_sports.png', 2, 'abp_sports.png', 'paid', 1, 'Catch all the live sports action on ABP Sports, covering your favorite games and tournaments with expert commentary and thrilling highlights.', 1, NULL, NULL, NULL, '2026-02-25 03:28:52', '2026-02-25 03:28:52', NULL, 'abp_sports.png', 'abp-sports'),
(3, 'DN TV', 'dn_tv.png', 3, 'dn_tv.png', 'paid', 2, 'Enjoy a variety of entertainment shows on DN TV, featuring reality TV, talent competitions, talk shows, and award ceremonies.', 1, NULL, NULL, NULL, '2026-02-25 03:28:52', '2026-02-25 03:28:52', NULL, 'dn_tv.png', 'dn-tv'),
(4, '9xm', '9xm.png', 4, '9xm.png', 'paid', 3, 'Music & Concerts channel featuring live performances and more.', 1, NULL, NULL, NULL, '2026-02-25 03:28:52', '2026-02-25 03:28:52', NULL, '9xm.png', '9xm'),
(5, 'BBP', 'bbp.png', 5, 'bbp.png', 'paid', 4, 'Educational & Documentary channel with a wide range of informative content.', 1, NULL, NULL, NULL, '2026-02-25 03:28:52', '2026-02-25 03:28:52', NULL, 'bbp.png', 'bbp'),
(6, 'M TV', 'm_tv.png', 4, 'm_tv.png', 'free', NULL, 'Free Music & Concerts channel with live performances and more.', 1, NULL, NULL, NULL, '2026-02-25 03:28:52', '2026-02-25 03:28:52', NULL, 'm_tv.png', 'm-tv'),
(7, 'ZNews 24/7', 'znews_247.png', 1, 'znews_247.png', 'free', NULL, 'Round-the-clock coverage of global news and current events to keep you informed all day. 🌍🕓', 1, NULL, NULL, NULL, '2026-02-25 03:28:52', '2026-02-25 03:28:52', NULL, 'znews_247.png', 'znews-247'),
(8, 'Sports Max', 'sports_max.png', 2, 'sports_max.png', 'paid', 1, 'The ultimate channel for live sports events, from football to cricket, with non-stop action. 🏆📢', 1, NULL, NULL, NULL, '2026-02-25 03:28:52', '2026-02-25 03:28:52', NULL, 'sports_max.png', 'sports-max'),
(9, 'Vibe TV', 'vibe_tv.png', 3, 'vibe_tv.png', 'paid', 2, 'The hottest variety of live entertainment, from reality shows to talk shows and much more. 🎭🔥', 1, NULL, NULL, NULL, '2026-02-25 03:28:52', '2026-02-25 03:28:52', NULL, 'vibe_tv.png', 'vibe-tv'),
(10, 'Beat Box', 'beat_box.png', 4, 'beat_box.png', 'free', NULL, 'Feel the beat with live music performances, DJ sets, and non-stop tunes. 🎧🎵', 1, NULL, NULL, NULL, '2026-02-25 03:28:52', '2026-02-25 03:28:52', NULL, 'beat_box.png', 'beat-box'),
(11, 'Brain TV', 'brain_tv.png', 5, 'brain_tv.png', 'paid', 4, 'Dive into a world of learning with live educational shows and insightful documentaries. 🧠📺', 1, NULL, NULL, NULL, '2026-02-25 03:28:52', '2026-02-25 03:28:52', NULL, 'brain_tv.png', 'brain-tv'),
(12, 'Khabar NOW', 'khabar_now.png', 1, 'khabar_now.png', 'paid', 2, 'Instant access to real-time news and headlines that matter most, bringing the world to your screen. 📰📢', 1, NULL, NULL, NULL, '2026-02-25 03:28:52', '2026-02-25 03:28:52', NULL, 'khabar_now.png', 'khabar-now'),
(13, 'Goal TV', 'goal_tv.png', 2, 'goal_tv.png', 'free', NULL, 'Your destination for all things football, with live coverage of matches, interviews, and goals. ⚽🎥', 1, NULL, NULL, NULL, '2026-02-25 03:28:52', '2026-02-25 03:28:52', NULL, 'goal_tv.png', 'goal-tv'),
(14, 'Star Bliss', 'star_bliss.png', 3, 'star_bliss.png', 'free', NULL, 'Bringing you a star-studded lineup of live entertainment, talk shows, and celebrity interviews. ⭐🎬', 1, NULL, NULL, NULL, '2026-02-25 03:28:52', '2026-02-25 03:28:52', NULL, 'star_bliss.png', 'star-bliss'),
(15, 'Groove LIVE', 'groove_live.png', 4, 'groove_live.png', 'free', NULL, 'Get into the groove with live music shows, concerts, and your favorite artists. 🎼🎸', 1, NULL, NULL, NULL, '2026-02-25 03:28:52', '2026-02-25 03:28:52', NULL, 'groove_live.png', 'groove-live'),
(16, 'Docu Vision', 'docu_vision.png', 5, 'docu_vision.png', 'paid', 4, 'Explore fascinating live documentaries on a range of topics, from history to science. 📚🎬', 1, NULL, NULL, NULL, '2026-02-25 03:28:52', '2026-02-25 03:28:52', NULL, 'docu_vision.png', 'docu-vision'),
(17, 'Vision TV', 'vision_tv.png', 1, 'vision_tv.png', 'free', NULL, 'Sharp and focused news, providing clear insights into the events shaping the world today. 🔍📺', 1, NULL, NULL, NULL, '2026-02-25 03:28:52', '2026-02-25 03:28:53', NULL, 'vision_tv.png', 'vision-tv'),
(18, 'Win Sports', 'win_sports.png', 2, 'win_sports.png', 'paid', 1, 'Bringing the winning moments from the biggest sporting events, straight to your screen, live. 🎖️📺', 1, NULL, NULL, NULL, '2026-02-25 03:28:53', '2026-02-25 03:28:53', NULL, 'win_sports.png', 'win-sports'),
(19, 'Buzz LIVE', 'buzz_live.png', 3, 'buzz_live.png', 'free', NULL, 'All the buzzworthy content in one place, from live interviews to fun, energetic shows. 🎤⚡', 1, NULL, NULL, NULL, '2026-02-25 03:28:53', '2026-02-25 03:28:53', NULL, 'buzz_live.png', 'buzz-live'),
(20, 'Tune IN', 'tune_in.png', 4, 'tune_in.png', 'paid', 3, 'Stay tuned to the latest live music performances and the freshest beats from top artists. 🎙️📻', 1, NULL, NULL, NULL, '2026-02-25 03:28:53', '2026-02-25 03:28:53', NULL, 'tune_in.png', 'tune-in'),
(21, 'DiscoverX', 'discoverx.png', 5, 'discoverx.png', 'paid', 4, 'Uncover the unknown with live explorations and educational content from around the globe. 🌍🔎', 1, NULL, NULL, NULL, '2026-02-25 03:28:53', '2026-02-25 03:28:53', NULL, 'discoverx.png', 'discoverx'),
(22, 'HeadlineX', 'headlinex.png', 1, 'headlinex.png', 'free', NULL, 'Your go-to for breaking headlines and live updates, keeping you in the know. 🗞️🎯', 1, NULL, NULL, NULL, '2026-02-25 03:28:53', '2026-02-25 03:28:53', NULL, 'headlinex.png', 'headlinex'),
(23, 'Xtreme Sports', 'xtreme_sports.png', 2, 'xtreme_sports.png', 'paid', 2, 'Tune in for adrenaline-pumping sports events, from extreme sports to intense competition. 🏄‍♂️🔥', 1, NULL, NULL, NULL, '2026-02-25 03:28:53', '2026-02-25 03:28:53', NULL, 'xtreme_sports.png', 'xtreme-sports'),
(24, 'Fun Box', 'fun_box.png', 3, 'fun_box.png', 'free', NULL, 'A playful mix of live comedy, gameshows, and entertainment to keep you laughing. 🤣📺', 1, NULL, NULL, NULL, '2026-02-25 03:28:53', '2026-02-25 03:28:53', NULL, 'fun_box.png', 'fun-box'),
(25, 'Sound Wave', 'sound_wave.png', 4, 'sound_wave.png', 'paid', 2, 'Feel the pulse of live music as you experience concerts and performances from the world’s best artists. 🎤🌊', 1, NULL, NULL, NULL, '2026-02-25 03:28:53', '2026-02-25 03:28:53', NULL, 'sound_wave.png', 'sound-wave'),
(26, 'Learn LIVE', 'learn_live.png', 5, 'learn_live.png', 'paid', 4, 'Interactive educational programming, live lectures, and documentaries to spark your curiosity. 🎓📡', 1, NULL, NULL, NULL, '2026-02-25 03:28:53', '2026-02-25 03:28:53', NULL, 'learn_live.png', 'learn-live'),
(27, 'Live Line', 'live_line.png', 1, 'live_line.png', 'free', NULL, 'Breaking news, live updates, and in-depth analysis at the speed of live broadcast. 📡⚡', 1, NULL, NULL, NULL, '2026-02-25 03:28:53', '2026-02-25 03:28:53', NULL, 'live_line.png', 'live-line'),
(28, 'Pro Play', 'pro_play.png', 2, 'pro_play.png', 'paid', 3, 'Watch your favorite athletes and teams go head-to-head in thrilling live action. 🏅🎬', 1, NULL, NULL, NULL, '2026-02-25 03:28:53', '2026-02-25 03:28:53', NULL, 'pro_play.png', 'pro-play'),
(29, 'Show MAX', 'show_max.png', 3, 'show_max.png', 'paid', 2, 'Maximize your entertainment with live shows, contests, and endless variety! 🎭💫', 1, NULL, NULL, NULL, '2026-02-25 03:28:53', '2026-02-25 03:28:53', NULL, 'show_max.png', 'show-max'),
(30, 'RhythmX', 'rhythmx.png', 4, 'rhythmx.png', 'free', NULL, 'Tune in for live performances, chart-topping hits, and music from around the world. 🎶🎧', 1, NULL, NULL, NULL, '2026-02-25 03:28:53', '2026-02-25 03:28:53', NULL, 'rhythmx.png', 'rhythmx'),
(31, 'Insight TV', 'insight_tv.png', 5, 'insight_tv.png', 'free', NULL, 'Dive deep into thought-provoking live content that educates and inspires, from documentaries to expert talks. 📘🔍', 1, NULL, NULL, NULL, '2026-02-25 03:28:53', '2026-02-25 03:28:53', NULL, 'insight_tv.png', 'insight-tv'),
(32, 'Live News Channel', 'app-live-channel-1.jpg', 1, 'web-live-channel-1.jpg', 'free', NULL, 'Watch live news coverage with real-time updates on breaking events, politics, business, and global affairs. Stay informed with reliable reporting as stories unfold.', 1, NULL, NULL, NULL, '2026-02-25 03:28:53', '2026-02-25 03:28:53', NULL, 'tv-live-channel-1.jpg', 'live-news-channel'),
(33, 'Live WWE', 'app-live-wwe.jpg', 2, 'web-live-wwe.jpg', 'free', NULL, 'Watch live WWE events featuring intense matches, exclusive moments, and nonstop wrestling action.Experience the thrill of WWE as it happens, all in one place.', 1, NULL, NULL, NULL, '2026-02-25 03:28:53', '2026-02-25 03:28:53', NULL, 'tv-live-wwe.jpg', 'live-wwe'),
(34, 'Hindi News Channel', 'app-live-news.jpg', 1, 'web-live-news.jpg', 'free', NULL, 'Watch live news coverage with real-time updates on breaking events, politics, business, and global affairs. Stay informed with reliable reporting as stories unfold.', 1, NULL, NULL, NULL, '2026-02-25 03:28:53', '2026-02-25 03:28:53', NULL, 'tv-live-news.jpg', 'hindi-news-channel'),
(35, 'Soccer', 'app-live-soccer.jpg', 2, 'web-live-soccer.jpg', 'free', NULL, 'Track live scores with real-time updates across ongoing matches and tournaments.Stay updated with accurate scores as the action unfolds.', 1, NULL, NULL, NULL, '2026-02-25 03:28:53', '2026-02-25 03:28:53', NULL, 'tv-live-soccer.jpg', 'soccer');

-- --------------------------------------------------------

--
-- Table structure for table `live_tv_stream_content_mapping`
--

CREATE TABLE `live_tv_stream_content_mapping` (
  `id` bigint(20) UNSIGNED NOT NULL,
  `tv_channel_id` bigint(20) UNSIGNED NOT NULL,
  `type` varchar(191) DEFAULT NULL,
  `stream_type` varchar(191) DEFAULT NULL,
  `embedded` longtext DEFAULT NULL,
  `server_url` text DEFAULT NULL,
  `server_url1` text DEFAULT NULL,
  `created_by` int(10) UNSIGNED DEFAULT NULL,
  `updated_by` int(10) UNSIGNED DEFAULT NULL,
  `deleted_by` int(10) UNSIGNED DEFAULT NULL,
  `created_at` timestamp NULL DEFAULT NULL,
  `updated_at` timestamp NULL DEFAULT NULL,
  `deleted_at` timestamp NULL DEFAULT NULL
) ENGINE=InnoDB DEFAULT CHARSET=utf8mb4 COLLATE=utf8mb4_unicode_ci;

--
-- Dumping data for table `live_tv_stream_content_mapping`
--

INSERT INTO `live_tv_stream_content_mapping` (`id`, `tv_channel_id`, `type`, `stream_type`, `embedded`, `server_url`, `server_url1`, `created_by`, `updated_by`, `deleted_by`, `created_at`, `updated_at`, `deleted_at`) VALUES
(1, 1, 't_url', 'URL', NULL, 'https://feeds.intoday.in/aajtak/api/aajtakhd/master.m3u8', NULL, NULL, NULL, NULL, '2026-02-25 03:28:52', '2026-02-25 03:28:52', NULL),
(2, 2, 't_url', 'URL', NULL, 'https://feeds.intoday.in/aajtak/api/aajtakhd/master.m3u8', NULL, NULL, NULL, NULL, '2026-02-25 03:28:52', '2026-02-25 03:28:52', NULL),
(3, 3, 't_url', 'URL', NULL, 'https://abplivetv.akamaized.net/hls/live/2043010/hindi/master.m3u8', NULL, NULL, NULL, NULL, '2026-02-25 03:28:52', '2026-02-25 03:28:52', NULL),
(4, 4, 't_url', 'URL', NULL, 'https://feeds.intoday.in/aajtak/api/aajtakhd/master.m3u8', NULL, NULL, NULL, NULL, '2026-02-25 03:28:52', '2026-02-25 03:28:52', NULL),
(5, 5, 't_url', 'URL', NULL, 'https://feeds.intoday.in/aajtak/api/aajtakhd/master.m3u8', NULL, NULL, NULL, NULL, '2026-02-25 03:28:52', '2026-02-25 03:28:52', NULL),
(6, 6, 't_url', 'URL', NULL, 'https://feeds.intoday.in/aajtak/api/aajtakhd/master.m3u8', NULL, NULL, NULL, NULL, '2026-02-25 03:28:52', '2026-02-25 03:28:52', NULL),
(7, 7, 't_url', 'URL', NULL, 'https://feeds.intoday.in/aajtak/api/aajtakhd/master.m3u8', NULL, NULL, NULL, NULL, '2026-02-25 03:28:52', '2026-02-25 03:28:52', NULL),
(8, 8, 't_url', 'URL', NULL, 'https://feeds.intoday.in/aajtak/api/aajtakhd/master.m3u8', NULL, NULL, NULL, NULL, '2026-02-25 03:28:52', '2026-02-25 03:28:52', NULL),
(9, 9, 't_url', 'URL', NULL, 'https://feeds.intoday.in/aajtak/api/aajtakhd/master.m3u8', NULL, NULL, NULL, NULL, '2026-02-25 03:28:52', '2026-02-25 03:28:52', NULL),
(10, 10, 't_url', 'URL', NULL, 'https://feeds.intoday.in/aajtak/api/aajtakhd/master.m3u8', NULL, NULL, NULL, NULL, '2026-02-25 03:28:52', '2026-02-25 03:28:52', NULL),
(11, 11, 't_url', 'URL', NULL, 'https://feeds.intoday.in/aajtak/api/aajtakhd/master.m3u8', NULL, NULL, NULL, NULL, '2026-02-25 03:28:52', '2026-02-25 03:28:52', NULL),
(12, 12, 't_url', 'URL', NULL, 'https://feeds.intoday.in/aajtak/api/aajtakhd/master.m3u8', NULL, NULL, NULL, NULL, '2026-02-25 03:28:52', '2026-02-25 03:28:52', NULL),
(13, 13, 't_url', 'URL', NULL, 'https://feeds.intoday.in/aajtak/api/aajtakhd/master.m3u8', NULL, NULL, NULL, NULL, '2026-02-25 03:28:52', '2026-02-25 03:28:52', NULL),
(14, 14, 't_url', 'URL', NULL, 'https://feeds.intoday.in/aajtak/api/aajtakhd/master.m3u8', NULL, NULL, NULL, NULL, '2026-02-25 03:28:52', '2026-02-25 03:28:52', NULL),
(15, 15, 't_url', 'URL', NULL, 'https://feeds.intoday.in/aajtak/api/aajtakhd/master.m3u8', NULL, NULL, NULL, NULL, '2026-02-25 03:28:52', '2026-02-25 03:28:52', NULL),
(16, 16, 't_url', 'URL', NULL, 'https://feeds.intoday.in/aajtak/api/aajtakhd/master.m3u8', NULL, NULL, NULL, NULL, '2026-02-25 03:28:52', '2026-02-25 03:28:52', NULL),
(17, 17, 't_url', 'URL', NULL, 'https://feeds.intoday.in/aajtak/api/aajtakhd/master.m3u8', NULL, NULL, NULL, NULL, '2026-02-25 03:28:53', '2026-02-25 03:28:53', NULL),
(18, 18, 't_url', 'URL', NULL, 'https://feeds.intoday.in/aajtak/api/aajtakhd/master.m3u8', NULL, NULL, NULL, NULL, '2026-02-25 03:28:53', '2026-02-25 03:28:53', NULL),
(19, 19, 't_url', 'URL', NULL, 'https://feeds.intoday.in/aajtak/api/aajtakhd/master.m3u8', NULL, NULL, NULL, NULL, '2026-02-25 03:28:53', '2026-02-25 03:28:53', NULL),
(20, 20, 't_url', 'URL', NULL, 'https://feeds.intoday.in/aajtak/api/aajtakhd/master.m3u8', NULL, NULL, NULL, NULL, '2026-02-25 03:28:53', '2026-02-25 03:28:53', NULL),
(21, 21, 't_url', 'URL', NULL, 'https://feeds.intoday.in/aajtak/api/aajtakhd/master.m3u8', NULL, NULL, NULL, NULL, '2026-02-25 03:28:53', '2026-02-25 03:28:53', NULL),
(22, 22, 't_url', 'URL', NULL, 'https://feeds.intoday.in/aajtak/api/aajtakhd/master.m3u8', NULL, NULL, NULL, NULL, '2026-02-25 03:28:53', '2026-02-25 03:28:53', NULL),
(23, 23, 't_url', 'URL', NULL, 'https://feeds.intoday.in/aajtak/api/aajtakhd/master.m3u8', NULL, NULL, NULL, NULL, '2026-02-25 03:28:53', '2026-02-25 03:28:53', NULL),
(24, 24, 't_url', 'URL', NULL, 'https://feeds.intoday.in/aajtak/api/aajtakhd/master.m3u8', NULL, NULL, NULL, NULL, '2026-02-25 03:28:53', '2026-02-25 03:28:53', NULL),
(25, 25, 't_url', 'URL', NULL, 'https://feeds.intoday.in/aajtak/api/aajtakhd/master.m3u8', NULL, NULL, NULL, NULL, '2026-02-25 03:28:53', '2026-02-25 03:28:53', NULL),
(26, 26, 't_url', 'URL', NULL, 'https://feeds.intoday.in/aajtak/api/aajtakhd/master.m3u8', NULL, NULL, NULL, NULL, '2026-02-25 03:28:53', '2026-02-25 03:28:53', NULL),
(27, 27, 't_url', 'URL', NULL, 'https://feeds.intoday.in/aajtak/api/aajtakhd/master.m3u8', NULL, NULL, NULL, NULL, '2026-02-25 03:28:53', '2026-02-25 03:28:53', NULL),
(28, 28, 't_url', 'URL', NULL, 'https://feeds.intoday.in/aajtak/api/aajtakhd/master.m3u8', NULL, NULL, NULL, NULL, '2026-02-25 03:28:53', '2026-02-25 03:28:53', NULL),
(29, 29, 't_url', 'URL', NULL, 'https://feeds.intoday.in/aajtak/api/aajtakhd/master.m3u8', NULL, NULL, NULL, NULL, '2026-02-25 03:28:53', '2026-02-25 03:28:53', NULL),
(30, 30, 't_url', 'URL', NULL, 'https://feeds.intoday.in/aajtak/api/aajtakhd/master.m3u8', NULL, NULL, NULL, NULL, '2026-02-25 03:28:53', '2026-02-25 03:28:53', NULL),
(31, 31, 't_url', 'URL', NULL, 'https://feeds.intoday.in/aajtak/api/aajtakhd/master.m3u8', NULL, NULL, NULL, NULL, '2026-02-25 03:28:53', '2026-02-25 03:28:53', NULL),
(32, 32, 't_url', 'URL', NULL, 'https://feeds.intoday.in/aajtak/api/aajtakhd/master.m3u8', NULL, NULL, NULL, NULL, '2026-02-25 03:28:53', '2026-02-25 03:28:53', NULL),
(33, 33, 't_url', 'URL', NULL, 'https://feeds.intoday.in/aajtak/api/aajtakhd/master.m3u8', NULL, NULL, NULL, NULL, '2026-02-25 03:28:53', '2026-02-25 03:28:53', NULL),
(34, 34, 't_url', 'URL', NULL, 'https://feeds.intoday.in/aajtak/api/aajtakhd/master.m3u8', NULL, NULL, NULL, NULL, '2026-02-25 03:28:53', '2026-02-25 03:28:53', NULL),
(35, 35, 't_url', 'URL', NULL, 'https://feeds.intoday.in/aajtak/api/aajtakhd/master.m3u8', NULL, NULL, NULL, NULL, '2026-02-25 03:28:53', '2026-02-25 03:28:53', NULL);

-- --------------------------------------------------------

--
-- Table structure for table `media`
--

CREATE TABLE `media` (
  `id` bigint(20) UNSIGNED NOT NULL,
  `model_type` varchar(191) NOT NULL,
  `model_id` bigint(20) UNSIGNED NOT NULL,
  `uuid` char(36) DEFAULT NULL,
  `collection_name` varchar(191) NOT NULL,
  `name` varchar(191) NOT NULL,
  `file_name` varchar(191) NOT NULL,
  `mime_type` varchar(191) DEFAULT NULL,
  `disk` varchar(191) NOT NULL,
  `conversions_disk` varchar(191) DEFAULT NULL,
  `size` bigint(20) UNSIGNED NOT NULL,
  `manipulations` longtext CHARACTER SET utf8mb4 COLLATE utf8mb4_bin NOT NULL CHECK (json_valid(`manipulations`)),
  `custom_properties` longtext CHARACTER SET utf8mb4 COLLATE utf8mb4_bin NOT NULL CHECK (json_valid(`custom_properties`)),
  `generated_conversions` longtext CHARACTER SET utf8mb4 COLLATE utf8mb4_bin NOT NULL CHECK (json_valid(`generated_conversions`)),
  `responsive_images` longtext CHARACTER SET utf8mb4 COLLATE utf8mb4_bin NOT NULL CHECK (json_valid(`responsive_images`)),
  `order_column` int(10) UNSIGNED DEFAULT NULL,
  `created_at` timestamp NULL DEFAULT NULL,
  `updated_at` timestamp NULL DEFAULT NULL
) ENGINE=InnoDB DEFAULT CHARSET=utf8mb4 COLLATE=utf8mb4_unicode_ci;

-- --------------------------------------------------------

--
-- Table structure for table `migrations`
--

CREATE TABLE `migrations` (
  `id` int(10) UNSIGNED NOT NULL,
  `migration` varchar(191) NOT NULL,
  `batch` int(11) NOT NULL
) ENGINE=InnoDB DEFAULT CHARSET=utf8mb4 COLLATE=utf8mb4_unicode_ci;

--
-- Dumping data for table `migrations`
--

INSERT INTO `migrations` (`id`, `migration`, `batch`) VALUES
(1, '2019_12_14_000001_create_personal_access_tokens_table', 1),
(2, '2023_01_01_000010_create_users_table', 1),
(3, '2023_01_01_000012_create_user_providers_table', 1),
(4, '2023_01_01_000020_create_password_resets_table', 1),
(5, '2023_01_01_000021_create_permission_tables', 1),
(6, '2023_01_01_000040_create_settings_table', 1),
(7, '2023_01_01_000041_create_notifications_table', 1),
(8, '2023_01_01_000200_create_media_table', 1),
(9, '2023_01_01_000400_create_activity_log_table', 1),
(10, '2023_01_01_000400_create_failed_jobs_table', 1),
(11, '2023_01_27_141241_create_service_providers_table', 1),
(12, '2023_01_27_190720_create_addresses_table', 1),
(13, '2023_04_11_120721_create_notificationtemplates_table', 1),
(14, '2023_04_11_140938_NotificationTemplateContentMapping', 1),
(15, '2023_04_27_113639_create_planlimitation_table', 1),
(16, '2023_05_02_111101_create_plan_table', 1),
(17, '2023_05_02_111622_create_planlimitation_mapping_table', 1),
(18, '2023_05_06_160755_create_subscriptions_table', 1),
(19, '2023_05_06_160843_create_subscriptions_transactions_table', 1),
(20, '2023_06_17_075047_create_webhook_calls_table', 1),
(21, '2023_06_17_121725_create_jobs_table', 1),
(22, '2023_06_21_170019_create_user_profiles_table', 1),
(23, '2023_06_24_050019_create_modules_table', 1),
(24, '2023_07_22_080045_create_languages_table', 1),
(25, '2023_08_07_132655_alter_module_table', 1),
(26, '2024_05_20_095807_create_countries_table', 1),
(27, '2024_05_20_095808_create_cities_table', 1),
(28, '2024_05_20_095809_create_states_table', 1),
(29, '2024_06_02_114414_create_genres_table', 1),
(30, '2024_06_03_074305_create_cast_crew_table', 1),
(31, '2024_06_06_073505_create_constants_table', 1),
(32, '2024_06_06_120151_create_taxes_table', 1),
(33, '2024_06_06_121650_create_devices_table', 1),
(34, '2024_06_06_121909_create_worlds_table', 1),
(35, '2024_06_07_085105_create_entertainments_table', 1),
(36, '2024_06_07_092336_create_currencies_table', 1),
(37, '2024_06_07_095208_create_livetvs_table', 1),
(38, '2024_06_07_095529_create_live_tv_category_table', 1),
(39, '2024_06_08_043704_create_watchlists_table', 1),
(40, '2024_06_08_054515_create_entertainment_gener_mapping_table', 1),
(41, '2024_06_08_054936_create_entertainment_talent_mapping_table', 1),
(42, '2024_06_08_055333_create_entertainment_stream_content_mapping_table', 1),
(43, '2024_06_08_065711_create_reviews_table', 1),
(44, '2024_06_08_091320_create_settings_table', 1),
(45, '2024_06_11_050857_create_seasons_table', 1),
(46, '2024_06_11_084656_create_episodes_table', 1),
(47, '2024_06_11_090807_create_episode_stream_content_mapping_table', 1),
(48, '2024_06_13_073417_create_continue_watch_table', 1),
(49, '2024_06_13_092807_create_likes_table', 1),
(50, '2024_06_13_120109_create_videos_table', 1),
(51, '2024_06_13_121428_create_video_stream_content_mapping_table', 1),
(52, '2024_06_14_044624_create_entertainment_downloads_table', 1),
(53, '2024_06_14_061737_create_live_tv_channel_table', 1),
(54, '2024_06_14_062751_create_live_tv_stream_content_mapping_table', 1),
(55, '2024_06_14_115456_create_filemanagers_table', 1),
(56, '2024_06_15_083524_create_entertainment_download_mapping_table', 1),
(57, '2024_06_18_041529_create_banners_table', 1),
(58, '2024_06_20_094819_create_job_batches_table', 1),
(59, '2024_06_21_070413_create_dashboard_settings_table', 1),
(60, '2024_06_25_051445_create_user_reminder_table', 1),
(61, '2024_06_26_054413_create_entertainment_views_table', 1),
(62, '2024_07_01_075814_create_episode_download_mapping_table', 1),
(63, '2024_07_03_122744_create_pages_table', 1),
(64, '2024_07_09_094304_create_video_download_mappings_table', 1),
(65, '2024_09_13_122239_create_faqs_table', 1),
(66, '2024_09_18_111806_create_user_multi_profiles_table', 1),
(67, '2024_09_19_072214_create_user_search_histories_table', 1),
(68, '2024_09_19_084000_create_user_watch_histories_table', 1),
(69, '2024_09_24_095445_create_entertainment_country_mapping_table', 1),
(70, '2024_09_24_111520_create_sessions_table', 1),
(71, '2024_11_06_121652_create_installers_table', 1),
(72, '2024_12_17_053218_create_alter_continue_watch_table', 1),
(73, '2025_01_22_113233_create_alter_review_table', 1),
(74, '2025_03_26_173650_alter_user_multi_profiles_table', 1),
(75, '2025_03_27_121756_alter_poster_tv_image_table', 1),
(76, '2025_03_29_065106_alter_users_table_add_pin_otp_column', 1),
(77, '2025_03_30_152325_index_for_profile_detail', 1),
(78, '2025_03_31_112851_create_alter_episode_poster_tv_image_table', 1),
(79, '2025_03_31_121344_create_alter_season_poster_tv_image_table', 1),
(80, '2025_04_01_045818_add_banner_for_to_banners_table', 1),
(81, '2025_04_01_162912_index_for_entertainments_table', 1),
(82, '2025_04_02_072249_create_video_poster_tv_image_table', 1),
(83, '2025_04_02_101553_create_tvchannel_poster_tv_image_table', 1),
(84, '2025_04_02_104434_create_banner_poster_tv_image_table', 1),
(85, '2025_04_04_161627_add_index_selected_table', 1),
(86, '2025_04_14_093857_Coupon', 1),
(87, '2025_04_15_071822_coupon_subscription_plan', 1),
(88, '2025_04_17_052158_UserCouponRedeem', 1),
(89, '2025_04_19_095303_add_parental_flag_users', 1),
(90, '2025_05_02_074312_add_pricing_fields_to_entertainments_table', 1),
(91, '2025_05_02_095730_add_pricing_fields_to_videos_table', 1),
(92, '2025_05_02_111741_add_pricing_fields_to_seasons_table', 1),
(93, '2025_05_02_115012_add_pricing_fields_to_episodes_table', 1),
(94, '2025_05_05_040137_alter_entertainment_subtitle_table', 1),
(95, '2025_05_06_094938_create_pay_per_views_table', 1),
(96, '2025_05_07_040757_create_payperviewstransactions_table', 1),
(97, '2025_05_09_091111_create_tv_login_sessions_table', 1),
(98, '2025_05_10_034958_alter_subscriptions_table', 1),
(99, '2025_05_10_091146_add_coupon_discount_to_subscriptions_table', 1),
(100, '2025_05_13_114620_add_column_to_entertainment_table', 1),
(101, '2025_05_16_103735_add_column_to_video_table', 1),
(102, '2025_05_16_104824_add_column_to_video_table_subtitle_file', 1),
(103, '2025_05_16_112032_add_column_to_episode_table_', 1),
(104, '2025_05_19_094309_create_subtitle_tabel', 1),
(105, '2025_05_22_055600_create_ads_table', 1),
(106, '2025_05_22_055800_create_vast_ads_setting', 1),
(107, '2025_05_22_083413_create_custom_ads_setting', 1),
(108, '2025_05_23_000000_add_dates_to_vast_ads_setting', 1),
(109, '2025_06_19_100923_add_start_end_date_to_custom_ads_setting_table', 1),
(110, '2025_07_08_100927_create_seo_table', 1),
(111, '2025_07_11_110337_add_columns_to_entertainments_table', 1),
(112, '2025_07_14_100351_add_seo_fields_to_seasons_table', 1),
(113, '2025_07_14_124514_add_seo_fields_to_epispdes_table', 1),
(114, '2025_07_15_103922_add_seo_fields_to_videos_table', 1),
(115, '2025_08_19_084841_alter_role_permission_table', 1),
(116, '2025_08_21_054322_alter_seo_cloumns_remove', 1),
(117, '2025_09_01_000000_add_mail_and_user_type_to_notification_template_content_mapping', 1),
(118, '2025_09_02_000000_refresh_notification_templates', 1),
(119, '2025_09_16_054414_add_skip_intro_fields_to_entertainments_table', 1),
(120, '2025_09_22_052737_create_clips_table', 1),
(121, '2025_09_29_064919_create_web_qr_sessions_table', 1),
(122, '2025_10_10_044320_add_language_image_url_to_constants_table', 1),
(123, '2025_10_14_055640_add_description_to_banners_table', 1),
(124, '2025_10_29_104110_add_country_code_to_users_table', 1),
(125, '2025_10_31_092651_create_onboardings_table', 1),
(126, '2025_11_03_120500_add_onboarding_permissions_to_roles', 1),
(127, '2025_11_05_082128_add_thumbnail_url_to_videos_table', 1),
(128, '2025_11_12_103358_add_status_to_cast_crew_table', 1),
(129, '2025_12_12_084715_add_episode_ids', 1),
(130, '2025_12_17_061159_add_session_id_and_last_activity_to_devices_table', 1),
(131, '2026_01_07_115650_add_season_number_to_seasons_table', 1);

-- --------------------------------------------------------

--
-- Table structure for table `mobile_settings`
--

CREATE TABLE `mobile_settings` (
  `id` bigint(20) UNSIGNED NOT NULL,
  `name` varchar(191) DEFAULT NULL,
  `slug` varchar(191) DEFAULT NULL,
  `position` int(11) DEFAULT NULL,
  `value` text DEFAULT NULL,
  `created_at` timestamp NULL DEFAULT NULL,
  `updated_at` timestamp NULL DEFAULT NULL,
  `deleted_at` timestamp NULL DEFAULT NULL,
  `type` varchar(191) DEFAULT NULL
) ENGINE=InnoDB DEFAULT CHARSET=utf8mb4 COLLATE=utf8mb4_unicode_ci;

--
-- Dumping data for table `mobile_settings`
--

INSERT INTO `mobile_settings` (`id`, `name`, `slug`, `position`, `value`, `created_at`, `updated_at`, `deleted_at`, `type`) VALUES
(1, 'Banner', 'banner', 1, '1', '2024-07-12 04:58:06', '2024-07-12 04:58:06', NULL, NULL),
(2, 'Continue Watching', 'continue-watching', 2, '1', '2024-07-12 04:58:21', '2024-07-12 04:58:21', NULL, NULL),
(3, 'Top 10', 'top-10', 3, '[\"40\",\"38\",\"69\",\"49\",\"76\",\"89\",\"94\",\"95\",\"99\",\"102\"]', '2024-07-12 04:58:33', '2024-07-12 05:13:17', NULL, NULL),
(4, 'Advertisement', 'advertisement', 4, '1', '2024-07-12 04:58:47', '2024-07-12 04:58:47', NULL, NULL),
(5, 'New Released Movies', 'latest-movies', 5, '[\"89\",\"82\",\"74\",\"46\",\"65\",\"62\",\"58\",\"49\",\"47\"]', '2024-07-12 04:59:02', '2024-07-12 05:14:11', NULL, NULL),
(6, 'Popular language', 'enjoy-in-your-native-tongue', 6, '[\"58\",\"59\",\"60\",\"61\",\"62\",\"63\",\"64\",\"65\",\"66\"]', '2024-07-12 04:59:20', '2024-07-12 05:03:08', NULL, NULL),
(7, 'Popular Movies', 'popular-movies', 7, '[\"89\",\"102\",\"99\",\"49\",\"68\",\"69\",\"75\",\"76\",\"83\"]', '2024-07-12 04:59:36', '2024-07-12 05:18:33', NULL, NULL),
(8, 'Top Channels', 'top-channels', 8, '[\"1\",\"2\",\"3\",\"4\",\"5\",\"6\",\"7\",\"8\",\"9\",\"10\"]', '2024-07-12 05:00:54', '2024-07-12 05:00:54', NULL, NULL),
(9, 'Popular Personalities', 'your-favorite-personality', 9, '[\"1\",\"2\",\"3\",\"4\",\"5\",\"6\",\"7\",\"8\",\"9\",\"10\"]', '2024-07-12 05:01:08', '2024-07-12 05:17:13', NULL, NULL),
(10, 'Free Movies', '500-free-movies', 10, '[\"21\",\"23\",\"24\",\"25\",\"30\",\"31\",\"32\",\"34\",\"33\",\"35\"]', '2024-07-12 05:01:38', '2024-07-12 05:17:34', NULL, NULL),
(11, 'Genres', 'genre', 11, '[\"1\",\"2\",\"3\",\"4\",\"5\",\"6\",\"7\",\"8\"]', '2024-07-12 05:01:52', '2024-07-12 05:19:42', NULL, NULL),
(12, 'Rate our app', 'rate-our-app', 12, '1', '2024-07-12 05:02:08', '2024-07-12 05:02:08', NULL, NULL),
(13, 'Popular TV Show', 'popular-tvshows', 13, '[\"1\",\"4\",\"6\",\"8\",\"9\",\"10\",\"12\",\"17\",\"14\"]', '2024-07-12 04:59:36', '2024-07-12 05:18:33', NULL, NULL),
(14, 'Most Watched Videos', 'popular-videos', 14, '[\"8\",\"36\",\"18\",\"9\",\"20\",\"33\",\"15\",\"34\",\"10\"]', '2024-07-12 04:59:36', '2024-07-12 05:18:33', NULL, NULL);

-- --------------------------------------------------------

--
-- Table structure for table `model_has_permissions`
--

CREATE TABLE `model_has_permissions` (
  `permission_id` bigint(20) UNSIGNED NOT NULL,
  `model_type` varchar(191) NOT NULL,
  `model_id` bigint(20) UNSIGNED NOT NULL
) ENGINE=InnoDB DEFAULT CHARSET=utf8mb4 COLLATE=utf8mb4_unicode_ci;

-- --------------------------------------------------------

--
-- Table structure for table `model_has_roles`
--

CREATE TABLE `model_has_roles` (
  `role_id` bigint(20) UNSIGNED NOT NULL,
  `model_type` varchar(191) NOT NULL,
  `model_id` bigint(20) UNSIGNED NOT NULL
) ENGINE=InnoDB DEFAULT CHARSET=utf8mb4 COLLATE=utf8mb4_unicode_ci;

--
-- Dumping data for table `model_has_roles`
--

INSERT INTO `model_has_roles` (`role_id`, `model_type`, `model_id`) VALUES
(1, 'App\\Models\\User', 1),
(2, 'App\\Models\\User', 2),
(3, 'App\\Models\\User', 3),
(3, 'App\\Models\\User', 4),
(3, 'App\\Models\\User', 5),
(3, 'App\\Models\\User', 6),
(3, 'App\\Models\\User', 7),
(3, 'App\\Models\\User', 8),
(3, 'App\\Models\\User', 9),
(3, 'App\\Models\\User', 10),
(3, 'App\\Models\\User', 11),
(3, 'App\\Models\\User', 12),
(3, 'App\\Models\\User', 13),
(3, 'App\\Models\\User', 14);

-- --------------------------------------------------------

--
-- Table structure for table `modules`
--

CREATE TABLE `modules` (
  `id` bigint(20) UNSIGNED NOT NULL,
  `module_name` varchar(191) DEFAULT NULL,
  `description` text DEFAULT NULL,
  `more_permission` text DEFAULT NULL,
  `status` tinyint(4) NOT NULL DEFAULT 0,
  `deleted_at` timestamp NULL DEFAULT NULL,
  `created_at` timestamp NULL DEFAULT NULL,
  `updated_at` timestamp NULL DEFAULT NULL,
  `is_custom_permission` tinyint(1) NOT NULL DEFAULT 0
) ENGINE=InnoDB DEFAULT CHARSET=utf8mb4 COLLATE=utf8mb4_unicode_ci;

-- --------------------------------------------------------

--
-- Table structure for table `notifications`
--

CREATE TABLE `notifications` (
  `id` char(36) NOT NULL,
  `type` varchar(191) NOT NULL,
  `notifiable_type` varchar(191) NOT NULL,
  `notifiable_id` bigint(20) UNSIGNED NOT NULL,
  `data` longtext NOT NULL,
  `read_at` timestamp NULL DEFAULT NULL,
  `created_at` timestamp NULL DEFAULT NULL,
  `updated_at` timestamp NULL DEFAULT NULL
) ENGINE=InnoDB DEFAULT CHARSET=utf8mb4 COLLATE=utf8mb4_unicode_ci;

-- --------------------------------------------------------

--
-- Table structure for table `notification_templates`
--

CREATE TABLE `notification_templates` (
  `id` bigint(20) UNSIGNED NOT NULL,
  `name` varchar(191) DEFAULT NULL,
  `label` varchar(191) DEFAULT NULL,
  `description` longtext DEFAULT NULL,
  `type` varchar(191) DEFAULT NULL,
  `to` longtext DEFAULT NULL,
  `bcc` longtext DEFAULT NULL,
  `cc` longtext DEFAULT NULL,
  `status` tinyint(4) NOT NULL DEFAULT 0,
  `channels` varchar(191) DEFAULT NULL,
  `created_by` int(10) UNSIGNED DEFAULT NULL,
  `updated_by` int(10) UNSIGNED DEFAULT NULL,
  `deleted_by` int(10) UNSIGNED DEFAULT NULL,
  `created_at` timestamp NULL DEFAULT NULL,
  `updated_at` timestamp NULL DEFAULT NULL,
  `deleted_at` timestamp NULL DEFAULT NULL
) ENGINE=InnoDB DEFAULT CHARSET=utf8mb4 COLLATE=utf8mb4_unicode_ci;



-- --------------------------------------------------------

--
-- Table structure for table `notification_template_content_mapping`
--

CREATE TABLE `notification_template_content_mapping` (
  `id` int(10) UNSIGNED NOT NULL,
  `template_id` bigint(20) UNSIGNED DEFAULT NULL,
  `language` varchar(191) DEFAULT NULL,
  `user_type` varchar(191) DEFAULT NULL,
  `template_detail` longtext DEFAULT NULL,
  `subject` varchar(191) DEFAULT NULL,
  `notification_subject` varchar(191) DEFAULT NULL,
  `notification_template_detail` longtext DEFAULT NULL,
  `notification_message` varchar(191) DEFAULT NULL,
  `notification_link` varchar(191) DEFAULT NULL,
  `status` tinyint(4) NOT NULL DEFAULT 0,
  `created_by` int(10) UNSIGNED DEFAULT NULL,
  `updated_by` int(10) UNSIGNED DEFAULT NULL,
  `deleted_by` int(10) UNSIGNED DEFAULT NULL,
  `created_at` timestamp NULL DEFAULT NULL,
  `updated_at` timestamp NULL DEFAULT NULL,
  `deleted_at` timestamp NULL DEFAULT NULL
) ENGINE=InnoDB DEFAULT CHARSET=utf8mb4 COLLATE=utf8mb4_unicode_ci;



-- --------------------------------------------------------

--
-- Table structure for table `onboardings`
--

CREATE TABLE `onboardings` (
  `id` bigint(20) UNSIGNED NOT NULL,
  `title` text DEFAULT NULL,
  `description` longtext DEFAULT NULL,
  `file_url` text DEFAULT NULL,
  `status` tinyint(4) NOT NULL DEFAULT 1,
  `created_by` int(10) UNSIGNED DEFAULT NULL,
  `updated_by` int(10) UNSIGNED DEFAULT NULL,
  `deleted_by` int(10) UNSIGNED DEFAULT NULL,
  `created_at` timestamp NULL DEFAULT NULL,
  `updated_at` timestamp NULL DEFAULT NULL,
  `deleted_at` timestamp NULL DEFAULT NULL
) ENGINE=InnoDB DEFAULT CHARSET=utf8mb4 COLLATE=utf8mb4_unicode_ci;

--
-- Dumping data for table `onboardings`
--

INSERT INTO `onboardings` (`id`, `title`, `description`, `file_url`, `status`, `created_by`, `updated_by`, `deleted_by`, `created_at`, `updated_at`, `deleted_at`) VALUES
(1, 'Watch on any device: Enjoy content wherever you go', 'Stream across all devices without extra charges.', 'walk_image1.png', 1, NULL, NULL, NULL, '2026-02-25 03:28:53', '2026-02-25 03:28:53', NULL),
(2, 'Download & Go: Access content anywhere, anytime!', 'Download & enjoy content on the go, anywhere, anytime.', 'walk_image2.png', 1, NULL, NULL, NULL, '2026-02-25 03:28:53', '2026-02-25 03:28:53', NULL),
(3, 'No commitments or hassles - Join us today!', 'Join us hassle-free and no contracts required.', 'walk_image3.png', 1, NULL, NULL, NULL, '2026-02-25 03:28:53', '2026-02-25 03:28:53', NULL);

-- --------------------------------------------------------

--
-- Table structure for table `pages`
--

CREATE TABLE `pages` (
  `id` bigint(20) UNSIGNED NOT NULL,
  `name` varchar(191) NOT NULL,
  `slug` varchar(191) NOT NULL,
  `sequence` int(11) DEFAULT NULL,
  `description` longtext NOT NULL,
  `status` tinyint(4) NOT NULL DEFAULT 1,
  `created_by` int(10) UNSIGNED DEFAULT NULL,
  `updated_by` int(10) UNSIGNED DEFAULT NULL,
  `deleted_by` int(10) UNSIGNED DEFAULT NULL,
  `created_at` timestamp NULL DEFAULT NULL,
  `updated_at` timestamp NULL DEFAULT NULL,
  `deleted_at` timestamp NULL DEFAULT NULL
) ENGINE=InnoDB DEFAULT CHARSET=utf8mb4 COLLATE=utf8mb4_unicode_ci;

--
-- Dumping data for table `pages`
--

INSERT INTO `pages` (`id`, `name`, `slug`, `sequence`, `description`, `status`, `created_by`, `updated_by`, `deleted_by`, `created_at`, `updated_at`, `deleted_at`) VALUES
(1, 'Privacy Policy', 'privacy-policy', NULL, '<p data-pm-slice=\"0 0 []\">Iqonic Design Streamit Laravel (&ldquo;we,&rdquo; &ldquo;our,&rdquo; or &ldquo;us&rdquo;) is committed to protecting your privacy. At Iqonic Design, we are committed to protecting your privacy and ensuring that your personal information is handled securely.</p>\r\n<p>This Privacy Policy applies to our website, and its associated subdomains (collectively, our &ldquo;Service&rdquo;) alongside our application, Iqonic Design Streamit Laravel. By accessing or using our Service, you signify that you have read, understood, and agree to our collection described in this Privacy Policy and our Terms of Service.</p>\r\n<p>This Privacy Policy outlines how we collect, use, and safeguard your data when you use Streamit Laravel.</p>\r\n<p><strong>1. Introduction </strong></p>\r\n<p>At Iqonic Design, we are dedicated to safeguarding your privacy and ensuring your personal data is handled securely. This Privacy Policy explains how we collect, use, and protect your information when you use our services through the Streamit Laravel platform, including our website and associated applications. By accessing or using our services, you acknowledge that you have read and understood this Privacy Policy and agree to its terms.</p>\r\n<p><strong>2. Information We Collect </strong></p>\r\n<p>We may collect several types of information when you use Streamit Laravel, including:</p>\r\n<p><strong>- Personal Information:</strong> Information you provide, such as your name, email address, payment information (e.g., credit card details), and any other personal information required for account creation and subscription services.</p>\r\n<p><strong>- Usage Data:</strong> Details about how you interact with the platform, such as your IP address, browser type, device details, pages you visit, and your streaming activity. This data helps us optimize your experience and improve our service.</p>\r\n<p><strong>- Cookies and Tracking Technologies:</strong> We use cookies and similar technologies to track user preferences, enhance your experience, and analyze traffic. You can manage your cookie settings through your browser.</p>\r\n<p><strong>3. How We Use Your Information </strong></p>\r\n<p>We collect and use your information to:</p>\r\n<p><strong>- Provide Streaming Services:</strong> To deliver content, manage user accounts, and personalize recommendations based on your viewing habits.</p>\r\n<p><strong>- Process Transactions:</strong> For managing subscriptions, handling payments securely, and maintaining transaction histories.</p>\r\n<p><strong>- Improve User Experience:</strong> Analyze how users interact with the platform to improve navigation, content suggestions, and overall performance.</p>\r\n<p><strong>- Communications:</strong> Send important notifications related to service updates, billing, and personalized marketing content based on your preferences (you can opt out of marketing communications).</p>\r\n<p><strong>- Security:</strong> Use collected information to ensure the security of the platform, prevent fraud, and monitor potential misuse.</p>\r\n<p><strong>4. Data Sharing and Disclosure </strong></p>\r\n<p>WWe value your privacy and do not sell, rent, or disclose your personal information to third parties except in the following circumstances:</p>\r\n<p><strong>- Service Providers:</strong> We may share your data with third-party service providers, such as payment processors or cloud storage providers, solely to help us deliver our services. These providers are bound by strict confidentiality agreements and are only authorized to use your information for the purpose of providing services to us.</p>\r\n<p><strong>- Legal Requirements:</strong> We will only disclose your personal information if required by law, such as to comply with a legal obligation, or in response to valid legal processes like subpoenas, court orders, or other government demands. This will only occur when we have a legal basis to do so.</p>\r\n<p>-<strong> Business Transfers (If Applicable):</strong> In the event that Iqonic Design undergoes a business transition such as a merger, acquisition, or sale of all or part of our assets, your information may be transferred as part of the transaction. If such a transfer occurs, we will notify you and ensure that the new entity adheres to this Privacy Policy or offers similar protections.</p>\r\n<p><strong>5. Your Rights </strong></p>\r\n<p>You have certain rights regarding your personal information, including:</p>\r\n<p><strong>- Streamit LaravelAccess and CorrectionStreamit Laravel:</strong> You may access, correct, or update your personal data through your account settings.</p>\r\n<p><strong>- Streamit LaravelDeletionStreamit Laravel:</strong> You may request the deletion of your account and associated data by contacting our support team.</p>\r\n<p><strong>- Streamit LaravelData PortabilityStreamit Laravel:</strong> You have the right to request your personal data in a structured, machine-readable format to transfer to another service provider.</p>\r\n<p><strong>- Streamit LaravelOpting Out of Marketing CommunicationsStreamit Laravel:</strong> You can opt out of receiving promotional emails or other communications at any time by adjusting your account settings or contacting us.</p>\r\n<p><strong>6. Data Security </strong></p>\r\n<p>We take the protection of your personal data very seriously and prioritize its security using a range of industry-standard security measures. These measures are designed to safeguard your information from unauthorized access, disclosure, or misuse. Our security practices include the use of encryption, secure data storage systems, firewalls, and regular security audits to detect vulnerabilities. In addition to these technical measures, we employ strict internal policies to control access to sensitive data, ensuring that only authorized personnel can handle it.</p>\r\n<p>Despite our efforts to implement strong security systems, it\'s important to recognize that no method of transmission over the internet or method of electronic storage is completely secure. As such, while we are committed to doing our utmost to protect your personal information, we cannot guarantee absolute security. If you suspect any breach or unauthorized access to your account, please notify us immediately so we can take appropriate action to secure your data.</p>\r\n<p><strong> 7. Children&rsquo;s Privacy </strong></p>\r\n<p>The Streamit Laravel platform is designed for use by individuals aged 13 and older. We are committed to protecting the privacy of children and do not knowingly collect personal information from individuals under the age of 13. In compliance with the Children&rsquo;s Online Privacy Protection Act (COPPA) and similar regulations, we take precautions to avoid collecting any data from minors.</p>\r\n<p>If you are a parent or guardian and become aware that your child has provided us with personal information without your consent, please contact us immediately. Upon receiving such a request, we will promptly review and remove the child\'s information from our system to ensure it is not used or stored. We take the privacy of minors seriously, and we will act quickly to address any concerns.</p>\r\n<p><strong>8. Changes to This Privacy Policy </strong></p>\r\n<p>Our privacy practices may evolve over time as we introduce new features, services, or update our operational procedures. To ensure transparency, we reserve the right to make changes to this Privacy Policy from time to time. Such updates may reflect changes in legal requirements, our business practices, or the introduction of new technologies.</p>\r\n<p>In the event of any significant modifications to the way we collect, use, or store your data, we will provide you with clear notification either via email or by placing a prominent notice on our platform. We encourage you to review this Privacy Policy periodically to stay informed of any updates or changes. Your continued use of our services after changes have been made constitutes your acceptance of the updated policy.</p>\r\n<p><strong>9. Contact Us </strong></p>\r\n<p>If you have any questions, concerns, or require further clarification regarding this Privacy Policy, our team is here to help. We value open communication with our users and are committed to addressing any concerns related to your personal data and privacy.</p>\r\n<p>You can contact us via the following email:</p>\r\n<p><strong>- Email:</strong> hello@iqonic.design</p>\r\n<p>We aim to respond to all queries in a timely manner and ensure that your privacy concerns are addressed effectively.</p>\r\n<p><strong>10. Data Deletion Request </strong></p>\r\n<p>We are committed to providing you with control over your personal information and ensuring that your data is handled in accordance with your preferences. If at any time you wish to request the deletion of your personal data from our servers, we offer a straightforward process to facilitate this.</p>\r\n<p>To request the deletion of your data, please send an email from your registered email address to our dedicated privacy inbox at hello@iqonic.design. Include the subject line \"Data Deletion Request\" and provide any necessary details regarding your account. Upon receiving your request, our team will thoroughly review the provided information, verify your identity, and proceed with the deletion of your data as required by our privacy policies and applicable legal obligations.</p>\r\n<p>Please note that certain legal requirements or regulatory obligations may require us to retain certain information for a specified period, even after a deletion request has been made. However, we will ensure that any retained data is handled securely and in compliance with relevant privacy laws.</p>\r\n<p>&nbsp;</p>\r\n<p><strong>This privacy policy helps ensure transparency and clarity about how Iqonic Design handles your data within Streamit Laravel. </strong></p>\r\n<p><strong>Thank you for using Streamit Laravel. Your privacy is important to us, and we are committed to safeguarding your personal information.&nbsp;&nbsp;</strong></p>', 1, NULL, 1, NULL, '2024-09-27 22:19:15', '2024-10-17 06:37:43', NULL),
(2, 'Terms & Conditions', 'terms-conditions', NULL, '<p>Welcome to Streamit Laravel, a premier streaming platform developed by Iqonic Design. By accessing or using our services, you agree to comply with and be bound by these Terms and Conditions. These terms outline your rights and responsibilities when using our platform, and we encourage you to read them carefully. If you do not agree with these terms, please refrain from using the service.</p>\r\n<p><strong>1. Acceptance of Terms</strong></p>\r\n<p>By using Streamit Laravel, you acknowledge that you have read, understood, and agree to be bound by these Terms and Conditions. This agreement serves as a legally binding contract between you and Iqonic Design. If you do not agree to any of these terms, please refrain from using our services. We reserve the right to update these terms at any time, and it is your responsibility to review them periodically for changes.</p>\r\n<p><strong>2. Eligibility</strong></p>\r\n<p>To access and use Streamit Laravel, you must be at least 18 years old or the age of majority in your jurisdiction. If you are under 18, you may only use the service under the supervision of a parent or legal guardian who agrees to these Terms and Conditions. By using the service, you represent that you meet these eligibility requirements and that you are legally able to enter into this agreement. We reserve the right to terminate your account if you do not meet these criteria.</p>\r\n<p><strong>3. User Accounts</strong></p>\r\n<p>To access certain features of Streamit Laravel, you may be required to create a user account. When creating an account, you agree to provide accurate, complete, and up-to-date information, including your name, email address, and any other required details. You are responsible for maintaining the confidentiality of your account information, including your password. Any activity performed using your account is your responsibility, and you agree to notify us immediately of any unauthorized use of your account or any other breach of security. We are not liable for any loss or damage arising from your failure to comply with these requirements.</p>\r\n<p><strong>4. Subscription Plans</strong></p>\r\n<p>Streamit Laravel offers a variety of subscription plans, each with different features and benefits tailored to meet the needs of our diverse user base. By subscribing, you agree to pay the applicable fees associated with your chosen plan, which will be billed in advance on a recurring basis. Subscription fees are non-refundable, except as specified in our refund policy. The specific features of each subscription plan are detailed on our platform. We reserve the right to modify, enhance, or discontinue any plan at our discretion, ensuring that we continuously provide value to our users.</p>\r\n<p><strong>5. Payment and Billing</strong></p>\r\n<p>Payments for subscriptions are processed through secure third-party payment gateways, including Stripe, RazorPay, Paystack, PayPal, and FlutterWave. You are responsible for providing accurate and complete payment information. If the payment is not successfully processed due to insufficient funds, expired card information, or any other reason, we reserve the right to suspend or terminate your account. All fees are subject to applicable taxes, and you are responsible for paying any additional charges incurred in your region. By providing payment information, you authorize us to charge the payment method for the subscription fees and any other applicable charges.</p>\r\n<p><strong>6. Content Access and Usage</strong></p>\r\n<p>Upon subscribing, you are granted a limited, non-exclusive, non-transferable license to access and view the content available on Streamit Laravel for personal, non-commercial use. This license is intended solely for your enjoyment and personal viewing. You may not reproduce, distribute, modify, publicly display, publicly perform, republish, download, or store any content from the service without obtaining prior written consent from us. All content remains the property of Iqonic Design or its content providers, and unauthorized use of the content may result in legal action.</p>\r\n<p><strong>7. Intellectual Property</strong></p>\r\n<p>All content available on Streamit Laravel, including but not limited to movies, TV shows, graphics, logos, software, and any associated trademarks, is protected by copyright, trademark, and other intellectual property laws. You agree not to infringe, violate, or misuse any intellectual property rights belonging to Iqonic Design or third-party content providers. Unauthorized use of the content may lead to civil and criminal penalties. If you wish to use any content for commercial purposes, you must obtain prior written permission from the rightful owner.</p>\r\n<p><strong>8. Prohibited Activities</strong></p>\r\n<p>While using Streamit Laravel, you agree not to engage in any unlawful activities or conduct that violates these Terms and Conditions. This includes, but is not limited to:</p>\r\n<p>- Uploading or distributing malicious software, viruses, or any other harmful code.</p>\r\n<p>- Interfering with the security of the service or the experience of other users.</p>\r\n<p>- Attempting to bypass any content protection mechanisms or access restricted areas of the platform.</p>\r\n<p>- Sharing your login credentials with others or using another user\'s account without permission. Engaging in any of these prohibited activities may result in immediate termination of your account and potential legal action.</p>\r\n<p><strong>9. Third-Party Links</strong></p>\r\n<p>Streamit Laravel may contain links to third-party websites or services that are not owned or controlled by Iqonic Design. We have no control over, and assume no responsibility for, the content, privacy policies, or practices of any third-party sites. Your interactions with these third-party services are governed by their own terms and policies. We encourage you to read the terms and conditions of any third-party website you visit. Iqonic Design is not responsible for any damages or losses caused by your use of these third-party services.</p>\r\n<p><strong>10. Termination of Service</strong></p>\r\n<p>We reserve the right to suspend or terminate your access to Streamit Laravel at any time, with or without notice, if you breach these Terms and Conditions or engage in conduct that we deem harmful to the platform or other users. In the event of termination, your right to use the service will immediately cease, and you may lose access to any content associated with your account. We will not be liable to you or any third party for any termination of your access to the service. Upon termination, any provisions of these terms that, by their nature, should survive termination shall remain in effect.</p>\r\n<p><strong>11. Limitation of Liability</strong></p>\r\n<p>In no event shall Iqonic Design or its affiliates be liable for any indirect, incidental, special, or consequential damages arising from your use or inability to use the Streamit Laravel service. This includes, but is not limited to, damages for loss of profits, data, or other intangible losses, even if we have been advised of the possibility of such damages. Your sole remedy for dissatisfaction with the service is to stop using it. Our liability for any claims arising out of these Terms and Conditions shall not exceed the total amount paid by you for the service during the twelve (12) months preceding the claim.</p>\r\n<p><strong>12. Disclaimer of Warranties</strong></p>\r\n<p>The Streamit Laravel service is provided \"as is\" and \"as available.\" Iqonic Design makes no warranties or representations about the accuracy, reliability, or availability of the service. We disclaim all warranties, whether express or implied, including but not limited to implied warranties of merchantability, fitness for a particular purpose, and non-infringement. We do not guarantee that the service will be uninterrupted, secure, or error-free, and we are not responsible for any interruptions or errors in the service. Your use of the service is at your own risk.</p>\r\n<p><strong>13. Modifications to Terms</strong></p>\r\n<p>We reserve the right to modify these Terms and Conditions at any time. Any changes will be effective immediately upon posting on our platform. Your continued use of the service after the changes means you accept the new terms. We encourage you to review these Terms regularly to stay informed of any updates. If you do not agree with any changes, you should stop using the service. Continued access to Streamit Laravel after modifications indicates your acceptance of the updated terms.</p>\r\n<p><strong>14. Governing Law</strong></p>\r\n<p>These Terms and Conditions shall be governed by and construed in accordance with the laws of the jurisdiction in which Iqonic Design operates. Any legal actions arising from these terms must be filed in the appropriate courts of that jurisdiction. If any provision of these terms is found to be unenforceable, the remaining provisions will remain in full force and effect. By using Streamit Laravel, you consent to the exclusive jurisdiction of the courts located in that jurisdiction.</p>\r\n<p><strong>15. Contact Us</strong></p>\r\n<p>If you have any questions, concerns, or comments about these Terms and Conditions, please contact us at:</p>\r\n<p>- Email: hello@iqonic.design</p>\r\n<p><strong>We appreciate your cooperation and understanding of these Terms and Conditions. They are designed to protect both your rights and those of our users, ensuring a secure and enjoyable streaming experience on Streamit Laravel.</strong></p>\r\n<p>&nbsp;</p>', 1, NULL, 1, NULL, '2024-09-27 22:19:15', '2024-10-17 06:38:56', NULL),
(3, 'Help and Support', 'help-and-support', NULL, '<p>Welcome to Streamit Laravel Help &amp; Support! At Iqonic Design, we strive to offer you the best streaming experience possible. Should you have any questions, concerns, or need assistance with Streamit Laravel, you&rsquo;ve come to the right place. Our dedicated support team is here to help you with technical issues, general queries, and everything in between. We are committed to ensuring a smooth and enjoyable streaming experience.</p>\r\n<p><strong>Frequently Asked Questions (FAQs)</strong></p>\r\n<p>Before contacting us, we highly recommend checking our [FAQ Page] for common issues and their solutions. We continuously update this page to address frequently asked user queries, offering you the quickest route to a solution.</p>\r\n<p><strong>Contact Support</strong></p>\r\n<p>If you need further assistance, feel free to contact our support team at:</p>\r\n<p>📧 <strong>Email: hello@iqonic.design</strong></p>\r\n<p>We aim to respond to all queries within 24 to 48 hours (Monday through Friday). Our priority is resolving your issue as swiftly as possible.</p>\r\n<p><strong>How Can We Assist You?</strong></p>\r\n<p>Our support services include:</p>\r\n<p><strong>1. Account &amp; Subscription Issues&nbsp;&nbsp;</strong></p>\r\n<p>&nbsp; &nbsp;- Experiencing issues with your account setup, subscription, or payments? We&rsquo;re available to assist with any difficulties you encounter during the process of managing your account or subscription plan.</p>\r\n<p><strong>2. App Navigation &amp; Features&nbsp;&nbsp;</strong></p>\r\n<p>&nbsp; &nbsp;- Whether you\'re a new user or need help with specific features, we can guide you. Streamit Laravel is designed with user-friendly features, and we are here to help you make the most out of them.</p>\r\n<p><strong>3. Technical Support&nbsp;&nbsp;</strong></p>\r\n<p>&nbsp; &nbsp;- Facing technical difficulties with the app? Our technical team is prepared to assist with any malfunctions, connectivity problems, or performance issues to ensure that your streaming experience is uninterrupted.</p>\r\n<p><strong>4. Content Inquiries&nbsp;</strong>&nbsp;</p>\r\n<p>&nbsp; &nbsp;- Do you have questions about our content? We&rsquo;re happy to clarify any concerns regarding the availability, features, or quality of the content in our library.</p>\r\n<p><strong>5. Feedback &amp; Suggestions&nbsp;&nbsp;</strong></p>\r\n<p>&nbsp; &nbsp;- We value your feedback! Your input helps us improve your experience, and we carefully consider all suggestions and reported issues.</p>\r\n<p><strong>Quick Assistance Steps</strong></p>\r\n<p><strong>For a faster response, follow these steps:</strong></p>\r\n<p>1. Check our FAQ page to see if your issue has already been addressed.</p>\r\n<p>2. Email us at hello@iqonic.design with your query.</p>\r\n<p>3. Include the following details for faster resolution:</p>\r\n<p>- Your device model and operating system (OS) version.</p>\r\n<p>- A brief description of the issue.</p>\r\n<p>- Screenshots or steps to replicate the problem (if applicable).</p>\r\n<p><strong>Help Us Help You</strong></p>\r\n<p>To help us serve you better, please provide the following information in your support request:</p>\r\n<p>- Your registered email address associated with Streamit Laravel.</p>\r\n<p>- A detailed description of the issue you\'re experiencing.</p>\r\n<p>- Any relevant steps to replicate the problem, including device and app information.</p>\r\n<p>&nbsp;</p>\r\n<p><strong>We are committed to ensuring your experience is smooth and enjoyable. Our team works diligently to resolve all queries and technical issues, helping you return to your seamless streaming experience as quickly as possible.</strong></p>\r\n<p><strong>Thank you for choosing Streamit Laravel! Your satisfaction is our top priority, and we&rsquo;re always here to assist you with any concerns or questions.</strong></p>', 1, NULL, 1, NULL, '2024-09-27 22:19:15', '2024-10-17 06:44:35', NULL),
(4, 'Refund and Cancellation Policy', 'refund-and-cancellation-policy', NULL, '<p>At Iqonic Design, we strive to ensure our customers have a seamless experience with Streamit Laravel. Please read our Refund and Cancellation Policy carefully to understand your rights and obligations.</p>\r\n<p><strong>1. Subscription Cancellations</strong></p>\r\n<p>You may cancel your subscription to Streamit Laravel at any time. Upon cancellation:</p>\r\n<p><strong>- Continued Access:</strong> You will retain access to premium content and services until the end of your current billing cycle. There will be no disruption in service during this period.</p>\r\n<p><strong>- No Refund for Partial Periods:</strong> We do not provide refunds for unused portions of the subscription period. Your access will remain until the next billing date.</p>\r\n<p><strong>- How to Cancel:</strong> To cancel your subscription, visit your account settings in the app or contact our support team at hello@iqonic.design. Ensure that you follow the instructions clearly to avoid any confusion regarding cancellation timing.</p>\r\n<p><strong>2. Refund Eligibility</strong></p>\r\n<p><strong>Refunds may be granted under the following circumstances:</strong></p>\r\n<p><strong>- Accidental Billing:</strong> If you were incorrectly charged due to a technical error or duplicate billing, please contact us immediately to resolve the issue.</p>\r\n<p><strong>- Unauthorized Transactions:</strong> In the event your account was used without your permission, please notify us within 7 days of the transaction to be eligible for a refund.</p>\r\n<p><strong>Non-Refundable Cases:</strong></p>\r\n<p>Refunds will not be provided under the following circumstances:</p>\r\n<p><strong>- Change of Mind:</strong> If you decide you no longer want the subscription after purchase, we cannot provide a refund.</p>\r\n<p><strong>- Dissatisfaction with Content:</strong> Refunds will not be given solely based on dissatisfaction with the available content unless the service is defective or significantly misrepresented.</p>\r\n<p><strong>- Lack of Usage:</strong> If you do not use the service after subscribing, you will not be eligible for a refund.</p>\r\n<p><strong>3. Refund Process</strong></p>\r\n<p>If you qualify for a refund, the process will be as follows:</p>\r\n<p><strong>- Contact Support:</strong> Email us at hello@iqonic.design with the following details:</p>\r\n<p>&nbsp; * Your registered email address.</p>\r\n<p>&nbsp; * Subscription details (Plan name, Payment Date).</p>\r\n<p>&nbsp; * Reason for the refund request.</p>\r\n<p><strong>- Verification Process:</strong> We will review your request and confirm your eligibility for a refund. Additional information may be requested to complete this verification.</p>\r\n<p><strong>- Processing Time:</strong> Once approved, refunds will be processed within 7&ndash;10 business days. The refunded amount will be credited to the original payment method used during the transaction.</p>\r\n<p><strong>4. Free Trials</strong></p>\r\n<p>If you sign up for a free trial and choose not to continue with a paid subscription, you must cancel before the trial period ends to avoid being charged. No refunds will be provided if the subscription is not canceled before the trial expiration date. Ensure you monitor your trial period closely to avoid unwanted charges.</p>\r\n<p><strong>5. Changes to This Policy</strong></p>\r\n<p>Iqonic Design reserves the right to update or modify this Refund and Cancellation Policy at any time. We will notify users of any significant changes via email or in-app notifications. Continued use of Streamit Laravel after changes are made will signify your acceptance of the revised policy.</p>\r\n<p><strong>6. Contact Us</strong></p>\r\n<p>If you have any questions about this policy or need further assistance, please reach out to us at:</p>\r\n<p><strong>📧 Email: hello@iqonic.design&nbsp;&nbsp;</strong></p>\r\n<p><strong>We are always available to assist with any concerns you may have about refunds or cancellations. Your satisfaction is important to us, and we strive to address any issues promptly.</strong></p>\r\n<p><strong>Thank you for choosing Streamit Laravel and for being a valued customer of Iqonic Design!</strong></p>\r\n<p>Company:<strong>&nbsp;Iqonic Design&nbsp;&nbsp;</strong></p>\r\n<p>Product:<strong>&nbsp;Streamit Laravel&nbsp;&nbsp;</strong></p>\r\n<p>Support Contact:<strong>&nbsp;hello@iqonic.design</strong></p>', 1, NULL, 1, NULL, '2024-09-27 22:19:15', '2024-10-17 07:04:17', NULL),
(5, 'Data Deletion Request', 'data-deletation-request', NULL, '<p>At Iqonic Design, we value the privacy of our users and are committed to ensuring your personal data is handled securely. If you wish to request the deletion of your data associated with Streamit Laravel, please review the following guidelines.</p>\r\n<p><strong>1. Right to Data Deletion</strong></p>\r\n<p>In accordance with global data protection laws, you have the right to request the deletion of your personal data stored within our systems. Once your request is verified, we will remove your data from our servers unless certain legal obligations require us to retain it.</p>\r\n<p><strong>2. Information We Delete</strong></p>\r\n<p>When submitting a data deletion request, the following data will be removed:</p>\r\n<p><strong>* Personal Information:</strong> Name, email address, phone number, and any other personally identifiable information.</p>\r\n<p><strong>* Account Details:</strong> Subscription history, payment details, and usage data.</p>\r\n<p><strong>* Watchlists and Preferences:</strong> Any watchlist, preferences, or custom content recommendations.</p>\r\n<p><strong>**Please note: After the data is deleted, you will no longer have access to your Streamit Laravel account, and the action is irreversible**</strong></p>\r\n<p><strong>3. How to Submit a Data Deletion Request</strong></p>\r\n<p>To request the deletion of your data:</p>\r\n<p><strong>* Email Request:</strong> Send an email to hello@iqonic.design with the subject line \"Data Deletion Request.\"</p>\r\n<p><strong>* Required Information:</strong> Include the following details in your email:</p>\r\n<p>&nbsp; &nbsp;- Your full name.</p>\r\n<p>&nbsp; &nbsp;- Your registered email address.</p>\r\n<p>&nbsp; &nbsp;- Reason for your data deletion request (optional).</p>\r\n<p><strong>* Verification:</strong> We may contact you to verify your identity before proceeding with the deletion.</p>\r\n<p><strong>4. Processing Time</strong></p>\r\n<p>Upon receiving and verifying your request, we will process the deletion within 30 days. You will be notified once your data has been successfully deleted.</p>\r\n<p><strong>5. Exceptions to Data Deletion</strong></p>\r\n<p>Certain data may not be eligible for deletion if:</p>\r\n<p>- Legal Obligations: We are required to retain your data for legal, regulatory, or contractual reasons.</p>\r\n<p>- Ongoing Transactions: If there are any unresolved issues such as pending transactions, your data may be retained until those issues are resolved.</p>\r\n<p><strong>6. Impact of Data Deletion</strong></p>\r\n<p>Once your data is deleted:</p>\r\n<p>- You will lose access to your Streamit Laravel account.</p>\r\n<p>- Any remaining subscription time will be forfeited, and no refunds will be issued.</p>\r\n<p>- You will need to create a new account if you wish to use our services again in the future.</p>\r\n<p><strong>7. Contact Us</strong></p>\r\n<p>If you have any questions about this policy or need assistance with your data deletion request, please reach out to us at:</p>\r\n<p>📧 Email: hello@iqonic.design&nbsp;&nbsp;</p>\r\n<p>&nbsp;</p>\r\n<p><strong>Our team is here to help you with any concerns related to your personal data and privacy.</strong></p>\r\n<p><strong>Thank you for using Streamit Laravel, and for trusting Iqonic Design with your privacy.</strong></p>', 1, NULL, 1, NULL, '2024-09-27 22:19:15', '2024-10-17 07:04:36', NULL),
(6, 'About Us', 'about-us', NULL, '<p><strong>About Streamit Laravel by Iqonic Design</strong></p>\r\n<p>Welcome to Streamit Laravel, a next-generation streaming platform proudly developed by Iqonic Design. We specialize in creating cutting-edge digital solutions, and Streamit Laravel is our latest breakthrough in the world of online entertainment. Whether you\'re a movie lover, a TV show binge-watcher, or enjoy live events, our platform is designed to deliver high-quality content directly to your device, ensuring a seamless, uninterrupted experience. Streamit Laravel combines advanced technology with a user-friendly interface to cater to audiences worldwide.</p>\r\n<p><strong>Our Mission</strong></p>\r\n<p>Our mission at Iqonic Design is to reshape how digital content is consumed by creating a streaming platform that prioritizes speed, reliability, and personalization. Streamit Laravel is built using the latest technologies to provide users with superior streaming quality, customized recommendations, and an easy-to-use content management system. We are committed to making entertainment accessible and enjoyable for all audiences, whether you\'re at home or on the go.</p>\r\n<p><strong>Why Choose Streamit Laravel?</strong></p>\r\n<p>- Top-Tier Streaming Experience: Dive into high-definition and 4K content with smooth playback, ensuring no buffering even during high-traffic periods.</p>\r\n<p>- Personalized Content Recommendations: Our AI-driven recommendation system curates content based on your viewing history, making it easy to discover your next favorite show or movie.</p>\r\n<p>- Multi-Device Compatibility: Enjoy Streamit Laravel on your mobile, tablet, smart TV, or desktop, with seamless syncing across all devices.</p>\r\n<p>- Exclusive Content &amp; Features: Gain access to exclusive shows, movies, and live events that are unavailable on other platforms, along with features like offline downloads and customizable viewing settings.</p>\r\n<p>- Scalable &amp; Customizable for Developers: Streamit Laravel offers a flexible architecture that developers can tailor to specific needs, with options for scalability and integrations with other platforms.</p>\r\n<p>- Comprehensive Content Management: Our platform is designed for content creators and streamers, allowing them to efficiently manage their movies, TV shows, episodes, and live TV in one easy-to-use dashboard.</p>\r\n<p>- Enhanced Security &amp; Privacy: We employ cutting-edge encryption and security protocols to safeguard your data and protect against unauthorized access or breaches.</p>\r\n<p><strong>Our Vision&nbsp;&nbsp;</strong></p>\r\n<p>We envision a world where entertainment is no longer bound by geographical or technological limitations. With Streamit Laravel, we aim to revolutionize digital content consumption, offering users the flexibility to watch anything, anywhere, at any time. Our vision extends beyond just entertainment&mdash;we seek to empower creators by providing a dynamic platform where they can showcase their content to a global audience while maintaining full control over their media. As technology evolves, so does Streamit Laravel, constantly improving to meet the demands of today&rsquo;s and tomorrow&rsquo;s viewers.</p>\r\n<p><strong>What Sets Us Apart?</strong></p>\r\n<p><strong>- Adaptive Streaming Technology:</strong> Our adaptive bitrate streaming automatically adjusts video quality based on your internet connection, ensuring uninterrupted playback at the highest quality your network supports.</p>\r\n<p><strong>- Collaborative Content Creation:</strong> Streamit Laravel allows content creators to collaborate, share, and co-produce projects, fostering a community of innovation and creativity.</p>\r\n<p><strong>- Immersive Viewing Experience:</strong> Our platform offers advanced features like multi-language subtitles, customizable captions, and interactive content for an enhanced viewing experience.</p>\r\n<p><strong>- Diverse Genre Library:</strong> Explore a wide range of genres, from action and thrillers to romance, horror, and documentaries. Whatever your preference, there&rsquo;s something for everyone on Streamit Laravel.</p>\r\n<p><strong>- Real-Time Notifications &amp; Updates:</strong> Stay updated with new releases, exclusive content, and upcoming live events with personalized notifications based on your preferences.</p>\r\n<p><strong>Connect with Us&nbsp;&nbsp;</strong></p>\r\n<p>We value our community and encourage feedback to help us improve. If you have any questions, suggestions, or require assistance, our support team is ready to help:</p>\r\n<p><strong>📧 Support Email: hello@iqonic.design</strong></p>\r\n<p>Join us in our journey to transform the entertainment landscape with Streamit Laravel&mdash;where technology and creativity come together to offer the ultimate streaming experience.</p>\r\n<p>Company:&nbsp;<strong>Iqonic Design&nbsp;&nbsp;</strong></p>\r\n<p>Product:&nbsp;<strong>Streamit Laravel&nbsp;&nbsp;</strong></p>\r\n<p>Support Contact:&nbsp;<strong>hello@iqonic.design</strong></p>', 1, NULL, 1, NULL, '2024-09-27 22:19:15', '2024-10-17 07:03:59', NULL);

-- --------------------------------------------------------

--
-- Table structure for table `password_resets`
--

CREATE TABLE `password_resets` (
  `email` varchar(191) NOT NULL,
  `token` varchar(191) NOT NULL,
  `created_at` timestamp NULL DEFAULT NULL
) ENGINE=InnoDB DEFAULT CHARSET=utf8mb4 COLLATE=utf8mb4_unicode_ci;

-- --------------------------------------------------------

--
-- Table structure for table `payperviewstransactions`
--

CREATE TABLE `payperviewstransactions` (
  `id` bigint(20) UNSIGNED NOT NULL,
  `user_id` bigint(20) UNSIGNED NOT NULL,
  `amount` decimal(10,2) NOT NULL,
  `payment_type` varchar(191) NOT NULL,
  `payment_status` varchar(191) DEFAULT NULL,
  `transaction_id` varchar(191) DEFAULT NULL,
  `pay_per_view_id` bigint(20) UNSIGNED NOT NULL,
  `created_at` timestamp NULL DEFAULT NULL,
  `updated_at` timestamp NULL DEFAULT NULL
) ENGINE=InnoDB DEFAULT CHARSET=utf8mb4 COLLATE=utf8mb4_unicode_ci;

--
-- Dumping data for table `payperviewstransactions`
--

INSERT INTO `payperviewstransactions` (`id`, `user_id`, `amount`, `payment_type`, `payment_status`, `transaction_id`, `pay_per_view_id`, `created_at`, `updated_at`) VALUES
(1, 5, 7.99, 'stripe', NULL, 'txn_ppv_1001', 1, '2026-01-28 18:30:00', '2026-01-28 18:30:00'),
(2, 6, 12.99, 'paypal', NULL, 'txn_ppv_1002', 2, '2026-01-30 18:30:00', '2026-01-30 18:30:00'),
(3, 3, 11.99, 'stripe', NULL, 'txn_ppv_1003', 3, '2026-01-28 18:30:00', '2026-01-28 18:30:00'),
(4, 6, 8.99, 'stripe', NULL, 'txn_ppv_1004', 4, '2026-01-27 18:30:00', '2026-01-27 18:30:00'),
(5, 8, 14.99, 'stripe', NULL, 'txn_ppv_1005', 5, '2026-02-25 03:28:53', '2026-02-25 03:28:53');

-- --------------------------------------------------------

--
-- Table structure for table `pay_per_views`
--

CREATE TABLE `pay_per_views` (
  `id` bigint(20) UNSIGNED NOT NULL,
  `user_id` bigint(20) UNSIGNED NOT NULL,
  `movie_id` bigint(20) UNSIGNED NOT NULL,
  `type` varchar(191) NOT NULL,
  `content_price` decimal(10,2) NOT NULL,
  `price` decimal(10,2) NOT NULL,
  `discount_percentage` decimal(5,2) DEFAULT NULL,
  `first_play_date` datetime DEFAULT NULL,
  `view_expiry_date` timestamp NULL DEFAULT NULL,
  `access_duration` int(11) DEFAULT NULL,
  `available_for` varchar(191) DEFAULT NULL,
  `created_at` timestamp NULL DEFAULT NULL,
  `updated_at` timestamp NULL DEFAULT NULL
) ENGINE=InnoDB DEFAULT CHARSET=utf8mb4 COLLATE=utf8mb4_unicode_ci;

--
-- Dumping data for table `pay_per_views`
--

INSERT INTO `pay_per_views` (`id`, `user_id`, `movie_id`, `type`, `content_price`, `price`, `discount_percentage`, `first_play_date`, `view_expiry_date`, `access_duration`, `available_for`, `created_at`, `updated_at`) VALUES
(1, 5, 1, 'movie', 9.99, 7.99, 20.00, '2026-01-29 00:00:00', '2025-12-22 05:00:00', 1, '2', '2026-01-28 18:30:00', '2026-01-28 18:30:00'),
(2, 6, 2, 'movie', 12.99, 12.99, NULL, '2026-01-31 00:00:00', '2025-12-21 08:45:00', 2, '3', '2026-01-30 18:30:00', '2026-01-30 18:30:00'),
(3, 3, 25, 'movie', 15.99, 11.99, 25.00, '2026-01-29 00:00:00', '2025-12-26 03:30:00', 3, '4', '2026-01-28 18:30:00', '2026-01-28 18:30:00'),
(4, 6, 4, 'movie', 8.99, 8.99, NULL, '2026-01-28 00:00:00', '2025-12-20 13:15:00', 1, '2 ', '2026-01-27 18:30:00', '2026-01-27 18:30:00'),
(5, 8, 26, 'movie', 19.99, 14.99, 25.00, '2026-01-27 00:00:00', '2025-12-31 14:30:00', 3, '5', '2026-01-26 18:30:00', '2026-01-26 18:30:00');

-- --------------------------------------------------------

--
-- Table structure for table `permissions`
--

CREATE TABLE `permissions` (
  `id` bigint(20) UNSIGNED NOT NULL,
  `name` varchar(125) NOT NULL,
  `guard_name` varchar(125) NOT NULL,
  `is_fixed` tinyint(1) NOT NULL DEFAULT 0,
  `created_at` timestamp NULL DEFAULT NULL,
  `updated_at` timestamp NULL DEFAULT NULL
) ENGINE=InnoDB DEFAULT CHARSET=utf8mb4 COLLATE=utf8mb4_unicode_ci;

--
-- Dumping data for table `permissions`
--

INSERT INTO `permissions` (`id`, `name`, `guard_name`, `is_fixed`, `created_at`, `updated_at`) VALUES
(1, 'edit_settings', 'web', 1, '2026-02-25 03:28:31', '2026-02-25 03:28:31'),
(2, 'view_logs', 'web', 1, '2026-02-25 03:28:31', '2026-02-25 03:28:31'),
(3, 'view_genres', 'web', 1, '2026-02-25 03:28:31', '2026-02-25 03:28:31'),
(4, 'add_genres', 'web', 1, '2026-02-25 03:28:31', '2026-02-25 03:28:31'),
(5, 'edit_genres', 'web', 1, '2026-02-25 03:28:31', '2026-02-25 03:28:31'),
(6, 'delete_genres', 'web', 1, '2026-02-25 03:28:31', '2026-02-25 03:28:31'),
(7, 'restore_genres', 'web', 1, '2026-02-25 03:28:31', '2026-02-25 03:28:31'),
(8, 'force_delete_genres', 'web', 1, '2026-02-25 03:28:31', '2026-02-25 03:28:31'),
(9, 'view_movies', 'web', 1, '2026-02-25 03:28:31', '2026-02-25 03:28:31'),
(10, 'add_movies', 'web', 1, '2026-02-25 03:28:31', '2026-02-25 03:28:31'),
(11, 'edit_movies', 'web', 1, '2026-02-25 03:28:31', '2026-02-25 03:28:31'),
(12, 'delete_movies', 'web', 1, '2026-02-25 03:28:31', '2026-02-25 03:28:31'),
(13, 'restore_movies', 'web', 1, '2026-02-25 03:28:31', '2026-02-25 03:28:31'),
(14, 'force_delete_movies', 'web', 1, '2026-02-25 03:28:31', '2026-02-25 03:28:31'),
(15, 'view_tvshows', 'web', 1, '2026-02-25 03:28:31', '2026-02-25 03:28:31'),
(16, 'add_tvshows', 'web', 1, '2026-02-25 03:28:31', '2026-02-25 03:28:31'),
(17, 'edit_tvshows', 'web', 1, '2026-02-25 03:28:31', '2026-02-25 03:28:31'),
(18, 'delete_tvshows', 'web', 1, '2026-02-25 03:28:31', '2026-02-25 03:28:31'),
(19, 'restore_tvshows', 'web', 1, '2026-02-25 03:28:31', '2026-02-25 03:28:31'),
(20, 'force_delete_tvshows', 'web', 1, '2026-02-25 03:28:31', '2026-02-25 03:28:31'),
(21, 'view_seasons', 'web', 1, '2026-02-25 03:28:31', '2026-02-25 03:28:31'),
(22, 'add_seasons', 'web', 1, '2026-02-25 03:28:31', '2026-02-25 03:28:31'),
(23, 'edit_seasons', 'web', 1, '2026-02-25 03:28:31', '2026-02-25 03:28:31'),
(24, 'delete_seasons', 'web', 1, '2026-02-25 03:28:31', '2026-02-25 03:28:31'),
(25, 'restore_seasons', 'web', 1, '2026-02-25 03:28:31', '2026-02-25 03:28:31'),
(26, 'force_delete_seasons', 'web', 1, '2026-02-25 03:28:31', '2026-02-25 03:28:31'),
(27, 'view_episodes', 'web', 1, '2026-02-25 03:28:31', '2026-02-25 03:28:31'),
(28, 'add_episodes', 'web', 1, '2026-02-25 03:28:31', '2026-02-25 03:28:31'),
(29, 'edit_episodes', 'web', 1, '2026-02-25 03:28:31', '2026-02-25 03:28:31'),
(30, 'delete_episodes', 'web', 1, '2026-02-25 03:28:31', '2026-02-25 03:28:31'),
(31, 'restore_episodes', 'web', 1, '2026-02-25 03:28:31', '2026-02-25 03:28:31'),
(32, 'force_delete_episodes', 'web', 1, '2026-02-25 03:28:31', '2026-02-25 03:28:31'),
(33, 'view_videos', 'web', 1, '2026-02-25 03:28:31', '2026-02-25 03:28:31'),
(34, 'add_videos', 'web', 1, '2026-02-25 03:28:31', '2026-02-25 03:28:31'),
(35, 'edit_videos', 'web', 1, '2026-02-25 03:28:31', '2026-02-25 03:28:31'),
(36, 'delete_videos', 'web', 1, '2026-02-25 03:28:31', '2026-02-25 03:28:31'),
(37, 'restore_videos', 'web', 1, '2026-02-25 03:28:31', '2026-02-25 03:28:31'),
(38, 'force_delete_videos', 'web', 1, '2026-02-25 03:28:31', '2026-02-25 03:28:31'),
(39, 'view_tvcategory', 'web', 1, '2026-02-25 03:28:31', '2026-02-25 03:28:31'),
(40, 'add_tvcategory', 'web', 1, '2026-02-25 03:28:31', '2026-02-25 03:28:31'),
(41, 'edit_tvcategory', 'web', 1, '2026-02-25 03:28:31', '2026-02-25 03:28:31'),
(42, 'delete_tvcategory', 'web', 1, '2026-02-25 03:28:31', '2026-02-25 03:28:31'),
(43, 'restore_tvcategory', 'web', 1, '2026-02-25 03:28:31', '2026-02-25 03:28:31'),
(44, 'force_delete_tvcategory', 'web', 1, '2026-02-25 03:28:31', '2026-02-25 03:28:31'),
(45, 'view_tvchannel', 'web', 1, '2026-02-25 03:28:31', '2026-02-25 03:28:31'),
(46, 'add_tvchannel', 'web', 1, '2026-02-25 03:28:31', '2026-02-25 03:28:31'),
(47, 'edit_tvchannel', 'web', 1, '2026-02-25 03:28:31', '2026-02-25 03:28:31'),
(48, 'delete_tvchannel', 'web', 1, '2026-02-25 03:28:31', '2026-02-25 03:28:31'),
(49, 'restore_tvchannel', 'web', 1, '2026-02-25 03:28:31', '2026-02-25 03:28:31'),
(50, 'force_delete_tvchannel', 'web', 1, '2026-02-25 03:28:31', '2026-02-25 03:28:31'),
(51, 'view_actor', 'web', 1, '2026-02-25 03:28:31', '2026-02-25 03:28:31'),
(52, 'add_actor', 'web', 1, '2026-02-25 03:28:31', '2026-02-25 03:28:31'),
(53, 'edit_actor', 'web', 1, '2026-02-25 03:28:31', '2026-02-25 03:28:31'),
(54, 'delete_actor', 'web', 1, '2026-02-25 03:28:31', '2026-02-25 03:28:31'),
(55, 'restore_actor', 'web', 1, '2026-02-25 03:28:31', '2026-02-25 03:28:31'),
(56, 'force_delete_actor', 'web', 1, '2026-02-25 03:28:31', '2026-02-25 03:28:31'),
(57, 'view_director', 'web', 1, '2026-02-25 03:28:31', '2026-02-25 03:28:31'),
(58, 'add_director', 'web', 1, '2026-02-25 03:28:31', '2026-02-25 03:28:31'),
(59, 'edit_director', 'web', 1, '2026-02-25 03:28:31', '2026-02-25 03:28:31'),
(60, 'delete_director', 'web', 1, '2026-02-25 03:28:31', '2026-02-25 03:28:31'),
(61, 'restore_director', 'web', 1, '2026-02-25 03:28:31', '2026-02-25 03:28:31'),
(62, 'force_delete_director', 'web', 1, '2026-02-25 03:28:31', '2026-02-25 03:28:31'),
(63, 'view_plans', 'web', 1, '2026-02-25 03:28:31', '2026-02-25 03:28:31'),
(64, 'add_plans', 'web', 1, '2026-02-25 03:28:31', '2026-02-25 03:28:31'),
(65, 'edit_plans', 'web', 1, '2026-02-25 03:28:31', '2026-02-25 03:28:31'),
(66, 'delete_plans', 'web', 1, '2026-02-25 03:28:31', '2026-02-25 03:28:31'),
(67, 'restore_plans', 'web', 1, '2026-02-25 03:28:31', '2026-02-25 03:28:31'),
(68, 'force_delete_plans', 'web', 1, '2026-02-25 03:28:31', '2026-02-25 03:28:31'),
(69, 'view_planlimitation', 'web', 1, '2026-02-25 03:28:31', '2026-02-25 03:28:31'),
(70, 'add_planlimitation', 'web', 1, '2026-02-25 03:28:31', '2026-02-25 03:28:31'),
(71, 'edit_planlimitation', 'web', 1, '2026-02-25 03:28:31', '2026-02-25 03:28:31'),
(72, 'delete_planlimitation', 'web', 1, '2026-02-25 03:28:31', '2026-02-25 03:28:31'),
(73, 'restore_planlimitation', 'web', 1, '2026-02-25 03:28:31', '2026-02-25 03:28:31'),
(74, 'force_delete_planlimitation', 'web', 1, '2026-02-25 03:28:31', '2026-02-25 03:28:31'),
(75, 'view_subscriptions', 'web', 1, '2026-02-25 03:28:31', '2026-02-25 03:28:31'),
(76, 'add_subscriptions', 'web', 1, '2026-02-25 03:28:31', '2026-02-25 03:28:31'),
(77, 'edit_subscriptions', 'web', 1, '2026-02-25 03:28:31', '2026-02-25 03:28:31'),
(78, 'delete_subscriptions', 'web', 1, '2026-02-25 03:28:31', '2026-02-25 03:28:31'),
(79, 'restore_subscriptions', 'web', 1, '2026-02-25 03:28:31', '2026-02-25 03:28:31'),
(80, 'force_delete_subscriptions', 'web', 1, '2026-02-25 03:28:31', '2026-02-25 03:28:31'),
(81, 'view_banners', 'web', 1, '2026-02-25 03:28:31', '2026-02-25 03:28:31'),
(82, 'add_banners', 'web', 1, '2026-02-25 03:28:31', '2026-02-25 03:28:31'),
(83, 'edit_banners', 'web', 1, '2026-02-25 03:28:31', '2026-02-25 03:28:31'),
(84, 'delete_banners', 'web', 1, '2026-02-25 03:28:31', '2026-02-25 03:28:31'),
(85, 'restore_banners', 'web', 1, '2026-02-25 03:28:31', '2026-02-25 03:28:31'),
(86, 'force_delete_banners', 'web', 1, '2026-02-25 03:28:31', '2026-02-25 03:28:31'),
(87, 'view_currency', 'web', 1, '2026-02-25 03:28:31', '2026-02-25 03:28:31'),
(88, 'add_currency', 'web', 1, '2026-02-25 03:28:31', '2026-02-25 03:28:31'),
(89, 'edit_currency', 'web', 1, '2026-02-25 03:28:31', '2026-02-25 03:28:31'),
(90, 'delete_currency', 'web', 1, '2026-02-25 03:28:31', '2026-02-25 03:28:31'),
(91, 'restore_currency', 'web', 1, '2026-02-25 03:28:31', '2026-02-25 03:28:31'),
(92, 'force_delete_currency', 'web', 1, '2026-02-25 03:28:31', '2026-02-25 03:28:31'),
(93, 'view_notification', 'web', 1, '2026-02-25 03:28:31', '2026-02-25 03:28:31'),
(94, 'add_notification', 'web', 1, '2026-02-25 03:28:31', '2026-02-25 03:28:31'),
(95, 'edit_notification', 'web', 1, '2026-02-25 03:28:31', '2026-02-25 03:28:31'),
(96, 'delete_notification', 'web', 1, '2026-02-25 03:28:31', '2026-02-25 03:28:31'),
(97, 'restore_notification', 'web', 1, '2026-02-25 03:28:31', '2026-02-25 03:28:31'),
(98, 'force_delete_notification', 'web', 1, '2026-02-25 03:28:31', '2026-02-25 03:28:31'),
(99, 'view_notification_template', 'web', 1, '2026-02-25 03:28:31', '2026-02-25 03:28:31'),
(100, 'add_notification_template', 'web', 1, '2026-02-25 03:28:31', '2026-02-25 03:28:31'),
(101, 'edit_notification_template', 'web', 1, '2026-02-25 03:28:31', '2026-02-25 03:28:31'),
(102, 'delete_notification_template', 'web', 1, '2026-02-25 03:28:31', '2026-02-25 03:28:31'),
(103, 'restore_notification_template', 'web', 1, '2026-02-25 03:28:31', '2026-02-25 03:28:31'),
(104, 'force_delete_notification_template', 'web', 1, '2026-02-25 03:28:31', '2026-02-25 03:28:31'),
(105, 'view_constant', 'web', 1, '2026-02-25 03:28:31', '2026-02-25 03:28:31'),
(106, 'add_constant', 'web', 1, '2026-02-25 03:28:31', '2026-02-25 03:28:31'),
(107, 'edit_constant', 'web', 1, '2026-02-25 03:28:31', '2026-02-25 03:28:31'),
(108, 'delete_constant', 'web', 1, '2026-02-25 03:28:31', '2026-02-25 03:28:31'),
(109, 'restore_constant', 'web', 1, '2026-02-25 03:28:31', '2026-02-25 03:28:31'),
(110, 'force_delete_constant', 'web', 1, '2026-02-25 03:28:31', '2026-02-25 03:28:31'),
(111, 'view_subscription', 'web', 1, '2026-02-25 03:28:31', '2026-02-25 03:28:31'),
(112, 'add_subscription', 'web', 1, '2026-02-25 03:28:31', '2026-02-25 03:28:31'),
(113, 'edit_subscription', 'web', 1, '2026-02-25 03:28:31', '2026-02-25 03:28:31'),
(114, 'delete_subscription', 'web', 1, '2026-02-25 03:28:31', '2026-02-25 03:28:31'),
(115, 'restore_subscription', 'web', 1, '2026-02-25 03:28:31', '2026-02-25 03:28:31'),
(116, 'force_delete_subscription', 'web', 1, '2026-02-25 03:28:31', '2026-02-25 03:28:31'),
(117, 'view_castcrew', 'web', 1, '2026-02-25 03:28:31', '2026-02-25 03:28:31'),
(118, 'add_castcrew', 'web', 1, '2026-02-25 03:28:31', '2026-02-25 03:28:31'),
(119, 'edit_castcrew', 'web', 1, '2026-02-25 03:28:31', '2026-02-25 03:28:31'),
(120, 'delete_castcrew', 'web', 1, '2026-02-25 03:28:31', '2026-02-25 03:28:31'),
(121, 'restore_castcrew', 'web', 1, '2026-02-25 03:28:31', '2026-02-25 03:28:31'),
(122, 'force_delete_castcrew', 'web', 1, '2026-02-25 03:28:31', '2026-02-25 03:28:31'),
(123, 'view_livetv', 'web', 1, '2026-02-25 03:28:31', '2026-02-25 03:28:31'),
(124, 'add_livetv', 'web', 1, '2026-02-25 03:28:31', '2026-02-25 03:28:31'),
(125, 'edit_livetv', 'web', 1, '2026-02-25 03:28:31', '2026-02-25 03:28:31'),
(126, 'delete_livetv', 'web', 1, '2026-02-25 03:28:31', '2026-02-25 03:28:31'),
(127, 'restore_livetv', 'web', 1, '2026-02-25 03:28:31', '2026-02-25 03:28:31'),
(128, 'force_delete_livetv', 'web', 1, '2026-02-25 03:28:31', '2026-02-25 03:28:31'),
(129, 'view_video', 'web', 1, '2026-02-25 03:28:31', '2026-02-25 03:28:31'),
(130, 'add_video', 'web', 1, '2026-02-25 03:28:31', '2026-02-25 03:28:31'),
(131, 'edit_video', 'web', 1, '2026-02-25 03:28:31', '2026-02-25 03:28:31'),
(132, 'delete_video', 'web', 1, '2026-02-25 03:28:31', '2026-02-25 03:28:31'),
(133, 'restore_video', 'web', 1, '2026-02-25 03:28:31', '2026-02-25 03:28:31'),
(134, 'force_delete_video', 'web', 1, '2026-02-25 03:28:31', '2026-02-25 03:28:31'),
(135, 'view_media', 'web', 1, '2026-02-25 03:28:31', '2026-02-25 03:28:31'),
(136, 'add_media', 'web', 1, '2026-02-25 03:28:31', '2026-02-25 03:28:31'),
(137, 'edit_media', 'web', 1, '2026-02-25 03:28:31', '2026-02-25 03:28:31'),
(138, 'delete_media', 'web', 1, '2026-02-25 03:28:31', '2026-02-25 03:28:31'),
(139, 'restore_media', 'web', 1, '2026-02-25 03:28:31', '2026-02-25 03:28:31'),
(140, 'force_delete_media', 'web', 1, '2026-02-25 03:28:31', '2026-02-25 03:28:31'),
(141, 'view_onboarding', 'web', 1, '2026-02-25 03:28:31', '2026-02-25 03:28:31'),
(142, 'add_onboarding', 'web', 1, '2026-02-25 03:28:31', '2026-02-25 03:28:31'),
(143, 'edit_onboarding', 'web', 1, '2026-02-25 03:28:31', '2026-02-25 03:28:31'),
(144, 'delete_onboarding', 'web', 1, '2026-02-25 03:28:31', '2026-02-25 03:28:31'),
(145, 'restore_onboarding', 'web', 1, '2026-02-25 03:28:32', '2026-02-25 03:28:32'),
(146, 'force_delete_onboarding', 'web', 1, '2026-02-25 03:28:32', '2026-02-25 03:28:32'),
(147, 'view_tvshow', 'web', 1, '2026-02-25 03:28:32', '2026-02-25 03:28:32'),
(148, 'add_tvshow', 'web', 1, '2026-02-25 03:28:32', '2026-02-25 03:28:32'),
(149, 'edit_tvshow', 'web', 1, '2026-02-25 03:28:32', '2026-02-25 03:28:32'),
(150, 'delete_tvshow', 'web', 1, '2026-02-25 03:28:32', '2026-02-25 03:28:32'),
(151, 'restore_tvshow', 'web', 1, '2026-02-25 03:28:32', '2026-02-25 03:28:32'),
(152, 'force_delete_tvshow', 'web', 1, '2026-02-25 03:28:32', '2026-02-25 03:28:32'),
(153, 'view_taxes', 'web', 1, '2026-02-25 03:28:32', '2026-02-25 03:28:32'),
(154, 'add_taxes', 'web', 1, '2026-02-25 03:28:32', '2026-02-25 03:28:32'),
(155, 'edit_taxes', 'web', 1, '2026-02-25 03:28:32', '2026-02-25 03:28:32'),
(156, 'delete_taxes', 'web', 1, '2026-02-25 03:28:32', '2026-02-25 03:28:32'),
(157, 'restore_taxes', 'web', 1, '2026-02-25 03:28:32', '2026-02-25 03:28:32'),
(158, 'force_delete_taxes', 'web', 1, '2026-02-25 03:28:32', '2026-02-25 03:28:32'),
(159, 'view_page', 'web', 1, '2026-02-25 03:28:32', '2026-02-25 03:28:32'),
(160, 'add_page', 'web', 1, '2026-02-25 03:28:32', '2026-02-25 03:28:32'),
(161, 'edit_page', 'web', 1, '2026-02-25 03:28:32', '2026-02-25 03:28:32'),
(162, 'delete_page', 'web', 1, '2026-02-25 03:28:32', '2026-02-25 03:28:32'),
(163, 'restore_page', 'web', 1, '2026-02-25 03:28:32', '2026-02-25 03:28:32'),
(164, 'force_delete_page', 'web', 1, '2026-02-25 03:28:32', '2026-02-25 03:28:32'),
(165, 'view_dashboard_setting', 'web', 1, '2026-02-25 03:28:32', '2026-02-25 03:28:32'),
(166, 'add_dashboard_setting', 'web', 1, '2026-02-25 03:28:32', '2026-02-25 03:28:32'),
(167, 'edit_dashboard_setting', 'web', 1, '2026-02-25 03:28:32', '2026-02-25 03:28:32'),
(168, 'delete_dashboard_setting', 'web', 1, '2026-02-25 03:28:32', '2026-02-25 03:28:32'),
(169, 'restore_dashboard_setting', 'web', 1, '2026-02-25 03:28:32', '2026-02-25 03:28:32'),
(170, 'force_delete_dashboard_setting', 'web', 1, '2026-02-25 03:28:32', '2026-02-25 03:28:32'),
(171, 'view_app_config', 'web', 1, '2026-02-25 03:28:32', '2026-02-25 03:28:32'),
(172, 'add_app_config', 'web', 1, '2026-02-25 03:28:32', '2026-02-25 03:28:32'),
(173, 'edit_app_config', 'web', 1, '2026-02-25 03:28:32', '2026-02-25 03:28:32'),
(174, 'delete_app_config', 'web', 1, '2026-02-25 03:28:32', '2026-02-25 03:28:32'),
(175, 'restore_app_config', 'web', 1, '2026-02-25 03:28:32', '2026-02-25 03:28:32'),
(176, 'force_delete_app_config', 'web', 1, '2026-02-25 03:28:32', '2026-02-25 03:28:32'),
(177, 'view_constants', 'web', 1, '2026-02-25 03:28:32', '2026-02-25 03:28:32'),
(178, 'add_constants', 'web', 1, '2026-02-25 03:28:32', '2026-02-25 03:28:32'),
(179, 'edit_constants', 'web', 1, '2026-02-25 03:28:32', '2026-02-25 03:28:32'),
(180, 'delete_constants', 'web', 1, '2026-02-25 03:28:32', '2026-02-25 03:28:32'),
(181, 'restore_constants', 'web', 1, '2026-02-25 03:28:32', '2026-02-25 03:28:32'),
(182, 'force_delete_constants', 'web', 1, '2026-02-25 03:28:32', '2026-02-25 03:28:32'),
(183, 'view_coupon', 'web', 1, '2026-02-25 03:28:32', '2026-02-25 03:28:32'),
(184, 'add_coupon', 'web', 1, '2026-02-25 03:28:32', '2026-02-25 03:28:32'),
(185, 'edit_coupon', 'web', 1, '2026-02-25 03:28:32', '2026-02-25 03:28:32'),
(186, 'delete_coupon', 'web', 1, '2026-02-25 03:28:32', '2026-02-25 03:28:32'),
(187, 'restore_coupon', 'web', 1, '2026-02-25 03:28:32', '2026-02-25 03:28:32'),
(188, 'force_delete_coupon', 'web', 1, '2026-02-25 03:28:32', '2026-02-25 03:28:32'),
(189, 'view_setting', 'web', 1, '2026-02-25 03:28:32', '2026-02-25 03:28:32'),
(190, 'add_setting', 'web', 1, '2026-02-25 03:28:32', '2026-02-25 03:28:32'),
(191, 'edit_setting', 'web', 1, '2026-02-25 03:28:32', '2026-02-25 03:28:32'),
(192, 'delete_setting', 'web', 1, '2026-02-25 03:28:32', '2026-02-25 03:28:32'),
(193, 'restore_setting', 'web', 1, '2026-02-25 03:28:32', '2026-02-25 03:28:32'),
(194, 'force_delete_setting', 'web', 1, '2026-02-25 03:28:32', '2026-02-25 03:28:32'),
(195, 'setting_bussiness', 'web', 1, '2026-02-25 03:28:32', '2026-02-25 03:28:32'),
(196, 'setting_misc', 'web', 1, '2026-02-25 03:28:32', '2026-02-25 03:28:32'),
(197, 'setting_custom_code', 'web', 1, '2026-02-25 03:28:32', '2026-02-25 03:28:32'),
(198, 'setting_customization', 'web', 1, '2026-02-25 03:28:32', '2026-02-25 03:28:32'),
(199, 'setting_mail', 'web', 1, '2026-02-25 03:28:32', '2026-02-25 03:28:32'),
(200, 'setting_notification', 'web', 1, '2026-02-25 03:28:32', '2026-02-25 03:28:32'),
(201, 'setting_intigrations', 'web', 1, '2026-02-25 03:28:32', '2026-02-25 03:28:32'),
(202, 'setting_language', 'web', 1, '2026-02-25 03:28:32', '2026-02-25 03:28:32'),
(203, 'setting_invoice', 'web', 1, '2026-02-25 03:28:32', '2026-02-25 03:28:32'),
(204, 'setting_module', 'web', 1, '2026-02-25 03:28:32', '2026-02-25 03:28:32'),
(205, 'setting_app_setting', 'web', 1, '2026-02-25 03:28:32', '2026-02-25 03:28:32'),
(206, 'view_ads', 'web', 1, '2026-02-25 03:28:32', '2026-02-25 03:28:32'),
(207, 'add_ads', 'web', 1, '2026-02-25 03:28:32', '2026-02-25 03:28:32'),
(208, 'edit_ads', 'web', 1, '2026-02-25 03:28:32', '2026-02-25 03:28:32'),
(209, 'delete_ads', 'web', 1, '2026-02-25 03:28:32', '2026-02-25 03:28:32'),
(210, 'restore_ads', 'web', 1, '2026-02-25 03:28:32', '2026-02-25 03:28:32'),
(211, 'force_delete_ads', 'web', 1, '2026-02-25 03:28:32', '2026-02-25 03:28:32'),
(212, 'view_vastads', 'web', 1, '2026-02-25 03:28:32', '2026-02-25 03:28:32'),
(213, 'add_vastads', 'web', 1, '2026-02-25 03:28:32', '2026-02-25 03:28:32'),
(214, 'edit_vastads', 'web', 1, '2026-02-25 03:28:32', '2026-02-25 03:28:32'),
(215, 'delete_vastads', 'web', 1, '2026-02-25 03:28:32', '2026-02-25 03:28:32'),
(216, 'restore_vastads', 'web', 1, '2026-02-25 03:28:32', '2026-02-25 03:28:32'),
(217, 'force_delete_vastads', 'web', 1, '2026-02-25 03:28:32', '2026-02-25 03:28:32'),
(218, 'view_customads', 'web', 1, '2026-02-25 03:28:32', '2026-02-25 03:28:32'),
(219, 'add_customads', 'web', 1, '2026-02-25 03:28:32', '2026-02-25 03:28:32'),
(220, 'edit_customads', 'web', 1, '2026-02-25 03:28:32', '2026-02-25 03:28:32'),
(221, 'delete_customads', 'web', 1, '2026-02-25 03:28:32', '2026-02-25 03:28:32'),
(222, 'restore_customads', 'web', 1, '2026-02-25 03:28:32', '2026-02-25 03:28:32'),
(223, 'force_delete_customads', 'web', 1, '2026-02-25 03:28:32', '2026-02-25 03:28:32');

-- --------------------------------------------------------

--
-- Table structure for table `personal_access_tokens`
--

CREATE TABLE `personal_access_tokens` (
  `id` bigint(20) UNSIGNED NOT NULL,
  `tokenable_type` varchar(191) NOT NULL,
  `tokenable_id` bigint(20) UNSIGNED NOT NULL,
  `name` varchar(191) NOT NULL,
  `token` varchar(64) NOT NULL,
  `abilities` longtext DEFAULT NULL,
  `last_used_at` timestamp NULL DEFAULT NULL,
  `expires_at` timestamp NULL DEFAULT NULL,
  `created_at` timestamp NULL DEFAULT NULL,
  `updated_at` timestamp NULL DEFAULT NULL
) ENGINE=InnoDB DEFAULT CHARSET=utf8mb4 COLLATE=utf8mb4_unicode_ci;

-- --------------------------------------------------------

--
-- Table structure for table `plan`
--

CREATE TABLE `plan` (
  `id` bigint(20) UNSIGNED NOT NULL,
  `name` varchar(191) NOT NULL,
  `identifier` varchar(191) NOT NULL,
  `android_identifier` varchar(191) DEFAULT NULL,
  `apple_identifier` varchar(191) DEFAULT NULL,
  `price` double DEFAULT NULL,
  `discount` tinyint(1) NOT NULL DEFAULT 0,
  `discount_percentage` double DEFAULT NULL,
  `total_price` double DEFAULT NULL,
  `level` bigint(20) NOT NULL DEFAULT 0,
  `duration` varchar(191) DEFAULT NULL,
  `duration_value` bigint(20) NOT NULL DEFAULT 1,
  `status` tinyint(1) NOT NULL DEFAULT 1,
  `description` text DEFAULT NULL,
  `created_by` int(10) UNSIGNED DEFAULT NULL,
  `updated_by` int(10) UNSIGNED DEFAULT NULL,
  `deleted_by` int(10) UNSIGNED DEFAULT NULL,
  `deleted_at` timestamp NULL DEFAULT NULL,
  `created_at` timestamp NULL DEFAULT NULL,
  `updated_at` timestamp NULL DEFAULT NULL
) ENGINE=InnoDB DEFAULT CHARSET=utf8mb4 COLLATE=utf8mb4_unicode_ci;

--
-- Dumping data for table `plan`
--

INSERT INTO `plan` (`id`, `name`, `identifier`, `android_identifier`, `apple_identifier`, `price`, `discount`, `discount_percentage`, `total_price`, `level`, `duration`, `duration_value`, `status`, `description`, `created_by`, `updated_by`, `deleted_by`, `deleted_at`, `created_at`, `updated_at`) VALUES
(1, 'Basic', 'basic', NULL, NULL, 5, 0, NULL, 5, 1, 'month', 1, 1, 'The Basic Plan offers access to a limited selection of content on a weekly basis, perfect for casual viewers.', 2, 2, NULL, NULL, '2024-07-10 23:12:21', '2024-07-10 23:12:21'),
(2, 'Premium Plan', 'premium_plan', NULL, NULL, 20, 0, NULL, 20, 2, 'month', 1, 1, '<p>The Premium Plan provides monthly access to a wider range of content, including exclusive shows and features.</p>', 2, 2, NULL, NULL, '2024-07-10 23:13:13', '2024-10-08 03:58:11'),
(3, 'Ultimate Plan', 'ultimate_plan', NULL, NULL, 50, 0, NULL, 50, 3, 'month', 3, 1, 'The Ultimate Plan offers quarterly access with additional perks, such as early access to new releases and special content.', 2, 2, NULL, NULL, '2024-07-10 23:15:14', '2024-07-10 23:15:14'),
(4, 'Basic', 'basic', NULL, NULL, 100, 0, NULL, 100, 4, 'year', 1, 1, 'The Basic Plan offers access to a limited selection of content on a weekly basis, perfect for casual viewers.', 2, 2, NULL, NULL, '2024-07-10 23:12:21', '2024-07-10 23:12:21'),
(5, 'Premium Plan', 'premium_plan', NULL, NULL, 200, 0, NULL, 200, 5, 'year', 1, 1, '<p>The Premium Plan provides monthly access to a wider range of content, including exclusive shows and features.</p>', 2, 2, NULL, NULL, '2024-07-10 23:13:13', '2024-10-08 03:58:11'),
(6, 'Ultimate Plan', 'ultimate_plan', NULL, NULL, 500, 0, NULL, 500, 6, 'year', 1, 1, 'The Ultimate Plan offers quarterly access with additional perks, such as early access to new releases and special content.', 2, 2, NULL, NULL, '2024-07-10 23:15:14', '2024-07-10 23:15:14');

-- --------------------------------------------------------

--
-- Table structure for table `planlimitation`
--

CREATE TABLE `planlimitation` (
  `id` bigint(20) UNSIGNED NOT NULL,
  `title` varchar(191) NOT NULL,
  `slug` varchar(191) DEFAULT NULL,
  `description` longtext DEFAULT NULL,
  `status` tinyint(1) NOT NULL DEFAULT 1,
  `created_by` int(10) UNSIGNED DEFAULT NULL,
  `updated_by` int(10) UNSIGNED DEFAULT NULL,
  `deleted_by` int(10) UNSIGNED DEFAULT NULL,
  `created_at` timestamp NULL DEFAULT NULL,
  `updated_at` timestamp NULL DEFAULT NULL,
  `deleted_at` timestamp NULL DEFAULT NULL
) ENGINE=InnoDB DEFAULT CHARSET=utf8mb4 COLLATE=utf8mb4_unicode_ci;

--
-- Dumping data for table `planlimitation`
--

INSERT INTO `planlimitation` (`id`, `title`, `slug`, `description`, `status`, `created_by`, `updated_by`, `deleted_by`, `created_at`, `updated_at`, `deleted_at`) VALUES
(1, 'Video Cast', 'video-cast', 'Enhance your viewing experience with our Video Cast feature. Seamlessly stream your favorite shows and movies from your device to your TV or other compatible screens. Enjoy high-quality playback and easy controls for a truly immersive entertainment experience.', 1, 2, 2, NULL, '2024-07-10 05:43:04', '2024-07-10 05:43:04', NULL),
(2, 'Ads', 'ads', 'Discover a new way to enjoy content with minimal interruptions through our Ads feature. Our strategically placed advertisements are designed to provide relevant and engaging information without overwhelming your viewing experience.', 1, 2, 2, NULL, '2024-07-10 05:44:45', '2024-07-10 05:44:45', NULL),
(3, 'Device Limit', 'device-limit', 'Manage your device connections effortlessly with our Device Limit feature. Easily monitor and control the number of devices linked to your account, ensuring a secure and personalized streaming experience.', 1, 2, 2, NULL, '2024-07-10 05:46:10', '2024-07-10 05:46:10', NULL),
(4, 'Download Status', 'download-status', 'Keep track of your content downloads with our Download Status feature. View the progress of your current downloads, check completed files, and manage your storage efficiently. This feature provides real-time updates, allowing you to pause, resume, or cancel downloads as needed, ensuring you have access to your favorite content anytime, even offline.', 1, 2, 2, NULL, '2024-07-10 05:47:41', '2024-07-10 05:47:41', NULL),
(5, 'Supported Device Type', 'supported-device-type', 'Our platform supports a wide range of devices including smartphones, tablets, smart TVs, and gaming consoles. Enjoy seamless streaming on any device with optimized performance and high-quality playback.', 1, 2, 2, NULL, '2024-07-10 05:50:00', '2024-07-10 05:50:00', NULL),
(6, 'Profile Limit', 'profile-limit', 'Manage and customize your streaming experience with our Profile Limit feature. Set limits on the number of profiles that can be created under a single account, ensuring each user enjoys a personalized experience while keeping account usage within your preferred parameters.', 1, 2, 2, NULL, '2024-09-19 06:30:00', '2024-09-19 06:30:00', NULL);

-- --------------------------------------------------------

--
-- Table structure for table `planlimitation_mapping`
--

CREATE TABLE `planlimitation_mapping` (
  `id` bigint(20) UNSIGNED NOT NULL,
  `plan_id` int(11) DEFAULT NULL,
  `planlimitation_id` int(11) DEFAULT NULL,
  `limitation_slug` varchar(191) DEFAULT NULL,
  `limitation_value` int(11) DEFAULT NULL,
  `limit` longtext DEFAULT NULL,
  `created_by` int(10) UNSIGNED DEFAULT NULL,
  `updated_by` int(10) UNSIGNED DEFAULT NULL,
  `deleted_by` int(10) UNSIGNED DEFAULT NULL,
  `deleted_at` timestamp NULL DEFAULT NULL,
  `created_at` timestamp NULL DEFAULT NULL,
  `updated_at` timestamp NULL DEFAULT NULL
) ENGINE=InnoDB DEFAULT CHARSET=utf8mb4 COLLATE=utf8mb4_unicode_ci;

--
-- Dumping data for table `planlimitation_mapping`
--

INSERT INTO `planlimitation_mapping` (`id`, `plan_id`, `planlimitation_id`, `limitation_slug`, `limitation_value`, `limit`, `created_by`, `updated_by`, `deleted_by`, `deleted_at`, `created_at`, `updated_at`) VALUES
(1, 1, 1, 'video-cast', 1, NULL, NULL, NULL, NULL, NULL, NULL, NULL),
(2, 1, 2, 'ads', 1, NULL, NULL, NULL, NULL, NULL, NULL, NULL),
(3, 1, 3, 'device-limit', 1, '1', NULL, NULL, NULL, NULL, NULL, NULL),
(4, 1, 4, 'download-status', 1, '{\"480p\":1,\"720p\":1,\"1080p\":1,\"1440p\":0,\"2K\":0,\"4K\":0,\"8K\":0}', NULL, NULL, NULL, NULL, NULL, NULL),
(5, 2, 1, 'video-cast', 1, NULL, NULL, NULL, NULL, NULL, NULL, NULL),
(6, 2, 2, 'ads', 0, NULL, NULL, NULL, NULL, NULL, NULL, NULL),
(7, 2, 3, 'device-limit', 1, '2', NULL, NULL, NULL, NULL, NULL, NULL),
(8, 2, 4, 'download-status', 1, '{\"480p\":1,\"720p\":1,\"1080p\":1,\"1440p\":1,\"2K\":0,\"4K\":0,\"8K\":0}', NULL, NULL, NULL, NULL, NULL, NULL),
(9, 3, 1, 'video-cast', 1, NULL, NULL, NULL, NULL, NULL, NULL, NULL),
(10, 3, 2, 'ads', 0, NULL, NULL, NULL, NULL, NULL, NULL, NULL),
(11, 3, 3, 'device-limit', 1, '5', NULL, NULL, NULL, NULL, NULL, NULL),
(12, 3, 4, 'download-status', 1, '{\"480p\":1,\"720p\":1,\"1080p\":1,\"1440p\":1,\"2K\":1,\"4K\":0,\"8K\":0}', NULL, NULL, NULL, NULL, NULL, NULL),
(13, 4, 1, 'video-cast', 1, NULL, NULL, NULL, NULL, NULL, NULL, NULL),
(14, 4, 2, 'ads', 1, NULL, NULL, NULL, NULL, NULL, NULL, NULL),
(15, 4, 3, 'device-limit', 1, '1', NULL, NULL, NULL, NULL, NULL, NULL),
(16, 4, 4, 'download-status', 1, '{\"480p\":1,\"720p\":1,\"1080p\":1,\"1440p\":0,\"2K\":0,\"4K\":0,\"8K\":0}', NULL, NULL, NULL, NULL, NULL, NULL),
(17, 1, 5, 'supported-device-type', 1, '{\"tablet\":\"0\",\"laptop\":\"0\",\"mobile\":\"1\",\"tv\":\"0\"}', NULL, NULL, NULL, NULL, NULL, NULL),
(18, 1, 6, 'profile-limit', 1, '2', NULL, NULL, NULL, NULL, NULL, NULL),
(19, 2, 5, 'supported-device-type', 1, '{\"tablet\":\"1\",\"laptop\":\"0\",\"mobile\":\"1\",\"tv\":\"0\"}', NULL, NULL, NULL, NULL, NULL, NULL),
(20, 2, 6, 'profile-limit', 1, '3', NULL, NULL, NULL, NULL, NULL, NULL),
(21, 3, 5, 'supported-device-type', 1, '{\"tablet\":\"0\",\"laptop\":\"1\",\"mobile\":\"1\",\"tv\":\"1\"}', NULL, NULL, NULL, NULL, NULL, NULL),
(22, 3, 6, 'profile-limit', 1, '3', NULL, NULL, NULL, NULL, NULL, NULL),
(23, 4, 5, 'supported-device-type', 1, '{\"tablet\":\"0\",\"laptop\":\"0\",\"mobile\":\"1\",\"tv\":\"0\"}', NULL, NULL, NULL, NULL, NULL, NULL),
(24, 4, 6, 'profile-limit', 1, '2', NULL, NULL, NULL, NULL, NULL, NULL),
(25, 5, 1, 'video-cast', 1, NULL, NULL, NULL, NULL, NULL, NULL, NULL),
(26, 5, 2, 'ads', 0, NULL, NULL, NULL, NULL, NULL, NULL, NULL),
(27, 5, 3, 'device-limit', 1, '2', NULL, NULL, NULL, NULL, NULL, NULL),
(28, 5, 4, 'download-status', 1, '{\"480p\":1,\"720p\":1,\"1080p\":1,\"1440p\":1,\"2K\":0,\"4K\":0,\"8K\":0}', NULL, NULL, NULL, NULL, NULL, NULL),
(29, 5, 5, 'supported-device-type', 1, '{\"tablet\":\"1\",\"laptop\":\"0\",\"mobile\":\"1\",\"tv\":\"0\"}', NULL, NULL, NULL, NULL, NULL, NULL),
(30, 5, 6, 'profile-limit', 1, '3', NULL, NULL, NULL, NULL, NULL, NULL),
(31, 6, 1, 'video-cast', 1, NULL, NULL, NULL, NULL, NULL, NULL, NULL),
(32, 6, 2, 'ads', 0, NULL, NULL, NULL, NULL, NULL, NULL, NULL),
(33, 6, 3, 'device-limit', 1, '5', NULL, NULL, NULL, NULL, NULL, NULL),
(34, 6, 4, 'download-status', 1, '{\"480p\":1,\"720p\":1,\"1080p\":1,\"1440p\":1,\"2K\":1,\"4K\":0,\"8K\":0}', NULL, NULL, NULL, NULL, NULL, NULL),
(35, 6, 5, 'supported-device-type', 1, '{\"tablet\":\"0\",\"laptop\":\"1\",\"mobile\":\"1\",\"tv\":\"1\"}', NULL, NULL, NULL, NULL, NULL, NULL),
(36, 6, 6, 'profile-limit', 1, '3', NULL, NULL, NULL, NULL, NULL, NULL);

-- --------------------------------------------------------

--
-- Table structure for table `reviews`
--

CREATE TABLE `reviews` (
  `id` bigint(20) UNSIGNED NOT NULL,
  `entertainment_id` int(11) DEFAULT NULL,
  `user_id` int(11) DEFAULT NULL,
  `rating` int(11) NOT NULL DEFAULT 0,
  `review` longtext DEFAULT NULL,
  `created_by` int(10) UNSIGNED DEFAULT NULL,
  `updated_by` int(10) UNSIGNED DEFAULT NULL,
  `deleted_by` int(10) UNSIGNED DEFAULT NULL,
  `created_at` timestamp NULL DEFAULT NULL,
  `updated_at` timestamp NULL DEFAULT NULL,
  `deleted_at` timestamp NULL DEFAULT NULL
) ENGINE=InnoDB DEFAULT CHARSET=utf8mb4 COLLATE=utf8mb4_unicode_ci;

--
-- Dumping data for table `reviews`
--

INSERT INTO `reviews` (`id`, `entertainment_id`, `user_id`, `rating`, `review`, `created_by`, `updated_by`, `deleted_by`, `created_at`, `updated_at`, `deleted_at`) VALUES
(1, 8, 12, 5, 'A gripping storyline with unexpected twists. Keeps you hooked till the very end. 🤯🔥', NULL, NULL, NULL, '2025-03-31 03:28:48', '2025-03-31 03:28:48', NULL),
(2, 5, 13, 4, 'Amazing atmosphere and spooky vibes. Perfect for horror fans! 👁️🌑', NULL, NULL, NULL, '2025-05-17 03:28:48', '2025-05-17 03:28:48', NULL),
(3, 14, 8, 4, 'Keeps you guessing with every turn. The Monkey King\'s journey is riveting and intense. 🤯👀', NULL, NULL, NULL, '2026-01-14 03:28:48', '2026-01-14 03:28:48', NULL),
(4, 8, 11, 5, 'Non-stop action from start to finish! The fight scenes were incredible. 🎬💥', NULL, NULL, NULL, '2025-09-19 03:28:48', '2025-09-19 03:28:48', NULL),
(5, 2, 10, 4, 'Absolutely loved the showdown scenes! The tension is palpable throughout. 🥳🎬', NULL, NULL, NULL, '2025-10-03 03:28:48', '2025-10-03 03:28:48', NULL),
(6, 13, 9, 4, 'The cinematography and special effects are top-notch. A visual treat for action enthusiasts. 🌟🎥', NULL, NULL, NULL, '2025-04-21 03:28:48', '2025-04-21 03:28:48', NULL),
(7, 6, 14, 5, 'Absolutely gripping from the first episode! The suspense is incredible. 🕵️‍♂️🔍', NULL, NULL, NULL, '2026-02-23 03:28:48', '2026-02-23 03:28:48', NULL),
(8, 17, 7, 4, 'Hilarious from start to finish! Couldn\'t stop laughing! 😂👏', NULL, NULL, NULL, '2025-05-09 03:28:48', '2025-05-09 03:28:48', NULL),
(9, 6, 6, 3, 'Brilliantly executed with superb acting. A must-watch for thriller fans. 🎭🌟', NULL, NULL, NULL, '2025-02-28 03:28:48', '2025-02-28 03:28:48', NULL),
(10, 7, 3, 4, 'Fantastic choreography and intense combat sequences. Top-notch action film! 💪🎥', NULL, NULL, NULL, '2025-04-15 03:28:48', '2025-04-15 03:28:48', NULL),
(11, 4, 5, 4, 'Each episode leaves you wanting more. The storyline is so gripping! 🎉🕶️', NULL, NULL, NULL, '2025-03-01 03:28:48', '2025-03-01 03:28:48', NULL),
(12, 1, 4, 5, 'Perfectly blends psychological horror with supernatural elements, keeping you on the edge of your seat and craving for more after each episode. 🔮😱', NULL, NULL, NULL, '2025-12-08 03:28:48', '2025-12-08 03:28:48', NULL),
(13, 9, 9, 5, 'A thrilling ride that keeps you hooked with its intense plot twists and stunning visuals. 🎬🌟', NULL, NULL, NULL, '2025-07-27 03:28:48', '2025-07-27 03:28:48', NULL),
(14, 10, 13, 5, 'Loved the creativity and imagination in every scene. It\'s a delightful watch! 🌈✨', NULL, NULL, NULL, '2025-11-16 03:28:48', '2025-11-16 03:28:48', NULL),
(15, 1, 3, 4, 'A chilling series that grips you from the first scene to the last, leaving you haunted by its eerie atmosphere and suspenseful plot twists. 👻🌑', NULL, NULL, NULL, '2025-04-16 03:28:48', '2025-04-16 03:28:48', NULL),
(16, 6, 5, 4, 'The suspense is unbearable! Can’t wait for the next episode. 😬🚀', NULL, NULL, NULL, '2025-03-09 03:28:48', '2025-03-09 03:28:48', NULL),
(17, 3, 8, 5, 'My favorite show this season! The Guardian\'s Challenge episode was thrilling! 🛡️🚀', NULL, NULL, NULL, '2025-11-19 03:28:48', '2025-11-19 03:28:48', NULL),
(18, 10, 3, 4, 'A magical adventure with charming characters and beautiful animation! 🌼🌟', NULL, NULL, NULL, '2025-04-14 03:28:48', '2025-04-14 03:28:48', NULL),
(19, 8, 4, 5, 'Amazing cinematography and special effects! Truly a visual treat. 🎥✨', NULL, NULL, NULL, '2025-05-15 03:28:48', '2025-05-15 03:28:48', NULL),
(20, 11, 10, 4, 'Secrets of Zambezia delivers a powerful message with humor and adventure. 🌍😄', NULL, NULL, NULL, '2025-03-21 03:28:48', '2025-03-21 03:28:48', NULL),
(21, 16, 5, 4, 'Couldn\'t stop laughing! The antics of Tim and Tom are pure genius. 🤣🎉', NULL, NULL, NULL, '2025-11-14 03:28:48', '2025-11-14 03:28:48', NULL),
(22, 7, 7, 5, 'A thrilling ride with non-stop adrenaline! Couldn\'t take my eyes off the screen. 🚁🔥', NULL, NULL, NULL, '2025-11-21 03:28:48', '2025-11-21 03:28:48', NULL),
(23, 5, 4, 5, 'The suspense and horror elements are top-notch. Can\'t wait for more! 👻🔪', NULL, NULL, NULL, '2025-10-05 03:28:48', '2025-10-05 03:28:48', NULL),
(24, 15, 8, 5, 'Deep Sea Mysteries keeps you at the edge of your seat. Unveiling secrets of the deep has never been more thrilling! 🚢💀', NULL, NULL, NULL, '2025-12-27 03:28:48', '2025-12-27 03:28:48', NULL),
(25, 9, 7, 5, 'Loved the character development and the emotional depth. It\'s more than just action- it\'s a redemption story! 👍🎥', NULL, NULL, NULL, '2026-01-23 03:28:48', '2026-01-23 03:28:48', NULL),
(26, 5, 8, 5, 'Each episode gets better and scarier. Highly recommend! 🕸️🕷️', NULL, NULL, NULL, '2025-03-22 03:28:48', '2025-03-22 03:28:48', NULL),
(27, 9, 14, 3, 'The Gunfighter\'s Redemption is a true masterpiece of action cinema. It leaves you wanting more with its gripping storyline and epic showdowns. 🏆🌌', NULL, NULL, NULL, '2025-07-08 03:28:48', '2025-07-08 03:28:48', NULL),
(28, 10, 4, 3, 'Daizy\'s Enchanted Journey brings a smile to your face with its enchanting story. 🌸😄', NULL, NULL, NULL, '2025-10-18 03:28:48', '2025-10-18 03:28:48', NULL),
(29, 6, 3, 4, 'Twists and turns at every corner! Keeps you guessing until the end. 🤯🔎', NULL, NULL, NULL, '2025-03-13 03:28:48', '2025-03-13 03:28:48', NULL),
(30, 2, 9, 4, 'An intense start with plenty of action and a gripping storyline. Can\'t wait for more! 🤠🔥', NULL, NULL, NULL, '2025-07-23 03:28:48', '2025-07-23 03:28:48', NULL),
(31, 5, 3, 3, 'A chilling start that kept me hooked from the first episode. So creepy! 😱🖤', NULL, NULL, NULL, '2025-09-30 03:28:48', '2025-09-30 03:28:48', NULL),
(32, 9, 10, 5, 'The Gunfighter\'s quest for redemption is both heart-wrenching and exhilarating. Captivating from the first shot to the last. 💔🔫', NULL, NULL, NULL, '2026-01-23 03:28:48', '2026-01-23 03:28:48', NULL),
(33, 1, 5, 4, 'An immersive journey into darkness where every shadow hides a secret, keeping you guessing and terrified until the very end. 🕯️😨', NULL, NULL, NULL, '2025-05-12 03:28:48', '2025-05-12 03:28:48', NULL),
(34, 22, 14, 5, 'Impressive cinematography and a storyline that keeps you hooked till the end. 🎥👌', NULL, NULL, NULL, '2025-03-09 03:28:48', '2025-03-09 03:28:48', NULL),
(35, 14, 5, 5, 'Gripping storyline with unexpected twists and heart-pounding action scenes! 🐒👑', NULL, NULL, NULL, '2025-06-18 03:28:48', '2025-06-18 03:28:48', NULL),
(36, 13, 3, 4, 'Loved the protagonist\'s charisma and the intense plot twists. Keeps you guessing! 🔥🕵️‍♂️', NULL, NULL, NULL, '2025-08-17 03:28:48', '2025-08-17 03:28:48', NULL),
(37, 6, 4, 5, 'The plot is so intricate and well-crafted. A real edge-of-your-seat thriller. 😲🔥', NULL, NULL, NULL, '2026-01-06 03:28:48', '2026-01-06 03:28:48', NULL),
(38, 2, 11, 4, 'The characters are well-developed and the plot keeps you on the edge of your seat. 👍🕵️‍♂️', NULL, NULL, NULL, '2025-12-02 03:28:49', '2025-12-02 03:28:49', NULL),
(39, 3, 10, 4, 'Raziel\'s journey is inspiring and beautifully animated. Can\'t wait for more! 🎉🦄', NULL, NULL, NULL, '2025-08-22 03:28:49', '2025-08-22 03:28:49', NULL),
(40, 7, 9, 3, 'Heart-pounding action with a hint of suspense. Action movie buffs will enjoy every moment. 🎞️👏', NULL, NULL, NULL, '2025-05-21 03:28:49', '2025-05-21 03:28:49', NULL),
(41, 4, 12, 4, 'The suspense in every episode keeps me hooked! Can\'t get enough of it. 🔍🎬', NULL, NULL, NULL, '2025-05-15 03:28:49', '2025-05-15 03:28:49', NULL),
(42, 10, 5, 5, 'Perfect for family movie night - captivating and full of wonder! 🍿👪', NULL, NULL, NULL, '2026-01-17 03:28:49', '2026-01-17 03:28:49', NULL),
(43, 5, 7, 5, 'The storyline is gripping and the scares are genuine. Loving it! 🎃💀', NULL, NULL, NULL, '2025-11-27 03:28:49', '2025-11-27 03:28:49', NULL),
(44, 12, 8, 4, 'A visually stunning adventure that captivates from start to finish! 🎬🌟', NULL, NULL, NULL, '2025-11-21 03:28:49', '2025-11-21 03:28:49', NULL),
(45, 22, 11, 5, 'Educational yet entertaining, perfect for history buffs and casual viewers alike. 📚📺', NULL, NULL, NULL, '2025-06-22 03:28:49', '2025-06-22 03:28:49', NULL),
(46, 5, 6, 4, 'Edge-of-your-seat horror with a captivating plot. So intense! 🥶🏚️', NULL, NULL, NULL, '2025-06-19 03:28:49', '2025-06-19 03:28:49', NULL),
(47, 8, 3, 5, 'The characters were so well-developed, and the plot was intense. Loved every moment! 👍🌟', NULL, NULL, NULL, '2025-10-07 03:28:49', '2025-10-07 03:28:49', NULL),
(48, 6, 8, 5, 'The characters are compelling, and the mystery deepens with each episode. 👏🕵️‍♀️', NULL, NULL, NULL, '2026-02-13 03:28:49', '2026-02-13 03:28:49', NULL),
(49, 11, 6, 5, 'Loved the soundtrack! It perfectly complements the magical atmosphere of Zambezia. 🎵🎶', NULL, NULL, NULL, '2026-01-05 03:28:49', '2026-01-05 03:28:49', NULL),
(50, 15, 4, 5, 'The ocean depths come alive with mystery and danger. Riveting from start to finish. 🌊🦑', NULL, NULL, NULL, '2025-11-24 03:28:49', '2025-11-24 03:28:49', NULL),
(51, 6, 9, 3, 'Each episode unveils more secrets and keeps you hooked. Fantastic storytelling! 📚🎬', NULL, NULL, NULL, '2025-12-03 03:28:49', '2025-12-03 03:28:49', NULL),
(52, 7, 6, 4, 'Action-packed from start to finish! The stunts were mind-blowing. 🎬💥', NULL, NULL, NULL, '2026-01-27 03:28:49', '2026-01-27 03:28:49', NULL),
(53, 8, 13, 5, 'The pacing was perfect, never a dull moment. Can\'t wait for a sequel! 🚀🎉', NULL, NULL, NULL, '2026-01-01 03:28:49', '2026-01-01 03:28:49', NULL),
(54, 16, 14, 3, 'Tim and Tom\'s chemistry is unbeatable. I wish there were more movies like this! 🌟👬', NULL, NULL, NULL, '2025-10-08 03:28:49', '2025-10-08 03:28:49', NULL),
(55, 9, 6, 5, 'Action-packed and emotionally charged—this movie delivers on all fronts. A must-watch for action enthusiasts! 💥🎞️', NULL, NULL, NULL, '2025-03-24 03:28:49', '2025-03-24 03:28:49', NULL),
(56, 18, 11, 4, 'I couldn\'t get enough of the comedic timing in this film. Pure comedy gold! ⏱️😄', NULL, NULL, NULL, '2025-05-10 03:28:49', '2025-05-10 03:28:49', NULL),
(57, 8, 14, 5, 'A thrilling ride with heart-pounding moments. Definitely recommend it to action fans! 🎢👏', NULL, NULL, NULL, '2025-11-07 03:28:49', '2025-11-07 03:28:49', NULL),
(58, 11, 7, 5, 'The storyline is engaging, and the characters are lovable. A must-watch animation! 🐦💖', NULL, NULL, NULL, '2026-01-17 03:28:49', '2026-01-17 03:28:49', NULL),
(59, 5, 9, 5, 'The acting and special effects are fantastic. Truly terrifying! 🌲🧟‍♀️', NULL, NULL, NULL, '2025-05-13 03:28:49', '2025-05-13 03:28:49', NULL),
(60, 12, 14, 5, 'Clever humor and heartfelt moments make this a timeless classic. Highly recommend! 😄👏', NULL, NULL, NULL, '2025-10-17 03:28:49', '2025-10-17 03:28:49', NULL),
(61, 22, 4, 5, 'The costumes and set designs transport you back in time. A visual feast! 🎨✨', NULL, NULL, NULL, '2025-09-03 03:28:49', '2025-09-03 03:28:49', NULL),
(62, 9, 5, 4, 'Gripping action from start to finish! The Gunfighter\'s journey is packed with adrenaline-pumping scenes. 🤠🔥', NULL, NULL, NULL, '2026-01-26 03:28:49', '2026-01-26 03:28:49', NULL),
(63, 26, 14, 4, 'The scenery and music complement the story beautifully. It\'s a visual and emotional treat. 🎵🎥', NULL, NULL, NULL, '2025-07-09 03:28:49', '2025-07-09 03:28:49', NULL),
(64, 15, 11, 4, 'Intriguing characters and a plot that sinks its hooks deep. Thrills and suspense galore! 👀🎥', NULL, NULL, NULL, '2025-06-17 03:28:49', '2025-06-17 03:28:49', NULL),
(65, 17, 6, 5, 'Clever humor and witty dialogue make this a must-watch comedy! 🎭👍', NULL, NULL, NULL, '2025-10-27 03:28:49', '2025-10-27 03:28:49', NULL),
(66, 13, 14, 4, 'Gripping storyline with unexpected turns. I couldn\'t look away for a second! 🤯🔫', NULL, NULL, NULL, '2025-05-15 03:28:49', '2025-05-15 03:28:49', NULL),
(67, 19, 11, 5, 'Creepy atmosphere and unexpected twists make it a standout horror film. 🌑🕯️', NULL, NULL, NULL, '2026-01-15 03:28:49', '2026-01-15 03:28:49', NULL),
(68, 7, 8, 3, 'Explosive scenes and gripping storyline. Kept me at the edge of my seat throughout. 🌟🔫', NULL, NULL, NULL, '2025-03-15 03:28:49', '2025-03-15 03:28:49', NULL),
(69, 16, 10, 4, 'A delightful comedy that had me giggling throughout. Tim and Tom are my new favorites! 🎈😁', NULL, NULL, NULL, '2025-12-12 03:28:49', '2025-12-12 03:28:49', NULL),
(70, 7, 10, 5, 'Loved the plot twists and the lead actor\'s performance. Definitely worth watching! 👍🎬', NULL, NULL, NULL, '2025-08-09 03:28:49', '2025-08-09 03:28:49', NULL),
(71, 11, 3, 4, 'Captivating animation and a heartwarming storyline that keeps you engaged till the end. 🌟🎬', NULL, NULL, NULL, '2025-10-09 03:28:49', '2025-10-09 03:28:49', NULL),
(72, 16, 13, 5, 'A feel-good movie with endless laughs. Perfect for a movie night with friends! 🍿😆', NULL, NULL, NULL, '2025-04-24 03:28:49', '2025-04-24 03:28:49', NULL),
(73, 11, 11, 5, 'Beautifully crafted characters and stunning visuals. A delight for all ages! 🦅🎨', NULL, NULL, NULL, '2025-12-08 03:28:49', '2025-12-08 03:28:49', NULL),
(74, 23, 8, 5, 'A feel-good film that leaves you motivated and optimistic. 🎥🌻', NULL, NULL, NULL, '2025-08-30 03:28:49', '2025-08-30 03:28:49', NULL),
(75, 12, 12, 5, 'The animation is top-notch, and the plot is both engaging and thought-provoking. 🎥🤔', NULL, NULL, NULL, '2025-07-10 03:28:49', '2025-07-10 03:28:49', NULL),
(76, 13, 7, 3, 'Perfect blend of action and suspense. It kept me at the edge of my seat throughout. 👏🎭', NULL, NULL, NULL, '2025-04-06 03:28:49', '2025-04-06 03:28:49', NULL),
(77, 18, 14, 4, 'Frank and Fearless bring laughter and charm to the screen. Thoroughly entertaining! 😂🎉', NULL, NULL, NULL, '2025-07-27 03:28:49', '2025-07-27 03:28:49', NULL),
(78, 13, 4, 5, 'Action-packed from start to finish! The stunts and fight scenes are mind-blowing. 🎬💥', NULL, NULL, NULL, '2025-09-14 03:28:49', '2025-09-14 03:28:49', NULL),
(79, 17, 5, 3, 'The cast nailed it! Each scene had me in stitches. 🤣🎬', NULL, NULL, NULL, '2025-09-06 03:28:49', '2025-09-06 03:28:49', NULL),
(80, 15, 12, 5, 'Captivating storyline with chilling moments that leave you breathless. A must-watch for thriller enthusiasts! 😱🎬', NULL, NULL, NULL, '2025-03-01 03:28:49', '2025-03-01 03:28:49', NULL),
(81, 13, 13, 4, 'Heart-pounding adrenaline rush! The Daring Player sets a new standard for action movies. 🚀👊', NULL, NULL, NULL, '2025-11-11 03:28:49', '2025-11-11 03:28:49', NULL),
(82, 14, 11, 5, 'Impressive cinematography and a plot that keeps you on the edge of your seat. Bravo! 🌟👏', NULL, NULL, NULL, '2026-02-19 03:28:49', '2026-02-19 03:28:49', NULL),
(83, 19, 4, 5, 'A terrifying rollercoaster of fear and suspense. 🎢😨', NULL, NULL, NULL, '2025-05-23 03:28:49', '2025-05-23 03:28:49', NULL),
(84, 21, 10, 4, 'Engrossing narratives and stunning visuals make history come alive! 🎥✨', NULL, NULL, NULL, '2025-05-21 03:28:49', '2025-05-21 03:28:49', NULL),
(85, 25, 13, 5, 'I couldn\'t stop smiling throughout! A perfect feel-good movie for any day. 😊🎥', NULL, NULL, NULL, '2025-07-02 03:28:49', '2025-07-02 03:28:49', NULL),
(86, 14, 10, 4, 'The suspense builds up perfectly. I couldn\'t take my eyes off the screen! 🎥🔍', NULL, NULL, NULL, '2025-07-21 03:28:49', '2025-07-21 03:28:49', NULL),
(87, 1, 6, 4, 'Masterfully crafted with spine-tingling moments that linger long after you\'ve finished watching. A must-watch for horror aficionados! 🎬👻', NULL, NULL, NULL, '2025-11-04 03:28:49', '2025-11-04 03:28:49', NULL),
(88, 15, 3, 5, 'Gripping plot twists and eerie underwater suspense! Keeps you guessing till the end. 🌊🔍', NULL, NULL, NULL, '2025-03-20 03:28:49', '2025-03-20 03:28:49', NULL),
(89, 26, 5, 4, 'A perfect movie for a cozy evening. It\'s romantic, emotional, and uplifting. 🍿🎬', NULL, NULL, NULL, '2025-04-03 03:28:49', '2025-04-03 03:28:49', NULL),
(90, 21, 13, 5, 'Detailed and enlightening! It\'s like stepping back in time. 🕰️📜', NULL, NULL, NULL, '2025-03-07 03:28:49', '2025-03-07 03:28:49', NULL),
(91, 19, 7, 3, 'Hauntingly good! The suspense builds up perfectly. 🕰️🔦', NULL, NULL, NULL, '2025-10-14 03:28:49', '2025-10-14 03:28:49', NULL),
(92, 16, 9, 4, 'Hilarious from start to finish! Tim and Tom are comedy gold. 😂👌', NULL, NULL, NULL, '2025-07-07 03:28:49', '2025-07-07 03:28:49', NULL),
(93, 24, 13, 5, 'An emotional rollercoaster with a powerful message of perseverance. 🎢💫', NULL, NULL, NULL, '2025-10-21 03:28:49', '2025-10-21 03:28:49', NULL),
(94, 23, 5, 4, 'Rise Above is a testament to the human spirit\'s ability to overcome challenges. 🌠🙌', NULL, NULL, NULL, '2025-11-14 03:28:49', '2025-11-14 03:28:49', NULL),
(95, 26, 12, 5, 'This movie reminds us that love conquers all. It\'s a must-watch for romantics! 🌹💫', NULL, NULL, NULL, '2025-04-04 03:28:49', '2025-04-04 03:28:49', NULL),
(96, 16, 6, 5, 'Quirky and entertaining, this movie brightened my day. Highly recommend! 🌈❤️', NULL, NULL, NULL, '2025-05-18 03:28:49', '2025-05-18 03:28:49', NULL),
(97, 17, 3, 5, 'Perfect pick-me-up comedy for any day of the week. 😄🎥', NULL, NULL, NULL, '2025-05-29 03:28:49', '2025-05-29 03:28:49', NULL),
(98, 15, 7, 5, 'Atmospheric and hauntingly beautiful. Dive into this thriller for an unforgettable ride. 🌊🎞️', NULL, NULL, NULL, '2025-07-12 03:28:49', '2025-07-12 03:28:49', NULL),
(99, 17, 10, 3, 'A feel-good comedy that delivers non-stop laughs. Highly recommend! 🌟🎉', NULL, NULL, NULL, '2025-08-04 03:28:49', '2025-08-04 03:28:49', NULL),
(100, 24, 8, 5, 'Inspirational from start to finish. It reminds us to never give up on our dreams. 🌟🎬', NULL, NULL, NULL, '2025-10-11 03:28:49', '2025-10-11 03:28:49', NULL),
(101, 18, 9, 5, 'The chemistry between the characters is spot-on. Enjoyable and witty! 👏😆', NULL, NULL, NULL, '2025-11-03 03:28:49', '2025-11-03 03:28:49', NULL),
(102, 21, 6, 3, 'Each episode is a treasure trove of knowledge. Highly recommend for all ages! 🎓🌟', NULL, NULL, NULL, '2025-07-10 03:28:49', '2025-07-10 03:28:49', NULL),
(103, 23, 11, 5, 'The performances are outstanding, making the message even more impactful. 👍🎭', NULL, NULL, NULL, '2025-12-20 03:28:49', '2025-12-20 03:28:49', NULL),
(104, 26, 3, 4, 'Such a heartwarming story! It\'s a beautiful journey of love and second chances. 💖😊', NULL, NULL, NULL, '2025-11-12 03:28:49', '2025-11-12 03:28:49', NULL),
(105, 21, 7, 5, 'A must-watch for history buffs! The storytelling is impeccable. 🤓🎬', NULL, NULL, NULL, '2026-02-11 03:28:49', '2026-02-11 03:28:49', NULL),
(106, 24, 6, 5, 'A beautiful story of resilience and triumph against all odds. 🎥🌟', NULL, NULL, NULL, '2025-09-05 03:28:49', '2025-09-05 03:28:49', NULL),
(107, 20, 10, 5, 'Perfect blend of suspense and horror. Hauntingly good! 👀🔪', NULL, NULL, NULL, '2025-11-23 03:28:49', '2025-11-23 03:28:49', NULL),
(108, 26, 8, 5, 'Forever in My Heart touched my soul. It\'s a timeless love story that stays with you. 💞📽️', NULL, NULL, NULL, '2025-03-06 03:28:49', '2025-03-06 03:28:49', NULL),
(109, 12, 13, 4, 'An imaginative world that brings out the child in everyone. Loved every moment! 🌈👶', NULL, NULL, NULL, '2025-11-03 03:28:49', '2025-11-03 03:28:49', NULL),
(110, 19, 6, 4, 'Couldn\'t look away despite being scared out of my wits! 👀😳', NULL, NULL, NULL, '2025-04-05 03:28:49', '2025-04-05 03:28:49', NULL),
(111, 18, 12, 5, 'Clever writing and great performances make this movie a joy to watch. 📝🎥', NULL, NULL, NULL, '2025-07-04 03:28:49', '2025-07-04 03:28:49', NULL),
(112, 12, 3, 4, 'The New Empire sets a new standard for animated movies. Truly magical! 🌠🎉', NULL, NULL, NULL, '2025-08-31 03:28:49', '2025-08-31 03:28:49', NULL),
(113, 19, 9, 5, 'Spine-chilling! Kept me awake all night. 😱👻', NULL, NULL, NULL, '2025-06-20 03:28:49', '2025-06-20 03:28:49', NULL),
(114, 23, 9, 5, 'This movie reminds us that anything is possible with determination and courage. 🌟💪', NULL, NULL, NULL, '2025-05-15 03:28:49', '2025-05-15 03:28:49', NULL),
(115, 20, 5, 5, 'Kept me on the edge of my seat the entire time! Terrifying twists and turns. 😱👻', NULL, NULL, NULL, '2026-02-03 03:28:49', '2026-02-03 03:28:49', NULL),
(116, 25, 7, 5, 'A timeless romance that sweeps you off your feet. Pure cinematic bliss! 🎬💞', NULL, NULL, NULL, '2026-01-01 03:28:49', '2026-01-01 03:28:49', NULL),
(117, 21, 12, 4, 'A fascinating exploration of ancient history, beautifully presented. 🌍🏛️', NULL, NULL, NULL, '2025-07-18 03:28:49', '2025-07-18 03:28:49', NULL),
(118, 20, 4, 5, 'The atmosphere was eerie, and the scares were genuinely frightening. Bravo! 🌑🎬', NULL, NULL, NULL, '2025-05-17 03:28:49', '2025-05-17 03:28:49', NULL),
(119, 26, 4, 5, 'The chemistry between the leads is undeniable. I couldn\'t stop smiling throughout! 💑🌟', NULL, NULL, NULL, '2026-01-15 03:28:49', '2026-01-15 03:28:49', NULL),
(120, 22, 3, 5, 'Captivating portrayal of ancient civilizations, rich in detail and authenticity. 🏛️📜', NULL, NULL, NULL, '2026-01-15 03:28:49', '2026-01-15 03:28:49', NULL),
(121, 23, 3, 5, 'Rise Above delivers a powerful message of perseverance and resilience. 🌈👏', NULL, NULL, NULL, '2025-05-17 03:28:49', '2025-05-17 03:28:49', NULL),
(122, 22, 8, 5, 'A fascinating journey through history, beautifully depicted with stellar performances. 🎭🌍', NULL, NULL, NULL, '2025-06-05 03:28:49', '2025-06-05 03:28:49', NULL),
(123, 24, 12, 3, 'Touching and motivational. It\'s a journey everyone should experience. 🚀😊', NULL, NULL, NULL, '2026-01-27 03:28:49', '2026-01-27 03:28:49', NULL),
(124, 23, 14, 3, 'A deeply inspiring movie that touches the heart and uplifts the spirit. 🌟😊', NULL, NULL, NULL, '2025-03-09 03:28:49', '2025-03-09 03:28:49', NULL),
(125, 22, 9, 5, 'Engrossing narrative that brings the past to life with every scene. 🕰️🔍', NULL, NULL, NULL, '2025-03-22 03:28:49', '2025-03-22 03:28:49', NULL),
(126, 23, 4, 3, 'The storyline is moving, and the characters\' journeys are truly inspirational. 🎬❤️', NULL, NULL, NULL, '2026-01-05 03:28:49', '2026-01-05 03:28:49', NULL),
(127, 25, 6, 3, 'Heartwarming and beautifully romantic, a love story that stays with you forever. 💖🌟', NULL, NULL, NULL, '2025-08-24 03:28:49', '2025-08-24 03:28:49', NULL),
(128, 24, 3, 4, 'This movie inspired me deeply. A powerful reminder of the strength within us all. 🌟🙌', NULL, NULL, NULL, '2025-08-13 03:28:49', '2025-08-13 03:28:49', NULL),
(129, 20, 12, 4, 'Creepy and atmospheric. It\'s a horror fan\'s dream come true! 🌌🏚️', NULL, NULL, NULL, '2025-04-01 03:28:49', '2025-04-01 03:28:49', NULL),
(130, 21, 3, 5, 'An epic journey through the origins of civilization. Educational and captivating! 📚🌅', NULL, NULL, NULL, '2025-05-01 03:28:49', '2025-05-01 03:28:49', NULL),
(131, 25, 3, 5, 'This movie made me believe in love all over again. Simply breathtaking! 💕😍', NULL, NULL, NULL, '2025-10-12 03:28:49', '2025-10-12 03:28:49', NULL),
(132, 20, 8, 4, 'A bone-chilling experience that left me checking over my shoulder. Highly recommend! 🕯️👁️', NULL, NULL, NULL, '2025-09-13 03:28:49', '2025-09-13 03:28:49', NULL),
(133, 10, 12, 5, 'Daizy\'s journey is heartwarming and filled with lessons for all ages. 🎈😊', NULL, NULL, NULL, '2025-04-02 03:28:49', '2025-04-02 03:28:49', NULL),
(134, 24, 7, 5, 'The characters\' journeys are incredibly moving. You\'ll laugh, cry, and feel inspired. 💖😭', NULL, NULL, NULL, '2025-08-10 03:28:49', '2025-08-10 03:28:49', NULL),
(135, 19, 14, 4, 'Every shadow feels like it\'s watching you. Thrilling till the end! 🌌👁️', NULL, NULL, NULL, '2025-11-09 03:28:49', '2025-11-09 03:28:49', NULL),
(136, 1, 7, 5, 'Evokes a sense of dread and excitement simultaneously, offering a thrilling rollercoaster ride through fear and suspense. 🎢😱', NULL, NULL, NULL, '2025-05-14 03:28:49', '2025-05-14 03:28:49', NULL),
(137, 2, 12, 4, 'Fantastic cinematography and thrilling gunfights! A must-watch for Western fans. 📽️🌟', NULL, NULL, NULL, '2025-10-14 03:28:49', '2025-10-14 03:28:49', NULL),
(138, 22, 5, 5, 'Each moment feels like a glimpse into a forgotten era. Absolutely mesmerizing! 🌌🔮', NULL, NULL, NULL, '2025-06-26 03:28:49', '2025-06-26 03:28:49', NULL),
(139, 2, 13, 5, 'Each episode is better than the last. The story is captivating and full of surprises. 🎉🚀', NULL, NULL, NULL, '2025-05-22 03:28:49', '2025-05-22 03:28:49', NULL),
(140, 5, 12, 4, 'The twists and turns are brilliant. A must-watch for horror lovers! 🌫️📺', NULL, NULL, NULL, '2025-05-12 03:28:49', '2025-05-12 03:28:49', NULL),
(141, 4, 13, 5, 'Edge-of-your-seat excitement and unexpected twists. Absolutely thrilling! 😱🚀', NULL, NULL, NULL, '2025-04-21 03:28:49', '2025-04-21 03:28:49', NULL),
(142, 10, 7, 5, 'The animation is top-notch, and the story keeps you hooked from start to finish. 🎬💖', NULL, NULL, NULL, '2026-01-11 03:28:49', '2026-01-11 03:28:49', NULL),
(143, 20, 3, 5, 'Gripping from start to finish. The tension builds up beautifully. 🎢💀', NULL, NULL, NULL, '2025-11-20 03:28:49', '2025-11-20 03:28:49', NULL),
(144, 25, 12, 5, 'Touching and emotional, it captures the essence of true love\'s journey. 🌹😢', NULL, NULL, NULL, '2025-11-09 03:28:49', '2025-11-09 03:28:49', NULL),
(145, 1, 8, 5, 'Captivating and spine-chilling, with a narrative that grips your imagination and leaves you pondering its mysteries. 🔍🌑', NULL, NULL, NULL, '2026-01-21 03:28:49', '2026-01-21 03:28:49', NULL),
(146, 4, 4, 5, 'Great character development and intense scenes. A top-notch thriller! 👏🔥', NULL, NULL, NULL, '2025-03-02 03:28:49', '2025-03-02 03:28:49', NULL),
(147, 2, 14, 5, 'The perfect blend of drama and action. The Gunslinger is a true hero! 👏🏜️', NULL, NULL, NULL, '2026-01-25 03:28:49', '2026-01-25 03:28:49', NULL),
(148, 11, 9, 4, 'An enchanting journey that sparks imagination and leaves you wanting more. ✨🌟', NULL, NULL, NULL, '2025-12-08 03:28:49', '2025-12-08 03:28:49', NULL),
(149, 3, 9, 5, 'The animation is stunning, and the story is captivating. Love Raziel\'s bravery! 🐉🎨', NULL, NULL, NULL, '2025-07-04 03:28:49', '2025-07-04 03:28:49', NULL),
(150, 26, 10, 3, 'I cried happy tears! This movie reaffirms the power of love and hope. 💖😊', NULL, NULL, NULL, '2026-01-09 03:28:49', '2026-01-09 03:28:49', NULL),
(151, 3, 3, 5, 'A magical adventure that kept my kids and me glued to the screen! 🌲✨', NULL, NULL, NULL, '2025-05-12 03:28:49', '2025-05-12 03:28:49', NULL),
(152, 14, 12, 4, 'A must-watch for thriller enthusiasts. The Monkey King\'s quest will leave you wanting more. 🎭🌌', NULL, NULL, NULL, '2026-01-17 03:28:49', '2026-01-17 03:28:49', NULL),
(153, 18, 3, 5, 'A comedy that hits all the right notes. Fun, light-hearted, and highly enjoyable! 🎶😊', NULL, NULL, NULL, '2025-10-07 03:28:49', '2025-10-07 03:28:49', NULL),
(154, 16, 6, 5, 'The cinematography is fantastic, and the suspense never lets up. Highly recommend! 🎥🌟', NULL, NULL, NULL, '2025-10-17 03:28:49', '2025-10-17 03:28:49', NULL),
(155, 21, 8, 4, 'The scale and depth of this series are truly impressive. History enthusiasts will be hooked! 🌐🔍', NULL, NULL, NULL, '2025-09-29 03:28:49', '2025-09-29 03:28:49', NULL),
(156, 13, 11, 5, 'Perfect mix of fantasy and adventure. The Final Showdown was epic! ⚔️🌟', NULL, NULL, NULL, '2025-06-24 03:28:49', '2025-06-24 03:28:49', NULL),
(157, 19, 13, 4, 'Heart-pounding moments that will linger long after the credits roll. Must-watch for horror enthusiasts! 🎥👹', NULL, NULL, NULL, '2025-12-06 03:28:49', '2025-12-06 03:28:49', NULL),
(158, 14, 6, 4, 'Intriguing characters and stunning visual effects. A thrilling ride from start to finish. 🎬🔥', NULL, NULL, NULL, '2025-05-22 03:28:49', '2025-05-22 03:28:49', NULL),
(159, 12, 5, 5, 'Heartwarming story with lovable characters. Perfect for family movie night! 🍿❤️', NULL, NULL, NULL, '2025-12-27 03:28:49', '2025-12-27 03:28:49', NULL),
(160, 19, 3, 4, 'Gripping horror that leaves you checking the shadows. Not for the faint-hearted! 🚪🌚', NULL, NULL, NULL, '2025-08-23 03:28:49', '2025-08-23 03:28:49', NULL),
(161, 18, 4, 5, 'A comedic adventure that keeps you smiling from start to finish. 😄🌟', NULL, NULL, NULL, '2025-08-22 03:28:49', '2025-08-22 03:28:49', NULL),
(162, 13, 7, 5, 'The Hidden Fortress episode was full of unexpected twists and turns! So exciting! 🏰🔍', NULL, NULL, NULL, '2025-03-14 03:28:49', '2025-03-14 03:28:49', NULL),
(163, 17, 9, 5, 'The plot is brilliantly crafted with a perfect mix of mystery and action. 📺🕵️‍♂️', NULL, NULL, NULL, '2025-10-24 03:28:49', '2025-10-24 03:28:49', NULL),
(164, 24, 4, 4, 'Couldn\'t help but smile throughout. Pure comedy gold! 😊👌', NULL, NULL, NULL, '2025-09-04 03:28:49', '2025-09-04 03:28:49', NULL),
(165, 9, 14, 5, 'A masterful blend of intrigue and drama. Every scene is filled with tension. 😱🏙️', NULL, NULL, NULL, '2026-02-15 03:28:49', '2026-02-15 03:28:49', NULL),
(166, 12, 11, 4, 'Forever and a Day is a masterpiece in romantic storytelling. A must-watch! 🌈❤️', NULL, NULL, NULL, '2025-07-29 03:28:49', '2025-07-29 03:28:49', NULL),
(167, 7, 10, 4, 'Heartfelt and uplifting. It leaves you with a sense of hope and determination. 🌈💪', NULL, NULL, NULL, '2025-05-07 03:28:49', '2025-05-07 03:28:49', NULL),
(168, 12, 5, 5, 'The chemistry between the leads is magical. It\'s a love story you won\'t forget. ✨👫', NULL, NULL, NULL, '2025-04-04 03:28:49', '2025-04-04 03:28:49', NULL),
(169, 18, 8, 4, 'Loved the quirky humor and unexpected twists. A must-watch for comedy lovers. 🎬🤩', NULL, NULL, NULL, '2025-08-16 03:28:49', '2025-08-16 03:28:49', NULL);

-- --------------------------------------------------------

--
-- Table structure for table `roles`
--

CREATE TABLE `roles` (
  `id` bigint(20) UNSIGNED NOT NULL,
  `name` varchar(125) NOT NULL,
  `title` varchar(191) NOT NULL,
  `guard_name` varchar(125) NOT NULL,
  `is_fixed` tinyint(1) NOT NULL DEFAULT 0,
  `created_at` timestamp NULL DEFAULT NULL,
  `updated_at` timestamp NULL DEFAULT NULL
) ENGINE=InnoDB DEFAULT CHARSET=utf8mb4 COLLATE=utf8mb4_unicode_ci;

--
-- Dumping data for table `roles`
--

INSERT INTO `roles` (`id`, `name`, `title`, `guard_name`, `is_fixed`, `created_at`, `updated_at`) VALUES
(1, 'admin', 'Admin', 'web', 1, '2026-02-25 03:28:31', '2026-02-25 03:28:31'),
(2, 'demo_admin', 'Demo Admin', 'web', 1, '2026-02-25 03:28:31', '2026-02-25 03:28:31'),
(3, 'user', 'user', 'web', 1, '2026-02-25 03:28:31', '2026-02-25 03:28:31');

-- --------------------------------------------------------

--
-- Table structure for table `role_has_permissions`
--

CREATE TABLE `role_has_permissions` (
  `permission_id` bigint(20) UNSIGNED NOT NULL,
  `role_id` bigint(20) UNSIGNED NOT NULL
) ENGINE=InnoDB DEFAULT CHARSET=utf8mb4 COLLATE=utf8mb4_unicode_ci;

--
-- Dumping data for table `role_has_permissions`
--

INSERT INTO `role_has_permissions` (`permission_id`, `role_id`) VALUES
(1, 1),
(1, 2),
(2, 1),
(2, 2),
(3, 1),
(3, 2),
(4, 1),
(4, 2),
(5, 1),
(5, 2),
(6, 1),
(6, 2),
(7, 1),
(7, 2),
(8, 1),
(8, 2),
(9, 1),
(9, 2),
(10, 1),
(10, 2),
(11, 1),
(11, 2),
(12, 1),
(12, 2),
(13, 1),
(13, 2),
(14, 1),
(14, 2),
(15, 1),
(15, 2),
(16, 1),
(16, 2),
(17, 1),
(17, 2),
(18, 1),
(18, 2),
(19, 1),
(19, 2),
(20, 1),
(20, 2),
(21, 1),
(21, 2),
(22, 1),
(22, 2),
(23, 1),
(23, 2),
(24, 1),
(24, 2),
(25, 1),
(25, 2),
(26, 1),
(26, 2),
(27, 1),
(27, 2),
(28, 1),
(28, 2),
(29, 1),
(29, 2),
(30, 1),
(30, 2),
(31, 1),
(31, 2),
(32, 1),
(32, 2),
(33, 1),
(33, 2),
(34, 1),
(34, 2),
(35, 1),
(35, 2),
(36, 1),
(36, 2),
(37, 1),
(37, 2),
(38, 1),
(38, 2),
(39, 1),
(39, 2),
(40, 1),
(40, 2),
(41, 1),
(41, 2),
(42, 1),
(42, 2),
(43, 1),
(43, 2),
(44, 1),
(44, 2),
(45, 1),
(45, 2),
(46, 1),
(46, 2),
(47, 1),
(47, 2),
(48, 1),
(48, 2),
(49, 1),
(49, 2),
(50, 1),
(50, 2),
(51, 1),
(51, 2),
(52, 1),
(52, 2),
(53, 1),
(53, 2),
(54, 1),
(54, 2),
(55, 1),
(55, 2),
(56, 1),
(56, 2),
(57, 1),
(57, 2),
(58, 1),
(58, 2),
(59, 1),
(59, 2),
(60, 1),
(60, 2),
(61, 1),
(61, 2),
(62, 1),
(62, 2),
(63, 1),
(63, 2),
(64, 1),
(64, 2),
(65, 1),
(65, 2),
(66, 1),
(66, 2),
(67, 1),
(67, 2),
(68, 1),
(68, 2),
(69, 1),
(69, 2),
(70, 1),
(70, 2),
(71, 1),
(71, 2),
(72, 1),
(72, 2),
(73, 1),
(73, 2),
(74, 1),
(74, 2),
(75, 1),
(75, 2),
(76, 1),
(76, 2),
(77, 1),
(77, 2),
(78, 1),
(78, 2),
(79, 1),
(79, 2),
(80, 1),
(80, 2),
(81, 1),
(81, 2),
(82, 1),
(82, 2),
(83, 1),
(83, 2),
(84, 1),
(84, 2),
(85, 1),
(85, 2),
(86, 1),
(86, 2),
(87, 1),
(87, 2),
(88, 1),
(88, 2),
(89, 1),
(89, 2),
(90, 1),
(90, 2),
(91, 1),
(91, 2),
(92, 1),
(92, 2),
(93, 1),
(93, 2),
(94, 1),
(94, 2),
(95, 1),
(95, 2),
(96, 1),
(96, 2),
(97, 1),
(97, 2),
(98, 1),
(98, 2),
(99, 1),
(99, 2),
(100, 1),
(100, 2),
(101, 1),
(101, 2),
(102, 1),
(102, 2),
(103, 1),
(103, 2),
(104, 1),
(104, 2),
(105, 1),
(105, 2),
(106, 1),
(106, 2),
(107, 1),
(107, 2),
(108, 1),
(108, 2),
(109, 1),
(109, 2),
(110, 1),
(110, 2),
(111, 1),
(111, 2),
(112, 1),
(112, 2),
(113, 1),
(113, 2),
(114, 1),
(114, 2),
(115, 1),
(115, 2),
(116, 1),
(116, 2),
(117, 1),
(117, 2),
(118, 1),
(118, 2),
(119, 1),
(119, 2),
(120, 1),
(120, 2),
(121, 1),
(121, 2),
(122, 1),
(122, 2),
(123, 1),
(123, 2),
(124, 1),
(124, 2),
(125, 1),
(125, 2),
(126, 1),
(126, 2),
(127, 1),
(127, 2),
(128, 1),
(128, 2),
(129, 1),
(129, 2),
(130, 1),
(130, 2),
(131, 1),
(131, 2),
(132, 1),
(132, 2),
(133, 1),
(133, 2),
(134, 1),
(134, 2),
(135, 1),
(135, 2),
(136, 1),
(136, 2),
(137, 1),
(137, 2),
(138, 1),
(138, 2),
(139, 1),
(139, 2),
(140, 1),
(140, 2),
(141, 1),
(141, 2),
(142, 1),
(142, 2),
(143, 1),
(143, 2),
(144, 1),
(144, 2),
(145, 1),
(145, 2),
(146, 1),
(146, 2),
(147, 1),
(147, 2),
(148, 1),
(148, 2),
(149, 1),
(149, 2),
(150, 1),
(150, 2),
(151, 1),
(151, 2),
(152, 1),
(152, 2),
(153, 1),
(153, 2),
(154, 1),
(154, 2),
(155, 1),
(155, 2),
(156, 1),
(156, 2),
(157, 1),
(157, 2),
(158, 1),
(158, 2),
(159, 1),
(159, 2),
(160, 1),
(160, 2),
(161, 1),
(161, 2),
(162, 1),
(162, 2),
(163, 1),
(163, 2),
(164, 1),
(164, 2),
(165, 1),
(165, 2),
(166, 1),
(166, 2),
(167, 1),
(167, 2),
(168, 1),
(168, 2),
(169, 1),
(169, 2),
(170, 1),
(170, 2),
(171, 1),
(171, 2),
(172, 1),
(172, 2),
(173, 1),
(173, 2),
(174, 1),
(174, 2),
(175, 1),
(175, 2),
(176, 1),
(176, 2),
(177, 1),
(177, 2),
(178, 1),
(178, 2),
(179, 1),
(179, 2),
(180, 1),
(180, 2),
(181, 1),
(181, 2),
(182, 1),
(182, 2),
(183, 1),
(183, 2),
(184, 1),
(184, 2),
(185, 1),
(185, 2),
(186, 1),
(186, 2),
(187, 1),
(187, 2),
(188, 1),
(188, 2),
(189, 1),
(189, 2),
(190, 1),
(190, 2),
(191, 1),
(191, 2),
(192, 1),
(192, 2),
(193, 1),
(193, 2),
(194, 1),
(194, 2),
(195, 1),
(195, 2),
(196, 1),
(196, 2),
(197, 1),
(197, 2),
(198, 1),
(198, 2),
(199, 1),
(199, 2),
(200, 1),
(200, 2),
(201, 1),
(201, 2),
(202, 1),
(202, 2),
(203, 1),
(203, 2),
(204, 1),
(204, 2),
(205, 1),
(205, 2),
(206, 1),
(206, 2),
(207, 1),
(207, 2),
(208, 1),
(208, 2),
(209, 1),
(209, 2),
(210, 1),
(210, 2),
(211, 1),
(211, 2),
(212, 1),
(212, 2),
(213, 1),
(213, 2),
(214, 1),
(214, 2),
(215, 1),
(215, 2),
(216, 1),
(216, 2),
(217, 1),
(217, 2),
(218, 1),
(218, 2),
(219, 1),
(219, 2),
(220, 1),
(220, 2),
(221, 1),
(221, 2),
(222, 1),
(222, 2),
(223, 1),
(223, 2);

-- --------------------------------------------------------

--
-- Table structure for table `seasons`
--

CREATE TABLE `seasons` (
  `id` bigint(20) UNSIGNED NOT NULL,
  `tmdb_id` varchar(191) DEFAULT NULL,
  `season_index` varchar(191) DEFAULT NULL,
  `name` varchar(191) DEFAULT NULL,
  `poster_url` text DEFAULT NULL,
  `entertainment_id` bigint(20) UNSIGNED DEFAULT NULL,
  `trailer_url_type` varchar(191) DEFAULT NULL,
  `trailer_url` text DEFAULT NULL,
  `access` varchar(191) DEFAULT NULL,
  `status` tinyint(1) NOT NULL DEFAULT 0,
  `plan_id` bigint(20) UNSIGNED DEFAULT NULL,
  `short_desc` longtext DEFAULT NULL,
  `description` longtext DEFAULT NULL,
  `created_by` int(10) UNSIGNED DEFAULT NULL,
  `updated_by` int(10) UNSIGNED DEFAULT NULL,
  `deleted_by` int(10) UNSIGNED DEFAULT NULL,
  `created_at` timestamp NULL DEFAULT NULL,
  `updated_at` timestamp NULL DEFAULT NULL,
  `deleted_at` timestamp NULL DEFAULT NULL,
  `poster_tv_url` text DEFAULT NULL,
  `price` decimal(8,2) DEFAULT NULL,
  `purchase_type` varchar(191) DEFAULT NULL,
  `access_duration` int(11) DEFAULT NULL,
  `discount` varchar(191) DEFAULT NULL,
  `available_for` int(11) DEFAULT NULL,
  `meta_title` varchar(191) DEFAULT NULL,
  `meta_keywords` varchar(191) DEFAULT NULL,
  `meta_description` text DEFAULT NULL,
  `seo_image` varchar(191) DEFAULT NULL,
  `google_site_verification` varchar(191) DEFAULT NULL,
  `canonical_url` varchar(191) DEFAULT NULL,
  `short_description` text DEFAULT NULL,
  `slug` text DEFAULT NULL,
  `season_number` int(11) DEFAULT NULL
) ENGINE=InnoDB DEFAULT CHARSET=utf8mb4 COLLATE=utf8mb4_unicode_ci;

--
-- Dumping data for table `seasons`
--

INSERT INTO `seasons` (`id`, `tmdb_id`, `season_index`, `name`, `poster_url`, `entertainment_id`, `trailer_url_type`, `trailer_url`, `access`, `status`, `plan_id`, `short_desc`, `description`, `created_by`, `updated_by`, `deleted_by`, `created_at`, `updated_at`, `deleted_at`, `poster_tv_url`, `price`, `purchase_type`, `access_duration`, `discount`, `available_for`, `meta_title`, `meta_keywords`, `meta_description`, `seo_image`, `google_site_verification`, `canonical_url`, `short_description`, `slug`, `season_number`) VALUES
(1, NULL, NULL, 'S1 The Awakening Shadows', 's1_the_awakening_shadows_thumb.png', 1, 'YouTube', 'https://youtu.be/1sCBEzxF_K4?si=B-rZUby9EXaMWkKD', 'free', 1, NULL, 'The team battles an ancient evil that awakens from the shadows. 🌒', 'The team encounters a series of mysterious events that awaken an ancient evil. Their battle to understand and confront this malevolent force begins. 🏚️👻', NULL, NULL, NULL, '2026-02-25 03:28:49', '2026-02-25 03:28:49', NULL, 's1_the_awakening_shadows_thumb.png', NULL, NULL, NULL, NULL, NULL, NULL, NULL, NULL, NULL, NULL, NULL, NULL, 's1-the-awakening-shadows', 1),
(2, NULL, NULL, 'S2 The Rising Shadows', 's2_the_rising_shadows_thumb.png', 1, 'YouTube', 'https://youtu.be/7_MJp5AbSwA?si=Mtx9h0wlxtn4o_2Q', 'free', 1, NULL, 'Darkness intensifies as the ancient evil returns, stronger than before.', 'As the ancient evil rises again, the team faces even darker and more powerful threats. They must confront their deepest fears to save humanity from eternal darkness. 🌑🛡️', NULL, NULL, NULL, '2026-02-25 03:28:49', '2026-02-25 03:28:49', NULL, 's2_the_rising_shadows_thumb.png', NULL, NULL, NULL, NULL, NULL, NULL, NULL, NULL, NULL, NULL, NULL, NULL, 's2-the-rising-shadows', 2),
(3, NULL, NULL, 'S1 Lawless Frontier', 's1_lawless_frontier_thumb.png', 2, 'YouTube', 'https://youtu.be/iABaiZO5Vjs?si=-86t28oJD4cIwkY0', 'paid', 1, 1, 'The Gunslinger returns to a chaotic town, battling ruthless outlaws and his own demons to restore justice. 🤠🔥', 'A legendary gunslinger rides back into town, where chaos and corruption reign. Determined to rid the land of crime and find redemption for his troubled past, he faces off against ruthless outlaws and must confront his own inner demons. As the battle for justice unfolds, the town’s fate hangs in the balance, and the gunslinger’s resolve is tested like never before. 🌵⚔️', NULL, NULL, NULL, '2026-02-25 03:28:49', '2026-02-25 03:28:49', NULL, 's1_lawless_frontier_thumb.png', NULL, NULL, NULL, NULL, NULL, NULL, NULL, NULL, NULL, NULL, NULL, NULL, 's1-lawless-frontier', 1),
(4, NULL, NULL, 'S1 The Journey Begins', 's1_the_journey_begins_thumb.png', 3, 'YouTube', 'https://youtu.be/yGkGMzupaVs?si=O0EBto49niZjBm_e', 'paid', 1, 2, 'Follow Raziel\'s first steps on a heroic quest to save his friend from the clutches of the wicked Gothel. 🏞️✨', 'Follow the young and courageous Raziel as he embarks on a heroic quest to save his friend from the clutches of the wicked Gothel. This season chronicles Raziel\'s initial steps into the enchanted forest, where he encounters magical creatures, forms new alliances, and faces the first of many trials. Through determination, bravery, and a growing sense of self-discovery, Raziel begins to uncover the true extent of Gothel\'s sinister plans. Join Raziel on this enchanting journey filled with adventure, mystery, and the unyielding spirit of a true hero. 🏞️✨', NULL, NULL, NULL, '2026-02-25 03:28:49', '2026-02-25 03:28:49', NULL, 's1_the_journey_begins_thumb.png', NULL, NULL, NULL, NULL, NULL, NULL, NULL, NULL, NULL, NULL, NULL, NULL, 's1-the-journey-begins', 1),
(5, NULL, NULL, 'S2 Trials and Triumphs', 's2_trials_and_triumphs_thumb.png', 3, 'YouTube', 'https://youtu.be/0R3YS_k6a5E?si=hu-eCRA6KQFfIEg2', 'paid', 1, 2, 'Raziel faces greater challenges and uncovers deeper secrets as he continues his daring rescue mission. 🏰⚔️', 'Raziel\'s quest intensifies as he delves deeper into the heart of Gothel\'s domain. This season is marked by greater challenges, deeper secrets, and high-stakes confrontations. Raziel and his allies must navigate treacherous landscapes, solve intricate puzzles, and battle formidable foes. As they uncover the layers of Gothel\'s dark magic, Raziel\'s resolve and skills are tested like never before. The season builds to a thrilling climax as Raziel confronts Gothel in a final showdown, determined to rescue his friend and bring peace to the land. Experience the trials and triumphs that define a hero\'s journey in this captivating continuation of Raziel\'s adventure. 🏰⚔️', NULL, NULL, NULL, '2026-02-25 03:28:49', '2026-02-25 03:28:49', NULL, 's2_trials_and_triumphs_thumb.png', NULL, NULL, NULL, NULL, NULL, NULL, NULL, NULL, NULL, NULL, NULL, NULL, 's2-trials-and-triumphs', 2),
(6, NULL, NULL, 'S1 The Hunt Begins', 's1_the_hunt_begins_thumb.png', 4, 'YouTube', 'https://youtu.be/4IByYWqUrvM?si=ikragPXgMAAECJw8', 'paid', 1, 3, 'A relentless detective embarks on a dark quest to track down a cunning criminal mastermind. 🔍🕵️‍♂️', 'The Hunt Begins follows Detective James Black as he dives into a labyrinth of crime and deceit, pursuing the elusive criminal known only as The Phantom. With each clue, the mystery deepens, leading to shocking revelations and deadly encounters. As James races against time, he discovers that the chase is personal, and failure is not an option. 🔍🕵️‍♂️', NULL, NULL, NULL, '2026-02-25 03:28:49', '2026-02-25 03:28:49', NULL, 's1_the_hunt_begins_thumb.png', NULL, NULL, NULL, NULL, NULL, NULL, NULL, NULL, NULL, NULL, NULL, NULL, 's1-the-hunt-begins', 1),
(7, NULL, NULL, 'S2 The Phantom Strikes Back', 's2_the_phantom_strikes_back_thumb.png', 4, 'YouTube', 'https://youtu.be/T5UokLYVJMI?si=7DVFmcXSmf5zVGKj', 'paid', 1, 3, 'The Phantom returns, setting off a deadly game of cat and mouse with Detective Black. 🕵️‍♂️💥', 'The stakes are higher and the danger more imminent. Detective Black faces new challenges as The Phantom resurfaces, orchestrating a series of crimes that push the city to the brink. James must outwit his nemesis in a battle of wits and wills, uncovering secrets that could change everything. The tension mounts as the line between hunter and hunted blurs. 🕵️‍♂️💥', NULL, NULL, NULL, '2026-02-25 03:28:49', '2026-02-25 03:28:49', NULL, 's2_the_phantom_strikes_back_thumb.png', NULL, NULL, NULL, NULL, NULL, NULL, NULL, NULL, NULL, NULL, NULL, NULL, 's2-the-phantom-strikes-back', 2),
(8, NULL, NULL, 'S1 The Shrouded Beginnings', 's1_the_shrouded_beginnings_thumb.png', 5, 'YouTube', 'https://youtu.be/h1miqLzgKp0?si=5PYD5oOv2MwxwEvw', 'paid', 1, 4, 'Explore the terrifying mysteries of a town shrouded in darkness as unseen forces strike. 🌑👻', 'The Shrouded Beginnings explores the eerie origins of Ravenwood, where ancient and malevolent forces begin to awaken. As strange occurrences and ghostly apparitions plague the town, a group of determined residents sets out to uncover the truth behind the growing darkness. Their journey reveals chilling secrets and tests their courage as they delve into the heart of the town\'s haunted past. 🌑🕯️', NULL, NULL, NULL, '2026-02-25 03:28:49', '2026-02-25 03:28:49', NULL, 's1_the_shrouded_beginnings_thumb.png', NULL, NULL, NULL, NULL, NULL, NULL, NULL, NULL, NULL, NULL, NULL, NULL, 's1-the-shrouded-beginnings', 1),
(9, NULL, NULL, 'S2 The Deepening Shadows', 's2_the_deepening_shadows.png', 5, 'YouTube', 'https://youtu.be/dt8gBF1uZ3E?si=AI2JENWIAUD_SKmr', 'paid', 1, 4, 'Darkness intensifies, and the struggle for survival grows fiercer. 🌘⚔️', 'The Deepening Shadows sees the malevolent forces in Ravenwood growing stronger and more vengeful. The residents, now armed with knowledge from their previous encounters, must face even greater horrors. As they delve deeper into the town\'s haunted history, they uncover shocking truths and form unlikely alliances to combat the rising evil. The struggle for survival reaches a critical point, pushing the residents to their limits and revealing the true extent of their bravery. 🌘⚔️', NULL, NULL, NULL, '2026-02-25 03:28:49', '2026-02-25 03:28:49', NULL, 's2_the_deepening_shadows.png', NULL, NULL, NULL, NULL, NULL, NULL, NULL, NULL, NULL, NULL, NULL, NULL, 's2-the-deepening-shadows', 2),
(10, NULL, NULL, 'S1 Whispers of Betrayal', 's1_whispers_of_betrayal_thumb.png', 6, 'YouTube', 'https://youtu.be/kWTcFa0DEl0?si=zTjxDCxXXqOLB29F', 'free', 1, NULL, 'A relentless investigator uncovers hidden truths and faces betrayals that threaten to unravel everything. 🔍🕵️‍♂️', 'Whispers of Betrayal follows Investigator Alex Reed as he dives into a labyrinth of hidden truths and deception. As he uncovers layers of betrayal that cut close to home, he realizes that the people he trusts most might be hiding the darkest secrets. The season is a gripping tale of trust, treachery, and the relentless pursuit of justice. 🔍🕵️‍♂️', NULL, NULL, NULL, '2026-02-25 03:28:49', '2026-02-25 03:28:49', NULL, 's1_whispers_of_betrayal_thumb.png', NULL, NULL, NULL, NULL, NULL, NULL, NULL, NULL, NULL, NULL, NULL, NULL, 's1-whispers-of-betrayal', 1),
(11, NULL, NULL, 'S1 The Darkened Path', 's1_the_darkened_path_thumb.png', 7, 'YouTube', 'https://youtu.be/PI4Z7t3AZ5E?si=QNKYohZ1ZgLol_OP', 'paid', 1, 1, 'Emily steps onto the darkened path, discovering the haunted legacy of her grandmother, Dorothy, as she navigates the dangerous and decayed world of Oz.', 'In \"The Darkened Path\", Emily Gale\'s world is turned upside down when she stumbles upon her family\'s long-hidden connection to the mystical realm of Oz. But this is not the Oz of fairy tales—this is a twisted, shadow-filled land where nightmares come alive. As Emily sets out on a harrowing journey down the forgotten road, she must unravel the secrets of her grandmother\'s past, confront terrifying creatures, and uncover the truth about the curse that binds her family to this darkened path. The stakes are high, and survival is uncertain in this thrilling first series. 🌪️🖤', NULL, NULL, NULL, '2026-02-25 03:28:49', '2026-02-25 03:28:49', NULL, 's1_the_darkened_path_thumb.png', NULL, NULL, NULL, NULL, NULL, NULL, NULL, NULL, NULL, NULL, NULL, NULL, 's1-the-darkened-path', 1),
(12, NULL, NULL, 'S2 The Curse Unveiled', 's2_the_curse_unveiled_thumb.png', 7, 'YouTube', 'https://youtu.be/W0_55mECsa4?si=b_AlIpdvNC_wZ5Zr', 'paid', 1, 1, 'Emily returns to Oz as rising shadows threaten to consume both worlds, forcing her into a final confrontation with the ancient evil that haunts her bloodline.', 'Emily, still haunted by the horrors of her first journey, is pulled back into the decaying world of Oz. This time, the shadows have grown stronger, their influence spreading into her own reality. With new allies and old enemies lurking in the darkness, Emily faces her greatest challenge yet: to stop an ancient evil from fully awakening. As the lines between the real world and Oz blur, Emily must summon all her strength to fight the rising shadows and end the family curse once and for all. 🌑⚡💀', NULL, NULL, NULL, '2026-02-25 03:28:49', '2026-02-25 03:28:49', NULL, 's2_the_curse_unveiled_thumb.png', NULL, NULL, NULL, NULL, NULL, NULL, NULL, NULL, NULL, NULL, NULL, NULL, 's2-the-curse-unveiled', 2),
(13, NULL, NULL, 'S1 The Wild Awakening', 's1_the_wild_awakening_thumb.png', 8, 'YouTube', 'https://youtu.be/iJkspWwwZLM?si=chtl8vdmLqPNKPfE', 'free', 1, NULL, '🌕 Maddy and Rhydian discover their true natures as they fight to protect their identities from hunters and rival wolfbloods. 👩', '🌕 Maddy’s world is turned upside down when Rhydian enters her life, sparking a journey of self-discovery and adventure. Together, they must navigate the challenges of being wolfbloods—hunted by those who fear them and rivaled by those who threaten them. As their powers grow, so does the danger around them. Rhydian’s mysterious past and Maddy’s loyalty to her pack will be tested in a thrilling fight for survival. 🐺🔥⚡ This action-packed series offers excitement, drama, and emotional depth, making Wolfbound an epic journey for fans of adventure and mystery.', NULL, NULL, NULL, '2026-02-25 03:28:49', '2026-02-25 03:28:49', NULL, 's1_the_wild_awakening_thumb.png', NULL, NULL, NULL, NULL, NULL, NULL, NULL, NULL, NULL, NULL, NULL, NULL, 's1-the-wild-awakening', 1),
(14, NULL, NULL, 'S1 Rise of the Tribes', 's1_rise_of_the_tribes_thumb.png', 9, 'YouTube', 'https://youtu.be/MAFsRmx6pPo?si=CJjoeRbHVtKJt9oC', 'free', 1, NULL, '🌍 The tribes unite for the first time as a powerful enemy threatens to destroy their homeland, forcing them to rise up together in a battle for survival.', '🔥 The tribes scattered and divided, but when a brutal force of invaders descends upon their land, they must set aside old rivalries and forge a new alliance. The story follows warriors from different tribes as they band together, learning to trust one another while navigating ancient prophecies, mysterious allies, and dangerous enemies. As they face impossible odds, the tribes grow stronger, discovering that unity is their greatest weapon. This season sets the stage for an epic war that will determine the fate of their people and homeland. ⚔️🐾🛡️', NULL, NULL, NULL, '2026-02-25 03:28:49', '2026-02-25 03:28:49', NULL, 's1_rise_of_the_tribes_thumb.png', NULL, NULL, NULL, NULL, NULL, NULL, NULL, NULL, NULL, NULL, NULL, NULL, 's1-rise-of-the-tribes', 1),
(15, NULL, NULL, 'S1 Warrior’s End', 's1_warriors_end_thumb.png', 10, 'YouTube', 'https://youtu.be/-Denciie5oA?si=GBZdawncCJfXbjWk', 'paid', 1, 2, '🛡️ \"Warrior’s End\" captures the final, defining moments of legendary battles where valor and sacrifice shape the destiny of heroes and their world.', '⚔️ \"Warrior’s End\" is a gripping series that delves into the climactic endgame of legendary conflicts. Following a series of monumental battles, the show focuses on the warriors who stand at the crossroads of history. As they face their final tests of bravery, strategy, and sacrifice, the series highlights their pivotal roles in shaping the fate of their world. Through intense action sequences and deep character development, \"Warrior’s End\" explores the essence of heroism and the enduring impact of those who fight for honor and freedom. Each episode unveils the final chapters of epic sagas, celebrating the courage and legacy of those who determined the course of history. 🌄🔥🛡️', NULL, NULL, NULL, '2026-02-25 03:28:49', '2026-02-25 03:28:49', NULL, 's1_warriors_end_thumb.png', NULL, NULL, NULL, NULL, NULL, NULL, NULL, NULL, NULL, NULL, NULL, NULL, 's1-warriors-end', 1),
(16, NULL, NULL, 'S1 Tides of War', 's1_tides_of_war_thumb.png', 11, 'YouTube', 'https://youtu.be/Cg8sbRFS3zU?si=lB_55d61yMCtZ1bx', 'free', 1, NULL, '🔥 \"Tides of War\" unravels the turning points of history’s most critical battles, where strategy, technology, and sheer willpower shape the outcome of empires and civilizations. 🌍⚔️', '\"Tides of War\" captures the ebb and flow of monumental military campaigns that have reshaped the course of history. The series focuses on critical moments when innovation, leadership, and determination collide in the face of overwhelming odds. As armies clash and powerful technologies are unleashed, heroes rise from the chaos, forging new paths and legacies. Whether in the heat of modern warfare or amidst futuristic apocalyptic threats, \"Tides of War\" examines the high stakes, the human cost, and the lasting impact of these pivotal battles. 🌍⚔️🔥🛡️', NULL, NULL, NULL, '2026-02-25 03:28:49', '2026-02-25 03:28:49', NULL, 's1_tides_of_war_thumb.png', NULL, NULL, NULL, NULL, NULL, NULL, NULL, NULL, NULL, NULL, NULL, NULL, 's1-tides-of-war', 1),
(17, NULL, NULL, 'S1 Into the Abyss', 's1_into_the_abyss_thumb.png', 12, 'YouTube', 'https://youtu.be/rcsMELh_3TA?si=lvKpb3FsVt7_-SEZ', 'paid', 1, 1, 'The team descends into the Earth’s core, unveiling ancient secrets and battling unknown forces in their quest to unlock the mysteries of the planet\'s inner depths. 🌋🌪️', '\"Into the Abyss,\" kicks off the thrilling adventure as a team of expert geologists, archaeologists, and military personnel dive into the unknown, heading deep into the Earth\'s core. What they discover beneath the surface challenges everything they thought they knew about human history. As they journey through vast underground caverns and encounter remnants of lost civilizations, they also find themselves in the crosshairs of a hidden empire determined to protect its ancient secrets. The deeper they go, the higher the stakes become, as the team must not only survive the physical dangers of the subterranean world but also unravel the mysteries that could alter the fate of humankind. This season is filled with relentless action, high stakes, and breathtaking discoveries. 🌍🛡️💥', NULL, NULL, NULL, '2026-02-25 03:28:49', '2026-02-25 03:28:49', NULL, 's1_into_the_abyss_thumb.png', NULL, NULL, NULL, NULL, NULL, NULL, NULL, NULL, NULL, NULL, NULL, NULL, 's1-into-the-abyss', 1),
(18, NULL, NULL, 'S1 Blades of Espionage', 's1_blades_of_espionage_thumb.png', 13, 'YouTube', 'https://youtu.be/dKkT8_RGDYg?si=4gdepK-sTlGcxcPw', 'paid', 1, 3, 'A former special ops agent-turned-barber is pulled back into the world of espionage, where each haircut unravels a dangerous web of secrets and spies. ✂️💈🕵️‍♂️💥', 'Cutting Edge: Blades of Espionage follows Ethan, a once-decorated special ops agent who now leads a quiet life as a barber. However, his shop is a front for high-stakes international intrigue, as his clients range from spies to assassins, all bringing their secrets to his chair. When a new threat arises, Ethan is pulled back into the world of covert missions, forced to wield his blade both for hair and for survival. Balancing his dual identities, Ethan navigates a dangerous game where every snip of the scissors could be his last. This action-packed series combines sharp wit, intense drama, and stylish espionage. ✂️🕵️‍♂️💥', NULL, NULL, NULL, '2026-02-25 03:28:49', '2026-02-25 03:28:49', NULL, 's1_blades_of_espionage_thumb.png', NULL, NULL, NULL, NULL, NULL, NULL, NULL, NULL, NULL, NULL, NULL, NULL, 's1-blades-of-espionage', 1),
(19, NULL, NULL, 'S2 The Cutthroat Mission', 's2_the_cutthroat_mission_thumb.png', 13, 'YouTube', 'https://youtu.be/-Qv6p6pTz5I?si=aeaLICb9s9VAgl4W', 'paid', 1, 3, 'Ethan, a former agent turned barber, is dragged back into the deadly world of espionage, where every haircut holds a secret and every enemy lurks in the shadows. 💈✂️🕵️‍♂️', 'In the first series, \"Snip & Spy: The Razor\'s Edge,\" Ethan\'s quiet life as a barber is shattered when his past comes back to haunt him. His once-thriving salon becomes the center of a high-stakes operation involving covert agents, hidden microchips, and an old nemesis intent on destroying him. Forced to rely on his barber tools and combat skills, Ethan must outwit dangerous enemies, protect his clients, and solve a mystery that leads him deep into the world of espionage. Packed with adrenaline-pumping action, clever humor, and a unique mix of barbershop charm and spy drama, \"The Razor\'s Edge\" will keep viewers on the edge of their seats. ✂️💣⚔️', NULL, NULL, NULL, '2026-02-25 03:28:49', '2026-02-25 03:28:49', NULL, 's2_the_cutthroat_mission_thumb.png', NULL, NULL, NULL, NULL, NULL, NULL, NULL, NULL, NULL, NULL, NULL, NULL, 's2-the-cutthroat-mission', 2),
(20, NULL, NULL, 'S1 Mending Tides', 's1_mending_tides_thumb.png', 14, 'YouTube', 'https://youtu.be/5eQKOr6sFgk?si=aGYzXoiBPFTf1XtA', 'free', 1, NULL, 'Three estranged sisters embark on a transformative road trip along the Pacific Coast, mending broken family bonds as they confront their troubled past. 🚗💔🌊', 'In Mending Tides, June Stevenson leads her estranged sisters on an unforgettable road trip along the Pacific Coast, determined to reconcile with their difficult father and heal old wounds. As they navigate breathtaking landscapes, lively pit stops, and the emotional currents of their past, the sisters begin to uncover hidden truths about their fractured family. Through laughter, heartache, and unexpected adventures, they realize that the journey toward forgiveness may be as important as the destination. Mending Tides is an inspiring tale of sisterhood, healing, and the courage to face one\'s past. 🌊💞🌅', NULL, NULL, NULL, '2026-02-25 03:28:49', '2026-02-25 03:28:49', NULL, 's1_mending_tides_thumb.png', NULL, NULL, NULL, NULL, NULL, NULL, NULL, NULL, NULL, NULL, NULL, NULL, 's1-mending-tides', 1),
(21, NULL, NULL, 'S1 The McDoll Chronicles', 's1_the_mcdoll_chronicles_thumb.png', 15, 'YouTube', 'https://youtu.be/X0K5cA2hS6g?si=dCiATYDWrJmKK86q', 'free', 1, NULL, 'Follow the uproarious journey of David McDoll as he navigates the chaos of inheriting six lively grandchildren, discovering the true meaning of family amidst the hilarity. 🏠👨‍👩‍👧‍👦🤣', 'The McDoll Chronicles takes you on a side-splitting journey with David McDoll, a wealthy and self-indulgent man whose life is turned upside down when he suddenly becomes the guardian of his six boisterous grandchildren. As his extravagant lifestyle collides with the rambunctious energy of his new family members, David faces a whirlwind of comedic escapades and heartfelt moments. Through chaotic family dinners, wild adventures, and touching revelations, David learns the true value of family and finds joy in the mayhem. This series is a heartwarming and hilarious exploration of how unexpected changes can lead to the most rewarding experiences. 🏰💖😂', NULL, NULL, NULL, '2026-02-25 03:28:49', '2026-02-25 03:28:49', NULL, 's1_the_mcdoll_chronicles_thumb.png', NULL, NULL, NULL, NULL, NULL, NULL, NULL, NULL, NULL, NULL, NULL, NULL, 's1-the-mcdoll-chronicles', 1),
(22, NULL, NULL, 'S1 Secrets Beneath the Surface', 's1_secrets_beneath_the_surface_thumb.png', 16, 'YouTube', 'https://youtu.be/qfyF0HmRv_0?si=s27BZDReq7BD4f7M', 'paid', 1, 1, 'As their romance grows, both must face their hidden pasts and unravel the mysteries that bind them, learning that love requires trust and vulnerability. 🗝️❤️🌹', 'In \"Secrets Beneath the Surface\", the first season of \"Enigma of the Heart\", the focus is on the deepening relationship between the playboy journalist and the enigmatic model. Their love begins with intrigue and attraction but soon evolves into something more profound as both of them are forced to confront the secrets they’ve been hiding. As their worlds collide, they must navigate the emotional and moral complexities of their double lives, learning that trust and vulnerability are key to unlocking true love. Along the way, they discover that love is not just about passion—it’s about embracing one’s flaws and finding redemption through the power of connection. 🗝️❤️🌹', NULL, NULL, NULL, '2026-02-25 03:28:49', '2026-02-25 03:28:49', NULL, 's1_secrets_beneath_the_surface_thumb.png', NULL, NULL, NULL, NULL, NULL, NULL, NULL, NULL, NULL, NULL, NULL, NULL, 's1-secrets-beneath-the-surface', 1),
(23, NULL, NULL, 'S1 The Haunting of Blackthorn Manor', 's1_the_haunting_of_blackthorn_manor_thumb.png', 17, 'YouTube', 'https://youtu.be/UEJuNHOd8Dw?si=xMwHr2S-WM2Aautr', 'paid', 1, 1, 'Father James returns to Blackthorn Manor, where he must face terrifying spirits and his deepest fears in a fight for his soul. 👻🏚️', '\"The Haunting of Blackthorn Manor\" kicks off with Father James returning to the eerie mansion that haunts his memories. The season focuses on James’ night in Blackthorn Manor, where the spirits of the girl and her stepfather torment him, forcing him to confront the tragedy he could not prevent. Each episode deepens the psychological tension as James battles to keep his sanity while uncovering the truth about the mansion\'s dark history. As the supernatural forces grow stronger, so too does his need for redemption, but the path is fraught with danger and terror. This season blends supernatural thrills with intense emotional drama as Father James seeks salvation in the face of overwhelming darkness. 👻🏚️🕯️', NULL, NULL, NULL, '2026-02-25 03:28:49', '2026-02-25 03:28:49', NULL, 's1_the_haunting_of_blackthorn_manor_thumb.png', NULL, NULL, NULL, NULL, NULL, NULL, NULL, NULL, NULL, NULL, NULL, NULL, 's1-the-haunting-of-blackthorn-manor', 1),
(24, NULL, NULL, 'S1 Roots and Revelations', 's1_roots_and_revelations_thumb.png', 18, 'YouTube', 'https://youtu.be/7lSzGK5HR1M?si=ltOK7kx6m3IIWv2b', 'free', 1, NULL, 'The main character begins his comedic journey of cultural discovery, leading to laugh-out-loud clashes between his upbringing and newfound understanding of his heritage. 👪🎭', 'The first season of \"Heritage Hijinks,\" titled \"Roots and Revelations,\" takes viewers on a rollercoaster ride through the life of the main character as he seeks to reconnect with his African American roots while navigating the humorous differences between his liberal white upbringing and the cultural identity he\'s discovering. With his quirky best friend by his side, every family dinner turns into a comedy show of contrasting beliefs, while each new experience brings both laughter and deeper self-awareness. As their cultural explorations continue, this season sets the tone for a series full of heart, humor, and acceptance. 🎉🌍👫', NULL, NULL, NULL, '2026-02-25 03:28:49', '2026-02-25 03:28:50', NULL, 's1_roots_and_revelations_thumb.png', NULL, NULL, NULL, NULL, NULL, NULL, NULL, NULL, NULL, NULL, NULL, NULL, 's1-roots-and-revelations', 1),
(25, NULL, NULL, 'S1 The Unleashing', 's1_the_unleashing_thumb.png', 19, 'YouTube', 'https://youtu.be/j2Fec39AHJ8?si=c9WEIe5NXoF_tmrE', 'free', 1, NULL, 'A cursed relic releases terrifying demons upon an unsuspecting city. A group of survivors must fight to survive as evil forces threaten to consume them. 🏙️👹', '\"Evil Awakening\" titled \"The Unleashing,\" a group of young adults inadvertently awakens ancient, flesh-hungry demons by uncovering the cursed Necronomicon. Moving from the deep woods to the sprawling cityscape, the horrors quickly spread, turning their once-familiar environment into a nightmare. Two estranged sisters, reunited in the face of terror, must put aside their differences and team up with others to survive the rise of the demons. The season escalates into a series of terrifying confrontations, as they are hunted by the most horrifying incarnation of evil imaginable. From haunted buildings to nightmarish alleyways, \"The Unleashing\" will keep viewers on edge as the group battles to break the curse and prevent the total destruction of their world. 😨📖', NULL, NULL, NULL, '2026-02-25 03:28:50', '2026-02-25 03:28:50', NULL, 's1_the_unleashing_thumb.png', NULL, NULL, NULL, NULL, NULL, NULL, NULL, NULL, NULL, NULL, NULL, NULL, 's1-the-unleashing', 1),
(26, NULL, NULL, 'S1 The Reckoning Retreat', 's1_the_reckoning_retreat_thumb.png', 20, 'YouTube', 'https://youtu.be/bvDArsKoTOE?si=bfxIZyuVGNqpdu81', 'free', 1, NULL, 'A peaceful cabin retreat for four friends spirals into a suspense-filled nightmare when they discover something sinister lurking in the woods. 🌲👻', '\"The Reckoning Retreat\", four old friends—Esme, Hannah, Ben, and Shan—attempt to reconnect during a weekend getaway at a secluded cabin. Their hopes for peace and bonding are quickly dashed when they discover they are not alone. As unsettling events unfold, the group\'s old wounds resurface, and deep-seated secrets emerge. The quiet wilderness turns into a dark, foreboding setting as they realize something—or someone—is watching them. Each episode escalates the tension as the friends confront both the external threat and their inner demons. Survival becomes paramount as they uncover the truth about the sinister force stalking them. 😱🌲🔍', NULL, NULL, NULL, '2026-02-25 03:28:50', '2026-02-25 03:28:50', NULL, 's1_the_reckoning_retreat_thumb.png', NULL, NULL, NULL, NULL, NULL, NULL, NULL, NULL, NULL, NULL, NULL, NULL, 's1-the-reckoning-retreat', 1);

-- --------------------------------------------------------

--
-- Table structure for table `seo`
--

CREATE TABLE `seo` (
  `id` bigint(20) UNSIGNED NOT NULL,
  `meta_title` varchar(191) DEFAULT NULL,
  `meta_keywords` varchar(191) DEFAULT NULL,
  `meta_description` text DEFAULT NULL,
  `seo_image` varchar(191) DEFAULT NULL,
  `google_site_verification` varchar(191) DEFAULT NULL,
  `canonical_url` varchar(191) DEFAULT NULL,
  `short_description` text DEFAULT NULL,
  `created_at` timestamp NULL DEFAULT NULL,
  `updated_at` timestamp NULL DEFAULT NULL
) ENGINE=InnoDB DEFAULT CHARSET=utf8mb4 COLLATE=utf8mb4_unicode_ci;

-- --------------------------------------------------------

--
-- Table structure for table `service_providers`
--

CREATE TABLE `service_providers` (
  `id` bigint(20) UNSIGNED NOT NULL,
  `slug` varchar(191) NOT NULL,
  `name` varchar(191) NOT NULL,
  `description` longtext DEFAULT NULL,
  `payment_method` varchar(191) DEFAULT NULL,
  `manager_id` bigint(20) UNSIGNED DEFAULT NULL,
  `status` tinyint(1) NOT NULL DEFAULT 1,
  `created_by` int(10) UNSIGNED DEFAULT NULL,
  `updated_by` int(10) UNSIGNED DEFAULT NULL,
  `deleted_by` int(10) UNSIGNED DEFAULT NULL,
  `contact_email` text NOT NULL,
  `contact_number` varchar(191) NOT NULL,
  `created_at` timestamp NULL DEFAULT NULL,
  `updated_at` timestamp NULL DEFAULT NULL,
  `deleted_at` timestamp NULL DEFAULT NULL
) ENGINE=InnoDB DEFAULT CHARSET=utf8mb4 COLLATE=utf8mb4_unicode_ci;

-- --------------------------------------------------------

--
-- Table structure for table `sessions`
--

CREATE TABLE `sessions` (
  `id` varchar(191) NOT NULL,
  `user_id` bigint(20) UNSIGNED DEFAULT NULL,
  `ip_address` varchar(45) DEFAULT NULL,
  `user_agent` text DEFAULT NULL,
  `payload` longtext NOT NULL,
  `last_activity` int(11) NOT NULL
) ENGINE=InnoDB DEFAULT CHARSET=utf8mb4 COLLATE=utf8mb4_unicode_ci;

-- --------------------------------------------------------

--
-- Table structure for table `setting`
--

CREATE TABLE `setting` (
  `id` bigint(20) UNSIGNED NOT NULL,
  `name` varchar(191) NOT NULL,
  `created_by` int(10) UNSIGNED DEFAULT NULL,
  `updated_by` int(10) UNSIGNED DEFAULT NULL,
  `deleted_by` int(10) UNSIGNED DEFAULT NULL,
  `created_at` timestamp NULL DEFAULT NULL,
  `updated_at` timestamp NULL DEFAULT NULL,
  `deleted_at` timestamp NULL DEFAULT NULL
) ENGINE=InnoDB DEFAULT CHARSET=utf8mb4 COLLATE=utf8mb4_unicode_ci;

-- --------------------------------------------------------

--
-- Table structure for table `settings`
--

CREATE TABLE `settings` (
  `id` bigint(20) UNSIGNED NOT NULL,
  `name` varchar(191) DEFAULT NULL,
  `val` text DEFAULT NULL,
  `type` varchar(90) NOT NULL DEFAULT 'string',
  `datatype` varchar(90) DEFAULT NULL,
  `created_by` int(10) UNSIGNED DEFAULT NULL,
  `updated_by` int(10) UNSIGNED DEFAULT NULL,
  `deleted_by` int(10) UNSIGNED DEFAULT NULL,
  `created_at` timestamp NULL DEFAULT NULL,
  `updated_at` timestamp NULL DEFAULT NULL,
  `deleted_at` timestamp NULL DEFAULT NULL
) ENGINE=InnoDB DEFAULT CHARSET=utf8mb4 COLLATE=utf8mb4_unicode_ci;

--
-- Dumping data for table `settings`
--

INSERT INTO `settings` (`id`, `name`, `val`, `type`, `datatype`, `created_by`, `updated_by`, `deleted_by`, `created_at`, `updated_at`, `deleted_at`) VALUES
(1, 'movie', '1', 'module_settings', NULL, 2, 2, NULL, '2024-08-07 23:57:31', '2024-08-07 23:57:31', NULL),
(2, 'tvshow', '1', 'module_settings', NULL, 2, 2, NULL, '2024-08-07 23:57:31', '2024-08-07 23:57:31', NULL),
(3, 'livetv', '1', 'module_settings', NULL, 2, 2, NULL, '2024-08-07 23:57:31', '2024-08-07 23:57:31', NULL),
(4, 'video', '1', 'module_settings', NULL, 2, 2, NULL, '2024-08-07 23:57:31', '2024-08-07 23:57:31', NULL),
(5, 'enable_tmdb_api', '1', 'module_settings', NULL, 2, 2, NULL, '2024-08-07 23:57:31', '2024-08-07 23:57:31', NULL),
(6, 'app_name', 'Streamit: Your Ultimate Entertainment Hub', 'bussiness', 'bussiness', 2, 2, NULL, '2024-08-08 04:42:31', '2024-08-08 04:42:31', NULL),
(7, 'user_app_name', 'Streamit: Your Ultimate Entertainment Hub', 'bussiness', 'bussiness', 2, 2, NULL, '2024-08-08 04:42:31', '2024-08-08 04:42:31', NULL),
(8, 'helpline_number', '+15265897485', 'bussiness', 'bussiness', 2, 2, NULL, '2024-08-08 04:42:31', '2024-08-08 04:42:31', NULL),
(9, 'inquriy_email', 'hello@iqonic.design', 'bussiness', 'bussiness', 2, 2, NULL, '2024-08-08 04:42:31', '2024-08-08 04:42:31', NULL),
(10, 'short_description', 'StreamIt: Your Ultimate Destination for Unlimited Movies and Shows!', 'bussiness', 'bussiness', 2, 2, NULL, '2024-08-08 04:42:31', '2024-08-08 04:42:31', NULL),
(11, 'google_analytics', 'Google Analytics', 'text', 'misc', 2, 2, NULL, '2024-08-08 05:01:01', '2024-08-08 05:01:01', NULL),
(12, 'default_language', 'en', 'misc', 'misc', 2, 2, NULL, '2024-08-08 05:01:01', '2024-08-08 05:01:01', NULL),
(13, 'default_time_zone', 'Asia/Kolkata', 'misc', 'misc', 2, 2, NULL, '2024-08-08 05:01:01', '2024-08-08 05:01:01', NULL),
(14, 'disc_type', 'local', 'misc', 'misc', 2, 2, NULL, '2024-08-08 05:01:01', '2024-08-08 05:01:01', NULL),
(15, 'cash_payment_method', '1', 'cashpayment', NULL, 2, 2, NULL, '2024-08-08 05:08:37', '2024-08-08 05:08:37', NULL),
(16, 'razor_payment_method', '1', 'razorpayPayment', NULL, 2, 2, NULL, '2024-08-08 05:08:37', '2024-08-08 05:08:37', NULL),
(17, 'razorpay_secretkey', '', 'razor_payment_method', NULL, 2, 2, NULL, '2024-08-08 05:08:37', '2024-08-08 05:08:37', NULL),
(18, 'razorpay_publickey', '', 'razor_payment_method', NULL, 2, 2, NULL, '2024-08-08 05:08:37', '2024-08-08 05:08:37', NULL),
(19, 'str_payment_method', '1', 'stripePayment', NULL, 2, 2, NULL, '2024-08-08 05:08:37', '2024-08-08 05:08:37', NULL),
(20, 'stripe_secretkey', '', 'str_payment_method', NULL, 2, 2, NULL, '2024-08-08 05:08:37', '2024-08-08 05:08:37', NULL),
(21, 'stripe_publickey', '', 'str_payment_method', NULL, 2, 2, NULL, '2024-08-08 05:08:37', '2024-08-08 05:08:37', NULL),
(22, 'paystack_payment_method', '1', 'paystackPayment', NULL, 2, 2, NULL, '2024-08-08 05:08:37', '2024-08-08 05:08:37', NULL),
(23, 'paystack_secretkey', '', 'paystack_payment_method', NULL, 2, 2, NULL, '2024-08-08 05:08:37', '2024-08-08 05:08:37', NULL),
(24, 'paystack_publickey', '', 'paystack_payment_method', NULL, 2, 2, NULL, '2024-08-08 05:08:37', '2024-08-08 05:08:37', NULL),
(25, 'paypal_payment_method', '1', 'paypalPayment', NULL, 2, 2, NULL, '2024-08-08 05:08:37', '2024-08-08 05:08:37', NULL),
(26, 'paypal_secretkey', '', 'paypal_payment_method', NULL, 2, 2, NULL, '2024-08-08 05:08:37', '2024-08-08 05:08:37', NULL),
(27, 'paypal_clientid', '', 'paypal_payment_method', NULL, 2, 2, NULL, '2024-08-08 05:08:37', '2024-08-08 05:08:37', NULL),
(28, 'flutterwave_payment_method', '1', 'flutterwavePayment', NULL, 2, 2, NULL, '2024-08-08 05:08:37', '2024-08-08 05:08:37', NULL),
(29, 'flutterwave_secretkey', '', 'flutterwave_payment_method', NULL, 2, 2, NULL, '2024-08-08 05:08:37', '2024-08-08 05:08:37', NULL),
(30, 'flutterwave_publickey', '', 'flutterwave_payment_method', NULL, 2, 2, NULL, '2024-08-08 05:08:37', '2024-08-08 05:08:37', NULL),
(31, 'cinet_payment_method', '0', 'paymentcinet', NULL, 2, 2, NULL, '2024-08-08 05:08:37', '2024-08-08 05:08:37', NULL),
(32, 'sadad_payment_method', '0', 'paymentsadad', NULL, 2, 2, NULL, '2024-08-08 05:08:37', '2024-08-08 05:08:37', NULL),
(33, 'airtel_payment_method', '0', 'airtelpayment', NULL, 2, 2, NULL, '2024-08-08 05:08:37', '2024-08-08 05:08:37', NULL),
(34, 'phonepe_payment_method', '0', 'phonepepayment', NULL, 2, 2, NULL, '2024-08-08 05:08:37', '2024-08-08 05:08:37', NULL),
(35, 'midtrans_payment_method', '0', 'midtranspayment', NULL, 2, 2, NULL, '2024-08-08 05:08:37', '2024-08-08 05:08:37', NULL),
(36, 'local', '1', 'storage_settings', 'storageconfig', 2, 2, NULL, '2024-08-08 05:08:37', '2024-08-08 05:08:37', NULL),
(37, 's3', '0', 'storage_settings', 'storageconfig', 2, 2, NULL, '2024-08-08 05:08:37', '2024-08-08 05:08:37', NULL),
(38, 'aws_access_key', NULL, 'storage_settings', 'storageconfig', 2, 2, NULL, '2024-08-08 05:08:37', '2024-08-08 05:08:37', NULL),
(39, 'aws_secret_key', NULL, 'storage_settings', 'storageconfig', 2, 2, NULL, '2024-08-08 05:08:37', '2024-08-08 05:08:37', NULL),
(40, 'aws_region', NULL, 'storage_settings', 'storageconfig', 2, 2, NULL, '2024-08-08 05:08:37', '2024-08-08 05:08:37', NULL),
(41, 'aws_bucket', NULL, 'storage_settings', 'storageconfig', 2, 2, NULL, '2024-08-08 05:08:37', '2024-08-08 05:08:37', NULL),
(42, 'tmdb_api_key', '', 'module_settings', NULL, 2, 2, NULL, '2024-08-08 05:08:37', '2024-08-08 05:08:37', NULL),
(43, 'is_social_login', '1', 'appconfig', NULL, 2, 2, NULL, '2024-08-08 05:08:37', '2024-08-08 05:08:37', NULL),
(44, 'is_google_login', '1', 'appconfig', NULL, 2, 2, NULL, '2024-08-08 05:08:37', '2024-08-08 05:08:37', NULL),
(45, 'is_otp_login', '1', 'appconfig', NULL, 2, 2, NULL, '2024-08-08 05:08:37', '2024-08-08 05:08:37', NULL),
(46, 'is_apple_login', '1', 'appconfig', NULL, 2, 2, NULL, '2024-08-08 05:08:37', '2024-08-08 05:08:37', NULL),
(47, 'is_firebase_notification', '1', 'appconfig', NULL, 2, 2, NULL, '2024-08-08 05:08:37', '2024-08-08 05:08:37', NULL),
(48, 'firebase_key', '', 'appconfig', NULL, 2, 2, NULL, '2024-08-08 05:08:37', '2024-08-08 05:08:37', NULL),
(49, 'is_user_push_notification', '1', 'appconfig', NULL, 2, 2, NULL, '2024-08-08 05:08:37', '2024-08-08 05:08:37', NULL),
(50, 'is_application_link', '1', 'appconfig', NULL, 2, 2, NULL, '2024-08-08 05:08:37', '2024-08-08 05:08:37', NULL),
(51, 'ios_url', 'https://apps.apple.com/us/app/streamit-laravel/id6736365806', 'appconfig', NULL, 2, 2, NULL, '2024-08-08 05:08:37', '2024-08-08 05:08:37', NULL),
(52, 'android_url', 'https://play.google.com/store/apps/details?id=com.iqonic.streamitlaravel&pcampaignid=web_share', 'appconfig', NULL, 2, 2, NULL, '2024-08-08 05:08:37', '2024-08-08 05:08:37', NULL),
(53, 'force_update', '0', 'appconfig', NULL, 2, 2, NULL, '2024-08-08 05:08:37', '2024-08-08 05:08:37', NULL),
(54, 'app_version', NULL, 'appconfig', NULL, 2, 2, NULL, '2024-08-08 05:08:37', '2024-08-08 05:08:37', NULL),
(55, 'is_ChatGPT_integration', '1', 'appconfig', NULL, 2, 2, NULL, '2024-08-08 05:08:37', '2024-08-08 05:08:37', NULL),
(56, 'ChatGPT_key', '', 'appconfig', NULL, 2, 2, NULL, '2024-08-08 05:08:37', '2024-08-08 05:08:37', NULL),
(57, 'google_client_id', '', 'appconfig', NULL, 2, 2, NULL, '2024-08-08 05:08:37', '2024-08-08 05:08:37', NULL),
(58, 'google_client_secret', '', 'appconfig', NULL, 2, 2, NULL, '2024-08-08 05:08:37', '2024-08-08 05:08:37', NULL),
(59, 'google_redirect_uri', 'http://127.0.0.1:8000/auth/google/callback', 'appconfig', NULL, 2, 2, NULL, '2024-08-08 05:08:37', '2024-08-08 05:08:37', NULL),
(60, 'apiKey', '', 'appconfig', NULL, 2, 2, NULL, '2024-08-08 05:08:37', '2024-08-08 05:08:37', NULL),
(61, 'authDomain', '', 'appconfig', NULL, 2, 2, NULL, '2024-08-08 05:08:37', '2024-08-08 05:08:37', NULL),
(62, 'databaseURL', '', 'appconfig', NULL, 2, 2, NULL, '2024-08-08 05:08:37', '2024-08-08 05:08:37', NULL),
(63, 'projectId', '', 'appconfig', NULL, 2, 2, NULL, '2024-08-08 05:08:37', '2024-08-08 05:08:37', NULL),
(64, 'storageBucket', '', 'appconfig', NULL, 2, 2, NULL, '2024-08-08 05:08:37', '2024-08-08 05:08:37', NULL),
(65, 'messagingSenderId', '', 'appconfig', NULL, 2, 2, NULL, '2024-08-08 05:08:37', '2024-08-08 05:08:37', NULL),
(66, 'appId', '', 'appconfig', NULL, 2, 2, NULL, '2024-08-08 05:08:37', '2024-08-08 05:08:37', NULL),
(67, 'measurementId', '', 'appconfig', NULL, 2, 2, NULL, '2024-08-08 05:08:37', '2024-08-08 05:08:37', NULL),
(68, 'demo_login', '1', 'module_settings', NULL, 1, 1, NULL, '2024-08-07 23:57:31', '2024-08-07 23:57:31', NULL),
(69, 'facebook_url', 'https://www.facebook.com/iqonicdesign', 'bussiness', 'bussiness', 2, 2, NULL, '2024-08-08 04:42:31', '2024-08-08 04:42:31', NULL),
(70, 'x_url', 'https://twitter.com/iqonicdesign', 'bussiness', 'bussiness', 2, 2, NULL, '2024-08-08 04:42:31', '2024-08-08 04:42:31', NULL),
(71, 'instagram_url', 'https://www.instagram.com/iqonicdesign', 'bussiness', 'bussiness', 2, 2, NULL, '2024-08-08 04:42:31', '2024-08-08 04:42:31', NULL),
(72, 'youtube_url', 'https://www.youtube.com/c/IqonicDesign', 'bussiness', 'bussiness', 2, 2, NULL, '2024-08-08 04:42:31', '2024-08-08 04:42:31', NULL),
(73, 'backward_seconds', '10', 'misc', 'misc', 2, 2, NULL, '2024-08-08 05:01:01', '2024-08-08 05:01:01', NULL),
(74, 'forward_seconds', '10', 'misc', 'misc', 2, 2, NULL, '2024-08-08 05:01:01', '2024-08-08 05:01:01', NULL),
(75, 'mini_logo', 'img/logo/mini_logo.png', 'mini_logo', 'mini_logo', 2, 2, NULL, '2024-08-08 05:01:01', '2024-08-08 05:01:01', NULL),
(76, 'dark_logo', 'img/logo/dark_logo.png', 'dark_logo', 'dark_logo', 2, 2, NULL, '2024-08-08 05:01:01', '2024-08-08 05:01:01', NULL),
(77, 'loader_gif', 'img/logo/loader.gif', 'loader_gif', 'loader_gif', 2, 2, NULL, '2024-08-08 05:01:01', '2024-08-08 05:01:01', NULL),
(78, 'favicon', 'img/logo/favicon.png', 'favicon', 'favicon', 2, 2, NULL, '2024-08-08 05:01:01', '2024-08-08 05:01:01', NULL);

-- --------------------------------------------------------

--
-- Table structure for table `states`
--

CREATE TABLE `states` (
  `id` bigint(20) UNSIGNED NOT NULL,
  `name` varchar(255) NOT NULL,
  `country_id` int(11) NOT NULL,
  `status` tinyint(4) NOT NULL DEFAULT 1,
  `created_by` int(10) UNSIGNED DEFAULT NULL,
  `updated_by` int(10) UNSIGNED DEFAULT NULL,
  `deleted_by` int(10) UNSIGNED DEFAULT NULL,
  `created_at` timestamp NULL DEFAULT NULL,
  `updated_at` timestamp NULL DEFAULT NULL,
  `deleted_at` timestamp NULL DEFAULT NULL
) ENGINE=InnoDB DEFAULT CHARSET=utf8mb4 COLLATE=utf8mb4_unicode_ci;

-- --------------------------------------------------------

--
-- Table structure for table `subscriptions`
--

CREATE TABLE `subscriptions` (
  `id` bigint(20) UNSIGNED NOT NULL,
  `plan_id` int(11) DEFAULT NULL,
  `user_id` int(11) DEFAULT NULL,
  `start_date` datetime DEFAULT NULL,
  `end_date` datetime DEFAULT NULL,
  `status` varchar(191) DEFAULT NULL,
  `is_manual` tinyint(1) NOT NULL DEFAULT 0,
  `amount` double DEFAULT NULL,
  `discount_percentage` double DEFAULT NULL,
  `tax_amount` double DEFAULT NULL,
  `coupon_discount` double DEFAULT NULL,
  `total_amount` double DEFAULT NULL,
  `name` varchar(191) DEFAULT NULL,
  `identifier` varchar(191) DEFAULT NULL,
  `type` varchar(191) DEFAULT NULL,
  `duration` int(11) DEFAULT NULL,
  `level` bigint(20) NOT NULL DEFAULT 0,
  `plan_type` longtext DEFAULT NULL,
  `payment_id` int(11) DEFAULT NULL,
  `device_id` varchar(191) DEFAULT NULL,
  `created_by` int(10) UNSIGNED DEFAULT NULL,
  `updated_by` int(10) UNSIGNED DEFAULT NULL,
  `deleted_by` int(10) UNSIGNED DEFAULT NULL,
  `deleted_at` timestamp NULL DEFAULT NULL,
  `created_at` timestamp NULL DEFAULT NULL,
  `updated_at` timestamp NULL DEFAULT NULL
) ENGINE=InnoDB DEFAULT CHARSET=utf8mb4 COLLATE=utf8mb4_unicode_ci;

--
-- Dumping data for table `subscriptions`
--

INSERT INTO `subscriptions` (`id`, `plan_id`, `user_id`, `start_date`, `end_date`, `status`, `is_manual`, `amount`, `discount_percentage`, `tax_amount`, `coupon_discount`, `total_amount`, `name`, `identifier`, `type`, `duration`, `level`, `plan_type`, `payment_id`, `device_id`, `created_by`, `updated_by`, `deleted_by`, `deleted_at`, `created_at`, `updated_at`) VALUES
(1, 2, 14, '2026-01-31 00:00:00', '2026-03-03 00:00:00', 'active', 0, 20, NULL, 0, NULL, 20, 'Premium Plan', 'premium_plan', 'month', 1, 2, '[{\"id\":1,\"planlimitation_id\":1,\"limitation_title\":\"Video Cast\",\"limitation_value\":1,\"limit\":null,\"slug\":\"video-cast\",\"status\":1,\"message\":\"Cast videos to your TV with ease.\"},{\"id\":2,\"planlimitation_id\":2,\"limitation_title\":\"Ads\",\"limitation_value\":1,\"limit\":null,\"slug\":\"ads\",\"status\":1,\"message\":\"This plan includes ads.\"},{\"id\":3,\"planlimitation_id\":3,\"limitation_title\":\"Device Limit\",\"limitation_value\":1,\"limit\":{\"value\":\"1\"},\"slug\":\"device-limit\",\"status\":1,\"message\":\"Stream on up to 1 devices simultaneously.\"},{\"id\":4,\"planlimitation_id\":4,\"limitation_title\":\"Download Status\",\"limitation_value\":1,\"limit\":{\"480p\":1,\"720p\":1,\"1080p\":1,\"1440p\":0,\"2K\":0,\"4K\":0,\"8K\":0},\"slug\":\"download-status\",\"status\":1,\"message\":\"Enjoy unlimited downloads with this plan.\"},{\"id\":17,\"planlimitation_id\":5,\"limitation_title\":\"Supported Device Type\",\"limitation_value\":1,\"limit\":{\"tablet\":\"0\",\"laptop\":\"0\",\"mobile\":\"1\"},\"slug\":\"supported-device-type\",\"status\":1,\"message\":null},{\"id\":18,\"planlimitation_id\":6,\"limitation_title\":\"Profile Limit\",\"limitation_value\":1,\"limit\":{\"value\":\"2\"},\"slug\":\"profile-limit\",\"status\":1,\"message\":null}]', 8, '5', NULL, NULL, NULL, NULL, '2026-01-30 18:30:00', '2026-01-30 18:30:00'),
(2, 2, 5, '2025-12-02 00:00:00', '2026-01-02 00:00:00', 'inactive', 0, 20, NULL, 0, NULL, 20, 'Premium Plan', 'premium_plan', 'month', 1, 2, '[{\"id\":1,\"planlimitation_id\":1,\"limitation_title\":\"Video Cast\",\"limitation_value\":1,\"limit\":null,\"slug\":\"video-cast\",\"status\":1,\"message\":\"Cast videos to your TV with ease.\"},{\"id\":2,\"planlimitation_id\":2,\"limitation_title\":\"Ads\",\"limitation_value\":1,\"limit\":null,\"slug\":\"ads\",\"status\":1,\"message\":\"This plan includes ads.\"},{\"id\":3,\"planlimitation_id\":3,\"limitation_title\":\"Device Limit\",\"limitation_value\":1,\"limit\":{\"value\":\"1\"},\"slug\":\"device-limit\",\"status\":1,\"message\":\"Stream on up to 1 devices simultaneously.\"},{\"id\":4,\"planlimitation_id\":4,\"limitation_title\":\"Download Status\",\"limitation_value\":1,\"limit\":{\"480p\":1,\"720p\":1,\"1080p\":1,\"1440p\":0,\"2K\":0,\"4K\":0,\"8K\":0},\"slug\":\"download-status\",\"status\":1,\"message\":\"Enjoy unlimited downloads with this plan.\"},{\"id\":17,\"planlimitation_id\":5,\"limitation_title\":\"Supported Device Type\",\"limitation_value\":1,\"limit\":{\"tablet\":\"0\",\"laptop\":\"0\",\"mobile\":\"1\"},\"slug\":\"supported-device-type\",\"status\":1,\"message\":null},{\"id\":18,\"planlimitation_id\":6,\"limitation_title\":\"Profile Limit\",\"limitation_value\":1,\"limit\":{\"value\":\"2\"},\"slug\":\"profile-limit\",\"status\":1,\"message\":null}]', 3, '3', NULL, NULL, NULL, NULL, '2025-12-01 18:30:00', '2025-12-01 18:30:00'),
(3, 3, 3, '2026-01-30 00:00:00', '2026-04-30 00:00:00', 'active', 0, 50, NULL, 0, NULL, 50, 'Ultimate Plan', 'ultimate_plan', 'month', 3, 3, '[{\"id\":9,\"planlimitation_id\":1,\"limitation_title\":\"Video Cast\",\"limitation_value\":1,\"limit\":null,\"slug\":\"video-cast\",\"status\":1,\"message\":\"Cast videos to your TV with ease.\"},{\"id\":10,\"planlimitation_id\":2,\"limitation_title\":\"Ads\",\"limitation_value\":0,\"limit\":null,\"slug\":\"ads\",\"status\":1,\"message\":\"Ad-free streaming with this plan.\"},{\"id\":11,\"planlimitation_id\":3,\"limitation_title\":\"Device Limit\",\"limitation_value\":1,\"limit\":{\"value\":\"5\"},\"slug\":\"device-limit\",\"status\":1,\"message\":\"Stream on up to 5 devices simultaneously.\"},{\"id\":12,\"planlimitation_id\":4,\"limitation_title\":\"Download Status\",\"limitation_value\":1,\"limit\":{\"480p\":1,\"720p\":1,\"1080p\":1,\"1440p\":1,\"2K\":1,\"4K\":0,\"8K\":0},\"slug\":\"download-status\",\"status\":1,\"message\":\"Enjoy unlimited downloads with this plan.\"},{\"id\":21,\"planlimitation_id\":5,\"limitation_title\":\"Supported Device Type\",\"limitation_value\":1,\"limit\":{\"tablet\":\"0\",\"laptop\":\"1\",\"mobile\":\"1\"},\"slug\":\"supported-device-type\",\"status\":1,\"message\":null},{\"id\":22,\"planlimitation_id\":6,\"limitation_title\":\"Profile Limit\",\"limitation_value\":1,\"limit\":{\"value\":\"3\"},\"slug\":\"profile-limit\",\"status\":1,\"message\":null}]', 1, 'test11', NULL, NULL, NULL, NULL, '2026-01-29 18:30:00', '2026-01-29 18:30:00'),
(4, 3, 6, '2025-10-29 00:00:00', '2026-01-29 00:00:00', 'inactive', 0, 50, NULL, 0, NULL, 50, 'Ultimate Plan', 'ultimate_plan', 'month', 3, 3, '[{\"id\":9,\"planlimitation_id\":1,\"limitation_title\":\"Video Cast\",\"limitation_value\":1,\"limit\":null,\"slug\":\"video-cast\",\"status\":1,\"message\":\"Cast videos to your TV with ease.\"},{\"id\":10,\"planlimitation_id\":2,\"limitation_title\":\"Ads\",\"limitation_value\":0,\"limit\":null,\"slug\":\"ads\",\"status\":1,\"message\":\"Ad-free streaming with this plan.\"},{\"id\":11,\"planlimitation_id\":3,\"limitation_title\":\"Device Limit\",\"limitation_value\":1,\"limit\":{\"value\":\"5\"},\"slug\":\"device-limit\",\"status\":1,\"message\":\"Stream on up to 5 devices simultaneously.\"},{\"id\":12,\"planlimitation_id\":4,\"limitation_title\":\"Download Status\",\"limitation_value\":1,\"limit\":{\"480p\":1,\"720p\":1,\"1080p\":1,\"1440p\":1,\"2K\":1,\"4K\":0,\"8K\":0},\"slug\":\"download-status\",\"status\":1,\"message\":\"Enjoy unlimited downloads with this plan.\"},{\"id\":21,\"planlimitation_id\":5,\"limitation_title\":\"Supported Device Type\",\"limitation_value\":1,\"limit\":{\"tablet\":\"0\",\"laptop\":\"1\",\"mobile\":\"1\"},\"slug\":\"supported-device-type\",\"status\":1,\"message\":null},{\"id\":22,\"planlimitation_id\":6,\"limitation_title\":\"Profile Limit\",\"limitation_value\":1,\"limit\":{\"value\":\"3\"},\"slug\":\"profile-limit\",\"status\":1,\"message\":null}]', 4, '3', NULL, NULL, NULL, NULL, '2025-10-28 18:30:00', '2025-10-28 18:30:00'),
(5, 1, 4, '2026-02-03 00:00:00', '2026-03-03 00:00:00', 'active', 0, 5, NULL, 0, NULL, 5, 'Basic', 'basic', 'month', 1, 1, '[{\"id\":1,\"planlimitation_id\":1,\"limitation_title\":\"Video Cast\",\"limitation_value\":1,\"limit\":null,\"slug\":\"video-cast\",\"status\":1,\"message\":\"Cast videos to your TV with ease.\"},{\"id\":2,\"planlimitation_id\":2,\"limitation_title\":\"Ads\",\"limitation_value\":1,\"limit\":null,\"slug\":\"ads\",\"status\":1,\"message\":\"This plan includes ads.\"},{\"id\":3,\"planlimitation_id\":3,\"limitation_title\":\"Device Limit\",\"limitation_value\":1,\"limit\":{\"value\":\"1\"},\"slug\":\"device-limit\",\"status\":1,\"message\":\"Stream on up to 1 devices simultaneously.\"},{\"id\":4,\"planlimitation_id\":4,\"limitation_title\":\"Download Status\",\"limitation_value\":1,\"limit\":{\"480p\":1,\"720p\":1,\"1080p\":1,\"1440p\":0,\"2K\":0,\"4K\":0,\"8K\":0},\"slug\":\"download-status\",\"status\":1,\"message\":\"Enjoy unlimited downloads with this plan.\"},{\"id\":17,\"planlimitation_id\":5,\"limitation_title\":\"Supported Device Type\",\"limitation_value\":1,\"limit\":{\"tablet\":\"0\",\"laptop\":\"0\",\"mobile\":\"1\"},\"slug\":\"supported-device-type\",\"status\":1,\"message\":null},{\"id\":18,\"planlimitation_id\":6,\"limitation_title\":\"Profile Limit\",\"limitation_value\":1,\"limit\":{\"value\":\"2\"},\"slug\":\"profile-limit\",\"status\":1,\"message\":null}]', 2, 'test11', NULL, NULL, NULL, NULL, '2026-02-02 18:30:00', '2026-02-02 18:30:00'),
(6, 1, 10, '2026-01-27 00:00:00', '2026-02-27 00:00:00', 'active', 0, 5, NULL, 0, NULL, 5, 'Basic', 'basic', 'month', 1, 1, '[{\"id\":1,\"planlimitation_id\":1,\"limitation_title\":\"Video Cast\",\"limitation_value\":1,\"limit\":null,\"slug\":\"video-cast\",\"status\":1,\"message\":\"Cast videos to your TV with ease.\"},{\"id\":2,\"planlimitation_id\":2,\"limitation_title\":\"Ads\",\"limitation_value\":1,\"limit\":null,\"slug\":\"ads\",\"status\":1,\"message\":\"This plan includes ads.\"},{\"id\":3,\"planlimitation_id\":3,\"limitation_title\":\"Device Limit\",\"limitation_value\":1,\"limit\":{\"value\":\"1\"},\"slug\":\"device-limit\",\"status\":1,\"message\":\"Stream on up to 1 devices simultaneously.\"},{\"id\":4,\"planlimitation_id\":4,\"limitation_title\":\"Download Status\",\"limitation_value\":1,\"limit\":{\"480p\":1,\"720p\":1,\"1080p\":1,\"1440p\":0,\"2K\":0,\"4K\":0,\"8K\":0},\"slug\":\"download-status\",\"status\":1,\"message\":\"Enjoy unlimited downloads with this plan.\"},{\"id\":17,\"planlimitation_id\":5,\"limitation_title\":\"Supported Device Type\",\"limitation_value\":1,\"limit\":{\"tablet\":\"0\",\"laptop\":\"0\",\"mobile\":\"1\"},\"slug\":\"supported-device-type\",\"status\":1,\"message\":null},{\"id\":18,\"planlimitation_id\":6,\"limitation_title\":\"Profile Limit\",\"limitation_value\":1,\"limit\":{\"value\":\"2\"},\"slug\":\"profile-limit\",\"status\":1,\"message\":null}]', 7, '4', NULL, NULL, NULL, NULL, '2026-01-26 18:30:00', '2026-01-26 18:30:00'),
(7, 4, 8, '2025-03-04 00:00:00', '2026-03-04 00:00:00', 'active', 0, 80, NULL, 0, NULL, 80, 'Elite Plan', 'elite_plan', 'month', 12, 4, '[{\"id\":13,\"planlimitation_id\":1,\"limitation_title\":\"Video Cast\",\"limitation_value\":1,\"limit\":null,\"slug\":\"video-cast\",\"status\":1,\"message\":\"Cast videos to your TV with ease.\"},{\"id\":14,\"planlimitation_id\":2,\"limitation_title\":\"Ads\",\"limitation_value\":0,\"limit\":null,\"slug\":\"ads\",\"status\":1,\"message\":\"Ad-free streaming with this plan.\"},{\"id\":15,\"planlimitation_id\":3,\"limitation_title\":\"Device Limit\",\"limitation_value\":1,\"limit\":{\"value\":\"8\"},\"slug\":\"device-limit\",\"status\":1,\"message\":\"Stream on up to 8 devices simultaneously.\"},{\"id\":16,\"planlimitation_id\":4,\"limitation_title\":\"Download Status\",\"limitation_value\":1,\"limit\":{\"480p\":1,\"720p\":1,\"1080p\":1,\"1440p\":1,\"2K\":1,\"4K\":1,\"8K\":1},\"slug\":\"download-status\",\"status\":1,\"message\":\"Enjoy unlimited downloads with this plan.\"},{\"id\":23,\"planlimitation_id\":5,\"limitation_title\":\"Supported Device Type\",\"limitation_value\":1,\"limit\":{\"tablet\":\"1\",\"laptop\":\"1\",\"mobile\":\"1\"},\"slug\":\"supported-device-type\",\"status\":1,\"message\":null},{\"id\":24,\"planlimitation_id\":6,\"limitation_title\":\"Profile Limit\",\"limitation_value\":1,\"limit\":{\"value\":\"4\"},\"slug\":\"profile-limit\",\"status\":1,\"message\":null}]', 5, '4', NULL, NULL, NULL, NULL, '2025-03-03 18:30:00', '2025-03-03 18:30:00'),
(8, 4, 9, '2026-01-12 00:00:00', '2027-01-12 00:00:00', 'active', 0, 80, NULL, 0, NULL, 80, 'Elite Plan', 'elite_plan', 'month', 12, 4, '[{\"id\":13,\"planlimitation_id\":1,\"limitation_title\":\"Video Cast\",\"limitation_value\":1,\"limit\":null,\"slug\":\"video-cast\",\"status\":1,\"message\":\"Cast videos to your TV with ease.\"},{\"id\":14,\"planlimitation_id\":2,\"limitation_title\":\"Ads\",\"limitation_value\":0,\"limit\":null,\"slug\":\"ads\",\"status\":1,\"message\":\"Ad-free streaming with this plan.\"},{\"id\":15,\"planlimitation_id\":3,\"limitation_title\":\"Device Limit\",\"limitation_value\":1,\"limit\":{\"value\":\"8\"},\"slug\":\"device-limit\",\"status\":1,\"message\":\"Stream on up to 8 devices simultaneously.\"},{\"id\":16,\"planlimitation_id\":4,\"limitation_title\":\"Download Status\",\"limitation_value\":1,\"limit\":{\"480p\":1,\"720p\":1,\"1080p\":1,\"1440p\":1,\"2K\":1,\"4K\":1,\"8K\":1},\"slug\":\"download-status\",\"status\":1,\"message\":\"Enjoy unlimited downloads with this plan.\"},{\"id\":23,\"planlimitation_id\":5,\"limitation_title\":\"Supported Device Type\",\"limitation_value\":1,\"limit\":{\"tablet\":\"1\",\"laptop\":\"1\",\"mobile\":\"1\"},\"slug\":\"supported-device-type\",\"status\":1,\"message\":null},{\"id\":24,\"planlimitation_id\":6,\"limitation_title\":\"Profile Limit\",\"limitation_value\":1,\"limit\":{\"value\":\"4\"},\"slug\":\"profile-limit\",\"status\":1,\"message\":null}]', 6, '4', NULL, NULL, NULL, NULL, '2026-01-11 18:30:00', '2026-01-11 18:30:00'),
(9, 1, 11, '2026-01-29 00:00:00', '2026-03-01 00:00:00', 'active', 0, 5, NULL, 0, NULL, 5, 'Basic', 'basic', 'month', 1, 1, '[{\"id\":1,\"planlimitation_id\":1,\"limitation_title\":\"Video Cast\",\"limitation_value\":1,\"limit\":null,\"slug\":\"video-cast\",\"status\":1,\"message\":\"Cast videos to your TV with ease.\"},{\"id\":2,\"planlimitation_id\":2,\"limitation_title\":\"Ads\",\"limitation_value\":1,\"limit\":null,\"slug\":\"ads\",\"status\":1,\"message\":\"This plan includes ads.\"},{\"id\":3,\"planlimitation_id\":3,\"limitation_title\":\"Device Limit\",\"limitation_value\":1,\"limit\":{\"value\":\"1\"},\"slug\":\"device-limit\",\"status\":1,\"message\":\"Stream on up to 1 devices simultaneously.\"},{\"id\":4,\"planlimitation_id\":4,\"limitation_title\":\"Download Status\",\"limitation_value\":1,\"limit\":{\"480p\":1,\"720p\":1,\"1080p\":1,\"1440p\":0,\"2K\":0,\"4K\":0,\"8K\":0},\"slug\":\"download-status\",\"status\":1,\"message\":\"Enjoy unlimited downloads with this plan.\"},{\"id\":17,\"planlimitation_id\":5,\"limitation_title\":\"Supported Device Type\",\"limitation_value\":1,\"limit\":{\"tablet\":\"0\",\"laptop\":\"0\",\"mobile\":\"1\"},\"slug\":\"supported-device-type\",\"status\":1,\"message\":null},{\"id\":18,\"planlimitation_id\":6,\"limitation_title\":\"Profile Limit\",\"limitation_value\":1,\"limit\":{\"value\":\"2\"},\"slug\":\"profile-limit\",\"status\":1,\"message\":null}]', 9, '5', NULL, NULL, NULL, NULL, '2026-01-28 18:30:00', '2026-01-28 18:30:00'),
(10, 2, 12, '2026-01-30 00:00:00', '2026-03-01 00:00:00', 'active', 0, 20, NULL, 0, NULL, 20, 'Premium Plan', 'premium_plan', 'month', 1, 2, '[{\"id\":1,\"planlimitation_id\":1,\"limitation_title\":\"Video Cast\",\"limitation_value\":1,\"limit\":null,\"slug\":\"video-cast\",\"status\":1,\"message\":\"Cast videos to your TV with ease.\"},{\"id\":2,\"planlimitation_id\":2,\"limitation_title\":\"Ads\",\"limitation_value\":1,\"limit\":null,\"slug\":\"ads\",\"status\":1,\"message\":\"This plan includes ads.\"},{\"id\":3,\"planlimitation_id\":3,\"limitation_title\":\"Device Limit\",\"limitation_value\":1,\"limit\":{\"value\":\"1\"},\"slug\":\"device-limit\",\"status\":1,\"message\":\"Stream on up to 1 devices simultaneously.\"},{\"id\":4,\"planlimitation_id\":4,\"limitation_title\":\"Download Status\",\"limitation_value\":1,\"limit\":{\"480p\":1,\"720p\":1,\"1080p\":1,\"1440p\":0,\"2K\":0,\"4K\":0,\"8K\":0},\"slug\":\"download-status\",\"status\":1,\"message\":\"Enjoy unlimited downloads with this plan.\"},{\"id\":17,\"planlimitation_id\":5,\"limitation_title\":\"Supported Device Type\",\"limitation_value\":1,\"limit\":{\"tablet\":\"0\",\"laptop\":\"0\",\"mobile\":\"1\"},\"slug\":\"supported-device-type\",\"status\":1,\"message\":null},{\"id\":18,\"planlimitation_id\":6,\"limitation_title\":\"Profile Limit\",\"limitation_value\":1,\"limit\":{\"value\":\"2\"},\"slug\":\"profile-limit\",\"status\":1,\"message\":null}]', 10, '6', NULL, NULL, NULL, NULL, '2026-01-29 18:30:00', '2026-01-29 18:30:00'),
(11, 3, 13, '2025-11-24 00:00:00', '2026-02-28 00:00:00', 'active', 0, 50, NULL, 0, NULL, 50, 'Ultimate Plan', 'ultimate_plan', 'month', 3, 3, '[{\"id\":9,\"planlimitation_id\":1,\"limitation_title\":\"Video Cast\",\"limitation_value\":1,\"limit\":null,\"slug\":\"video-cast\",\"status\":1,\"message\":\"Cast videos to your TV with ease.\"},{\"id\":10,\"planlimitation_id\":2,\"limitation_title\":\"Ads\",\"limitation_value\":0,\"limit\":null,\"slug\":\"ads\",\"status\":1,\"message\":\"Ad-free streaming with this plan.\"},{\"id\":11,\"planlimitation_id\":3,\"limitation_title\":\"Device Limit\",\"limitation_value\":1,\"limit\":{\"value\":\"5\"},\"slug\":\"device-limit\",\"status\":1,\"message\":\"Stream on up to 5 devices simultaneously.\"},{\"id\":12,\"planlimitation_id\":4,\"limitation_title\":\"Download Status\",\"limitation_value\":1,\"limit\":{\"480p\":1,\"720p\":1,\"1080p\":1,\"1440p\":1,\"2K\":1,\"4K\":0,\"8K\":0},\"slug\":\"download-status\",\"status\":1,\"message\":\"Enjoy unlimited downloads with this plan.\"},{\"id\":21,\"planlimitation_id\":5,\"limitation_title\":\"Supported Device Type\",\"limitation_value\":1,\"limit\":{\"tablet\":\"0\",\"laptop\":\"1\",\"mobile\":\"1\"},\"slug\":\"supported-device-type\",\"status\":1,\"message\":null},{\"id\":22,\"planlimitation_id\":6,\"limitation_title\":\"Profile Limit\",\"limitation_value\":1,\"limit\":{\"value\":\"3\"},\"slug\":\"profile-limit\",\"status\":1,\"message\":null}]', 11, '7', NULL, NULL, NULL, NULL, '2025-11-23 18:30:00', '2025-11-23 18:30:00');

-- --------------------------------------------------------

--
-- Table structure for table `subscriptions_transactions`
--

CREATE TABLE `subscriptions_transactions` (
  `id` bigint(20) UNSIGNED NOT NULL,
  `subscriptions_id` int(11) DEFAULT NULL,
  `user_id` int(11) DEFAULT NULL,
  `amount` double DEFAULT NULL,
  `payment_type` varchar(191) DEFAULT NULL,
  `payment_status` varchar(191) DEFAULT NULL,
  `transaction_id` varchar(191) DEFAULT NULL,
  `tax_data` text DEFAULT NULL,
  `other_transactions_details` text DEFAULT NULL,
  `created_by` int(10) UNSIGNED DEFAULT NULL,
  `updated_by` int(10) UNSIGNED DEFAULT NULL,
  `deleted_by` int(10) UNSIGNED DEFAULT NULL,
  `deleted_at` timestamp NULL DEFAULT NULL,
  `created_at` timestamp NULL DEFAULT NULL,
  `updated_at` timestamp NULL DEFAULT NULL
) ENGINE=InnoDB DEFAULT CHARSET=utf8mb4 COLLATE=utf8mb4_unicode_ci;

--
-- Dumping data for table `subscriptions_transactions`
--

INSERT INTO `subscriptions_transactions` (`id`, `subscriptions_id`, `user_id`, `amount`, `payment_type`, `payment_status`, `transaction_id`, `tax_data`, `other_transactions_details`, `created_by`, `updated_by`, `deleted_by`, `deleted_at`, `created_at`, `updated_at`) VALUES
(1, 1, 3, 50, 'stripe', 'paid', 'pi_1OnGh1FTMa5P8ht0pEWTz', NULL, NULL, 3, 3, NULL, NULL, '2026-01-30 18:30:00', '2026-01-30 18:30:00'),
(2, 2, 4, 5, 'stripe', 'paid', 'pi_1OnGh1FTMa5P8ht0pEWTz', NULL, NULL, 4, 4, NULL, NULL, '2025-12-01 18:30:00', '2025-12-01 18:30:00'),
(3, 3, 5, 20, 'stripe', 'paid', 'pi_1OnGh1FTMa5P8ht0pEWTz', NULL, NULL, 5, 5, NULL, NULL, '2026-01-29 18:30:00', '2026-01-29 18:30:00'),
(4, 4, 6, 50, 'stripe', 'paid', 'pi_1OnGh1FTMa5P8ht0pEWTz', NULL, NULL, 6, 6, NULL, NULL, '2025-10-28 18:30:00', '2025-10-28 18:30:00'),
(5, 5, 8, 80, 'stripe', 'paid', 'pi_1OnGh1FTMa5P8ht0pEWTz', NULL, NULL, 8, 8, NULL, NULL, '2026-02-02 18:30:00', '2026-02-02 18:30:00'),
(6, 6, 9, 80, 'stripe', 'paid', 'pi_1OnGh1FTMa5P8ht0pEWTz', NULL, NULL, 9, 9, NULL, NULL, '2026-01-26 18:30:00', '2026-01-26 18:30:00'),
(7, 7, 10, 5, 'stripe', 'paid', 'pi_1OnGh1FTMa5P8ht0pEWTz', NULL, NULL, 10, 10, NULL, NULL, '2025-03-03 18:30:00', '2025-03-03 18:30:00'),
(8, 8, 14, 20, 'stripe', 'paid', 'pi_1OnGh1FTMa5P8ht0pEWTz', NULL, NULL, 14, 14, NULL, NULL, '2026-01-11 18:30:00', '2026-01-11 18:30:00');

-- --------------------------------------------------------

--
-- Table structure for table `subtitles`
--

CREATE TABLE `subtitles` (
  `id` bigint(20) UNSIGNED NOT NULL,
  `entertainment_id` bigint(20) UNSIGNED DEFAULT NULL,
  `type` varchar(191) NOT NULL DEFAULT 'movie',
  `language` varchar(191) NOT NULL,
  `language_code` varchar(191) NOT NULL,
  `subtitle_file` varchar(191) NOT NULL,
  `is_default` tinyint(1) NOT NULL DEFAULT 0,
  `created_at` timestamp NULL DEFAULT NULL,
  `updated_at` timestamp NULL DEFAULT NULL,
  `deleted_at` timestamp NULL DEFAULT NULL
) ENGINE=InnoDB DEFAULT CHARSET=utf8mb4 COLLATE=utf8mb4_unicode_ci;

-- --------------------------------------------------------

--
-- Table structure for table `taxes`
--

CREATE TABLE `taxes` (
  `id` bigint(20) UNSIGNED NOT NULL,
  `title` varchar(100) NOT NULL,
  `type` varchar(100) DEFAULT 'percent' COMMENT 'fixed , percent',
  `value` double DEFAULT NULL,
  `status` tinyint(4) DEFAULT NULL,
  `created_by` int(10) UNSIGNED DEFAULT NULL,
  `updated_by` int(10) UNSIGNED DEFAULT NULL,
  `deleted_by` int(10) UNSIGNED DEFAULT NULL,
  `created_at` timestamp NULL DEFAULT NULL,
  `updated_at` timestamp NULL DEFAULT NULL,
  `deleted_at` timestamp NULL DEFAULT NULL
) ENGINE=InnoDB DEFAULT CHARSET=utf8mb4 COLLATE=utf8mb4_unicode_ci;

--
-- Dumping data for table `taxes`
--

INSERT INTO `taxes` (`id`, `title`, `type`, `value`, `status`, `created_by`, `updated_by`, `deleted_by`, `created_at`, `updated_at`, `deleted_at`) VALUES
(1, 'GST', 'Percentage', 18, 1, 2, 2, NULL, '2024-10-09 07:00:27', '2024-10-09 07:00:27', NULL),
(2, 'CGST', 'Percentage', 9, 1, 2, 2, NULL, '2024-10-09 07:00:53', '2024-10-09 07:02:17', NULL),
(3, 'VAT', 'Percentage', 20, 1, 2, 2, NULL, '2024-10-09 07:04:57', '2024-10-09 07:04:57', NULL);

-- --------------------------------------------------------

--
-- Table structure for table `tv_login_sessions`
--

CREATE TABLE `tv_login_sessions` (
  `id` bigint(20) UNSIGNED NOT NULL,
  `session_id` char(36) NOT NULL,
  `user_id` bigint(20) UNSIGNED DEFAULT NULL,
  `confirmed_at` timestamp NULL DEFAULT NULL,
  `expires_at` timestamp NOT NULL DEFAULT '0000-00-00 00:00:00',
  `created_at` timestamp NULL DEFAULT NULL,
  `updated_at` timestamp NULL DEFAULT NULL
) ENGINE=InnoDB DEFAULT CHARSET=utf8mb4 COLLATE=utf8mb4_unicode_ci;

-- --------------------------------------------------------

--
-- Table structure for table `user_coupon_redeem`
--

CREATE TABLE `user_coupon_redeem` (
  `id` bigint(20) UNSIGNED NOT NULL,
  `coupon_code` varchar(191) NOT NULL,
  `discount` double NOT NULL,
  `user_id` int(11) NOT NULL,
  `coupon_id` int(11) NOT NULL,
  `booking_id` int(11) NOT NULL,
  `created_by` int(10) UNSIGNED DEFAULT NULL,
  `updated_by` int(10) UNSIGNED DEFAULT NULL,
  `created_at` timestamp NULL DEFAULT NULL,
  `updated_at` timestamp NULL DEFAULT NULL
) ENGINE=InnoDB DEFAULT CHARSET=utf8mb4 COLLATE=utf8mb4_unicode_ci;

-- --------------------------------------------------------

--
-- Table structure for table `user_multi_profiles`
--

CREATE TABLE `user_multi_profiles` (
  `id` bigint(20) UNSIGNED NOT NULL,
  `user_id` bigint(20) UNSIGNED NOT NULL,
  `name` varchar(191) NOT NULL,
  `avatar` varchar(191) DEFAULT NULL,
  `is_child_profile` tinyint(1) NOT NULL DEFAULT 0,
  `created_by` int(10) UNSIGNED DEFAULT NULL,
  `updated_by` int(10) UNSIGNED DEFAULT NULL,
  `deleted_by` int(10) UNSIGNED DEFAULT NULL,
  `deleted_at` timestamp NULL DEFAULT NULL,
  `created_at` timestamp NULL DEFAULT NULL,
  `updated_at` timestamp NULL DEFAULT NULL
) ENGINE=InnoDB DEFAULT CHARSET=utf8mb4 COLLATE=utf8mb4_unicode_ci;

--
-- Dumping data for table `user_multi_profiles`
--

INSERT INTO `user_multi_profiles` (`id`, `user_id`, `name`, `avatar`, `is_child_profile`, `created_by`, `updated_by`, `deleted_by`, `deleted_at`, `created_at`, `updated_at`) VALUES
(1, 1, 'Super Admin', 'http://127.0.0.1:8000/storage/avatars/image/icon2.png', 0, NULL, NULL, NULL, NULL, '2026-02-25 03:28:33', '2026-02-25 03:28:33'),
(2, 1, 'kids', 'http://127.0.0.1:8000/storage/avatars/image/icon4.png', 1, NULL, NULL, NULL, NULL, '2026-02-25 03:28:33', '2026-02-25 03:28:33'),
(3, 2, 'Ivan Norris', 'http://127.0.0.1:8000/storage/avatars/image/icon2.png', 0, NULL, NULL, NULL, NULL, '2026-02-25 03:28:33', '2026-02-25 03:28:33'),
(4, 2, 'kids', 'http://127.0.0.1:8000/storage/avatars/image/icon4.png', 1, NULL, NULL, NULL, NULL, '2026-02-25 03:28:33', '2026-02-25 03:28:33'),
(5, 3, 'John Doe', 'http://127.0.0.1:8000/storage/avatars/image/icon2.png', 0, NULL, NULL, NULL, NULL, '2026-02-25 03:28:33', '2026-02-25 03:28:33'),
(6, 3, 'kids', 'http://127.0.0.1:8000/storage/avatars/image/icon4.png', 1, NULL, NULL, NULL, NULL, '2026-02-25 03:28:33', '2026-02-25 03:28:33'),
(7, 4, 'Tristan Erickson', 'http://127.0.0.1:8000/storage/avatars/image/icon2.png', 0, NULL, NULL, NULL, NULL, '2026-02-25 03:28:33', '2026-02-25 03:28:33'),
(8, 4, 'kids', 'http://127.0.0.1:8000/storage/avatars/image/icon4.png', 1, NULL, NULL, NULL, NULL, '2026-02-25 03:28:33', '2026-02-25 03:28:33'),
(9, 5, 'Felix Harris', 'http://127.0.0.1:8000/storage/avatars/image/icon2.png', 0, NULL, NULL, NULL, NULL, '2026-02-25 03:28:33', '2026-02-25 03:28:33'),
(10, 5, 'kids', 'http://127.0.0.1:8000/storage/avatars/image/icon4.png', 1, NULL, NULL, NULL, NULL, '2026-02-25 03:28:33', '2026-02-25 03:28:33'),
(11, 6, 'Harry Victoria', 'http://127.0.0.1:8000/storage/avatars/image/icon2.png', 0, NULL, NULL, NULL, NULL, '2026-02-25 03:28:33', '2026-02-25 03:28:33'),
(12, 6, 'kids', 'http://127.0.0.1:8000/storage/avatars/image/icon4.png', 1, NULL, NULL, NULL, NULL, '2026-02-25 03:28:33', '2026-02-25 03:28:33'),
(13, 7, 'Jorge Perez', 'http://127.0.0.1:8000/storage/avatars/image/icon2.png', 0, NULL, NULL, NULL, NULL, '2026-02-25 03:28:33', '2026-02-25 03:28:33'),
(14, 7, 'kids', 'http://127.0.0.1:8000/storage/avatars/image/icon4.png', 1, NULL, NULL, NULL, NULL, '2026-02-25 03:28:33', '2026-02-25 03:28:33'),
(15, 8, 'Joy Hanry', 'http://127.0.0.1:8000/storage/avatars/image/icon2.png', 0, NULL, NULL, NULL, NULL, '2026-02-25 03:28:33', '2026-02-25 03:28:33'),
(16, 8, 'kids', 'http://127.0.0.1:8000/storage/avatars/image/icon4.png', 1, NULL, NULL, NULL, NULL, '2026-02-25 03:28:33', '2026-02-25 03:28:33'),
(17, 9, 'Deborah Thomas', 'http://127.0.0.1:8000/storage/avatars/image/icon2.png', 0, NULL, NULL, NULL, NULL, '2026-02-25 03:28:33', '2026-02-25 03:28:33'),
(18, 9, 'kids', 'http://127.0.0.1:8000/storage/avatars/image/icon4.png', 1, NULL, NULL, NULL, NULL, '2026-02-25 03:28:33', '2026-02-25 03:28:33'),
(19, 10, 'Katie Brown', 'http://127.0.0.1:8000/storage/avatars/image/icon2.png', 0, NULL, NULL, NULL, NULL, '2026-02-25 03:28:33', '2026-02-25 03:28:33'),
(20, 10, 'kids', 'http://127.0.0.1:8000/storage/avatars/image/icon4.png', 1, NULL, NULL, NULL, NULL, '2026-02-25 03:28:33', '2026-02-25 03:28:33'),
(21, 11, 'Dorothy Erickson', 'http://127.0.0.1:8000/storage/avatars/image/icon2.png', 0, NULL, NULL, NULL, NULL, '2026-02-25 03:28:33', '2026-02-25 03:28:33'),
(22, 11, 'kids', 'http://127.0.0.1:8000/storage/avatars/image/icon4.png', 1, NULL, NULL, NULL, NULL, '2026-02-25 03:28:33', '2026-02-25 03:28:33'),
(23, 12, 'Lisa Lucas', 'http://127.0.0.1:8000/storage/avatars/image/icon2.png', 0, NULL, NULL, NULL, NULL, '2026-02-25 03:28:33', '2026-02-25 03:28:33'),
(24, 12, 'kids', 'http://127.0.0.1:8000/storage/avatars/image/icon4.png', 1, NULL, NULL, NULL, NULL, '2026-02-25 03:28:33', '2026-02-25 03:28:33'),
(25, 13, 'Tracy Jones', 'http://127.0.0.1:8000/storage/avatars/image/icon2.png', 0, NULL, NULL, NULL, NULL, '2026-02-25 03:28:33', '2026-02-25 03:28:33'),
(26, 13, 'kids', 'http://127.0.0.1:8000/storage/avatars/image/icon4.png', 1, NULL, NULL, NULL, NULL, '2026-02-25 03:28:33', '2026-02-25 03:28:33'),
(27, 14, 'Stella Green', 'http://127.0.0.1:8000/storage/avatars/image/icon2.png', 0, NULL, NULL, NULL, NULL, '2026-02-25 03:28:33', '2026-02-25 03:28:33'),
(28, 14, 'kids', 'http://127.0.0.1:8000/storage/avatars/image/icon4.png', 1, NULL, NULL, NULL, NULL, '2026-02-25 03:28:33', '2026-02-25 03:28:33');

-- --------------------------------------------------------

--
-- Table structure for table `user_profiles`
--

CREATE TABLE `user_profiles` (
  `id` bigint(20) UNSIGNED NOT NULL,
  `about_self` varchar(191) DEFAULT NULL,
  `expert` varchar(191) DEFAULT NULL,
  `facebook_link` varchar(191) DEFAULT NULL,
  `instagram_link` varchar(191) DEFAULT NULL,
  `twitter_link` varchar(191) DEFAULT NULL,
  `dribbble_link` varchar(191) DEFAULT NULL,
  `user_id` bigint(20) UNSIGNED NOT NULL,
  `created_at` timestamp NULL DEFAULT NULL,
  `updated_at` timestamp NULL DEFAULT NULL,
  `deleted_at` timestamp NULL DEFAULT NULL
) ENGINE=InnoDB DEFAULT CHARSET=utf8mb4 COLLATE=utf8mb4_unicode_ci;

--
-- Dumping data for table `user_profiles`
--

INSERT INTO `user_profiles` (`id`, `about_self`, `expert`, `facebook_link`, `instagram_link`, `twitter_link`, `dribbble_link`, `user_id`, `created_at`, `updated_at`, `deleted_at`) VALUES
(1, 'I am a passionate developer.', 'Web Development', 'https://facebook.com/user1', 'https://instagram.com/user1', 'https://twitter.com/user1', 'https://dribbble.com/user1', 1, '2026-02-25 03:28:34', '2026-02-25 03:28:34', NULL),
(2, 'Love creating content and engaging with my audience.', 'Content Creation', 'https://facebook.com/user2', 'https://instagram.com/user2', 'https://twitter.com/user2', 'https://dribbble.com/user2', 2, '2026-02-25 03:28:34', '2026-02-25 03:28:34', NULL),
(3, 'Tech enthusiast and blogger.', 'Tech Blogging', 'https://facebook.com/user3', 'https://instagram.com/user3', 'https://twitter.com/user3', 'https://dribbble.com/user3', 3, '2026-02-25 03:28:34', '2026-02-25 03:28:34', NULL);

-- --------------------------------------------------------

--
-- Table structure for table `user_providers`
--

CREATE TABLE `user_providers` (
  `id` bigint(20) UNSIGNED NOT NULL,
  `user_id` bigint(20) UNSIGNED NOT NULL,
  `provider` varchar(191) NOT NULL,
  `provider_id` varchar(191) NOT NULL,
  `avatar` varchar(191) DEFAULT NULL,
  `created_at` timestamp NULL DEFAULT NULL,
  `updated_at` timestamp NULL DEFAULT NULL
) ENGINE=InnoDB DEFAULT CHARSET=utf8mb4 COLLATE=utf8mb4_unicode_ci;

-- --------------------------------------------------------

--
-- Table structure for table `user_reminder`
--

CREATE TABLE `user_reminder` (
  `id` bigint(20) UNSIGNED NOT NULL,
  `entertainment_id` int(11) DEFAULT NULL,
  `user_id` int(11) DEFAULT NULL,
  `profile_id` int(11) DEFAULT NULL,
  `release_date` date DEFAULT NULL,
  `is_remind` tinyint(1) NOT NULL DEFAULT 0,
  `created_by` int(10) UNSIGNED DEFAULT NULL,
  `updated_by` int(10) UNSIGNED DEFAULT NULL,
  `deleted_by` int(10) UNSIGNED DEFAULT NULL,
  `created_at` timestamp NULL DEFAULT NULL,
  `updated_at` timestamp NULL DEFAULT NULL,
  `deleted_at` timestamp NULL DEFAULT NULL
) ENGINE=InnoDB DEFAULT CHARSET=utf8mb4 COLLATE=utf8mb4_unicode_ci;

-- --------------------------------------------------------

--
-- Table structure for table `user_search_histories`
--

CREATE TABLE `user_search_histories` (
  `id` bigint(20) UNSIGNED NOT NULL,
  `user_id` bigint(20) UNSIGNED DEFAULT NULL,
  `profile_id` bigint(20) UNSIGNED DEFAULT NULL,
  `search_query` varchar(191) DEFAULT NULL,
  `search_id` bigint(20) UNSIGNED DEFAULT NULL,
  `type` varchar(191) DEFAULT NULL,
  `created_at` timestamp NULL DEFAULT NULL,
  `updated_at` timestamp NULL DEFAULT NULL
) ENGINE=InnoDB DEFAULT CHARSET=utf8mb4 COLLATE=utf8mb4_unicode_ci;

--
-- Dumping data for table `user_search_histories`
--

INSERT INTO `user_search_histories` (`id`, `user_id`, `profile_id`, `search_query`, `search_id`, `type`, `created_at`, `updated_at`) VALUES
(1, 3, 3, 'Shadow Pursuit', 4, 'tvshow', '2026-02-25 03:28:34', '2026-02-25 03:28:34'),
(2, 3, 3, 'Wolfbound', 8, 'tvshow', '2026-02-25 03:28:34', '2026-02-25 03:28:34'),
(3, 3, 3, 'Road to Reconnection', 14, 'tvshow', '2026-02-25 03:28:34', '2026-02-25 03:28:34'),
(4, 4, 4, 'The Daring Player', 27, 'movie', '2026-02-25 03:28:34', '2026-02-25 03:28:34'),
(5, 3, 3, 'Legacy of Antiquity: Origins of Civilization', 36, 'movie', '2026-02-25 03:28:34', '2026-02-25 03:28:34'),
(6, 3, 3, 'Guardians of the Abyss: The Beast Awakens', 46, 'tvshow', '2026-02-25 03:28:34', '2026-02-25 03:28:34'),
(7, 4, 4, 'Blade of Chaos', 52, 'movie', '2026-02-25 03:28:34', '2026-02-25 03:28:34'),
(8, 3, 3, 'Echoes of Valor', 6, 'video', '2026-02-25 03:28:34', '2026-02-25 03:28:34'),
(9, 3, 3, 'Warrior\'s Dilemma', 11, 'video', '2026-02-25 03:28:34', '2026-02-25 03:28:34'),
(10, 3, 3, 'School Hacks & Fun DIY Crafts', 15, 'video', '2026-02-25 03:28:34', '2026-02-25 03:28:34'),
(11, 4, 4, 'Motel of Nightmares', 21, 'video', '2026-02-25 03:28:34', '2026-02-25 03:28:34'),
(12, 4, 4, 'Mango Mousse Delight', 24, 'video', '2026-02-25 03:28:34', '2026-02-25 03:28:34');

-- --------------------------------------------------------

--
-- Table structure for table `user_watch_histories`
--

CREATE TABLE `user_watch_histories` (
  `id` bigint(20) UNSIGNED NOT NULL,
  `entertainment_id` int(11) DEFAULT NULL,
  `user_id` int(11) DEFAULT NULL,
  `profile_id` int(11) DEFAULT NULL,
  `entertainment_type` varchar(191) DEFAULT NULL,
  `created_by` int(10) UNSIGNED DEFAULT NULL,
  `updated_by` int(10) UNSIGNED DEFAULT NULL,
  `deleted_by` int(10) UNSIGNED DEFAULT NULL,
  `deleted_at` timestamp NULL DEFAULT NULL,
  `created_at` timestamp NULL DEFAULT NULL,
  `updated_at` timestamp NULL DEFAULT NULL
) ENGINE=InnoDB DEFAULT CHARSET=utf8mb4 COLLATE=utf8mb4_unicode_ci;

--
-- Dumping data for table `user_watch_histories`
--

INSERT INTO `user_watch_histories` (`id`, `entertainment_id`, `user_id`, `profile_id`, `entertainment_type`, `created_by`, `updated_by`, `deleted_by`, `deleted_at`, `created_at`, `updated_at`) VALUES
(1, 101, 3, 3, 'movie', 3, 3, NULL, NULL, NULL, NULL),
(2, 15, 3, 3, 'tvshow', 3, 3, NULL, NULL, NULL, NULL),
(3, 35, 3, 3, 'movie', 3, 3, NULL, NULL, NULL, NULL),
(4, 12, 4, 4, 'tvshow', 4, 4, NULL, NULL, NULL, NULL),
(5, 15, 4, 4, 'video', 4, 4, NULL, NULL, NULL, NULL),
(6, 10, 4, 4, 'video', 4, 4, NULL, NULL, NULL, NULL),
(7, 5, 3, 3, 'video', 3, 3, NULL, NULL, NULL, NULL),
(8, 65, 3, 3, 'movie', 3, 3, NULL, NULL, NULL, NULL),
(9, 2, 4, 4, 'tvshow', 4, 4, NULL, NULL, NULL, NULL),
(10, 8, 3, 3, 'video', 3, 3, NULL, NULL, NULL, NULL),
(11, 18, 4, 4, 'video', 4, 4, NULL, NULL, NULL, NULL),
(12, 18, 3, 3, 'tvshow', 3, 3, NULL, NULL, NULL, NULL),
(13, 4, 3, 3, 'movie', 3, 3, NULL, NULL, NULL, NULL),
(14, 6, 4, 4, 'tvshow', 4, 4, NULL, NULL, NULL, NULL),
(15, 1, 5, 5, 'movie', 5, 5, NULL, NULL, NULL, NULL),
(16, 8, 6, 6, 'video', 6, 6, NULL, NULL, NULL, NULL),
(17, 10, 7, 7, 'movie', 7, 7, NULL, NULL, NULL, NULL),
(18, 17, 8, 8, 'tvshow', 8, 8, NULL, NULL, NULL, NULL),
(19, 9, 9, 9, 'video', 9, 9, NULL, NULL, NULL, NULL),
(20, 12, 10, 10, 'movie', 10, 10, NULL, NULL, NULL, NULL),
(21, 20, 11, 11, 'video', 11, 11, NULL, NULL, NULL, NULL),
(22, 30, 12, 12, 'video', 12, 12, NULL, NULL, NULL, NULL),
(23, 31, 13, 13, 'video', 13, 13, NULL, NULL, NULL, NULL),
(24, 32, 14, 14, 'video', 14, 14, NULL, NULL, NULL, NULL),
(25, 33, 15, 15, 'video', 15, 15, NULL, NULL, NULL, NULL),
(26, 34, 5, 5, 'video', 5, 5, NULL, NULL, NULL, NULL),
(27, 35, 6, 6, 'video', 6, 6, NULL, NULL, NULL, NULL),
(28, 36, 7, 7, 'video', 7, 7, NULL, NULL, NULL, NULL);

-- --------------------------------------------------------

--
-- Table structure for table `vast_ads_setting`
--

CREATE TABLE `vast_ads_setting` (
  `id` bigint(20) UNSIGNED NOT NULL,
  `name` varchar(191) NOT NULL,
  `type` varchar(191) DEFAULT NULL,
  `url` varchar(191) DEFAULT NULL,
  `duration` varchar(191) DEFAULT NULL,
  `target_type` varchar(191) DEFAULT NULL,
  `target_selection` longtext DEFAULT NULL,
  `enable_skip` tinyint(1) NOT NULL DEFAULT 0,
  `skip_after` varchar(191) DEFAULT NULL,
  `frequency` int(11) DEFAULT NULL,
  `start_date` date DEFAULT NULL,
  `end_date` date DEFAULT NULL,
  `is_enable` tinyint(1) NOT NULL DEFAULT 0,
  `status` tinyint(1) NOT NULL DEFAULT 0,
  `created_at` timestamp NULL DEFAULT NULL,
  `updated_at` timestamp NULL DEFAULT NULL,
  `deleted_at` timestamp NULL DEFAULT NULL
) ENGINE=InnoDB DEFAULT CHARSET=utf8mb4 COLLATE=utf8mb4_unicode_ci;

--
-- Dumping data for table `vast_ads_setting`
--

INSERT INTO `vast_ads_setting` (`id`, `name`, `type`, `url`, `duration`, `target_type`, `target_selection`, `enable_skip`, `skip_after`, `frequency`, `start_date`, `end_date`, `is_enable`, `status`, `created_at`, `updated_at`, `deleted_at`) VALUES
(1, 'BigSale', 'pre-roll', 'https://basil79.github.io/vast-sample-tags/pg/vast.xml', NULL, 'movie', '[22,23,25,26,28,94,95,96]', 0, NULL, NULL, '2026-02-25', '2027-02-25', 0, 1, '2025-07-25 00:34:17', '2025-07-25 00:34:17', NULL),
(2, 'MovieTicket', 'mid-roll', 'https://basil79.github.io/vast-sample-tags/pg/vast.xml', NULL, 'movie', '[22,23,25,26,28,94,95,96]', 0, NULL, NULL, '2026-02-25', '2027-02-25', 0, 1, '2025-07-25 00:36:03', '2025-07-25 00:36:03', NULL),
(3, 'EpisodePromo', 'post-roll', 'https://basil79.github.io/vast-sample-tags/pg/vast.xml', NULL, 'movie', '[22,23,25,26,28,94,95,96]', 0, NULL, NULL, '2026-02-25', '2027-02-25', 0, 1, '2025-07-25 00:37:32', '2025-07-25 00:37:32', NULL),
(4, 'ServicePromo', 'overlay', 'https://raw.githubusercontent.com/InteractiveAdvertisingBureau/VAST_Samples/master/VAST%203.0%20Samples/Inline_Non-Linear_Tag-test.xml', NULL, 'movie', '[22,23,25,26,28,94,95,96]', 0, NULL, NULL, '2026-02-25', '2027-02-25', 0, 1, '2025-07-25 00:39:01', '2025-07-25 00:39:01', NULL),
(5, 'BigSale', 'pre-roll', 'https://basil79.github.io/vast-sample-tags/pg/vast.xml', NULL, 'video', '[1,2,3,4,5,17,26]', 0, NULL, NULL, '2026-02-25', '2027-02-25', 0, 1, '2025-07-25 00:41:03', '2025-07-25 00:41:03', NULL),
(6, 'MovieTicket', 'mid-roll', 'https://basil79.github.io/vast-sample-tags/pg/vast.xml', NULL, 'video', '[1,2,3,4,5,17,26]', 0, NULL, NULL, '2026-02-25', '2027-02-25', 0, 1, '2025-07-25 00:42:26', '2025-07-25 00:42:26', NULL),
(7, 'EpisodePromo', 'post-roll', 'https://basil79.github.io/vast-sample-tags/pg/vast.xml', NULL, 'video', '[1,2,3,4,5,17,26]', 0, NULL, NULL, '2026-02-25', '2027-02-25', 0, 1, '2025-07-25 00:43:38', '2025-07-25 00:43:38', NULL),
(8, 'ServicePromo', 'overlay', 'https://raw.githubusercontent.com/InteractiveAdvertisingBureau/VAST_Samples/master/VAST%203.0%20Samples/Inline_Non-Linear_Tag-test.xml', NULL, 'video', '[1,2,3,4,5,17,26]', 0, NULL, NULL, '2026-02-25', '2027-02-25', 0, 1, '2025-07-25 00:47:56', '2025-07-25 00:47:56', NULL),
(9, 'BigSale', 'pre-roll', 'https://basil79.github.io/vast-sample-tags/pg/vast.xml', NULL, 'tvshow', '[1,2,3,11,12,23,24,25]', 0, NULL, NULL, '2026-02-25', '2027-02-25', 0, 1, '2025-07-25 00:49:54', '2025-07-25 00:49:54', NULL),
(10, 'MovieTicket', 'mid-roll', 'https://basil79.github.io/vast-sample-tags/pg/vast.xml', NULL, 'tvshow', '[1,2,3,11,12,23,24,25]', 0, NULL, NULL, '2026-02-25', '2027-02-25', 0, 1, '2025-07-25 00:51:34', '2025-07-25 00:51:34', NULL),
(11, 'EpisodePromo', 'post-roll', 'https://basil79.github.io/vast-sample-tags/pg/vast.xml', NULL, 'tvshow', '[1,2,3,11,12,23,24,25]', 0, NULL, NULL, '2026-02-25', '2027-02-25', 0, 1, '2025-07-25 00:53:06', '2025-07-25 00:53:06', NULL);

-- --------------------------------------------------------

--
-- Table structure for table `videos`
--

CREATE TABLE `videos` (
  `id` bigint(20) UNSIGNED NOT NULL,
  `name` varchar(191) DEFAULT NULL,
  `poster_url` text DEFAULT NULL,
  `trailer_url_type` varchar(191) DEFAULT NULL,
  `trailer_url` text DEFAULT NULL,
  `thumbnail_url` text DEFAULT NULL,
  `access` varchar(191) DEFAULT NULL,
  `type` varchar(191) DEFAULT NULL,
  `plan_id` bigint(20) UNSIGNED DEFAULT NULL,
  `IMDb_rating` int(11) DEFAULT NULL,
  `content_rating` longtext DEFAULT NULL,
  `duration` varchar(191) DEFAULT NULL,
  `start_time` time DEFAULT NULL,
  `end_time` time DEFAULT NULL,
  `release_date` date DEFAULT NULL,
  `is_restricted` tinyint(1) NOT NULL DEFAULT 0,
  `short_desc` longtext DEFAULT NULL,
  `description` longtext DEFAULT NULL,
  `enable_quality` tinyint(1) NOT NULL DEFAULT 0,
  `video_upload_type` varchar(191) DEFAULT NULL,
  `video_url_input` text DEFAULT NULL,
  `download_status` tinyint(1) NOT NULL DEFAULT 0,
  `download_type` varchar(191) DEFAULT NULL,
  `download_url` text DEFAULT NULL,
  `enable_download_quality` tinyint(1) NOT NULL DEFAULT 0,
  `status` tinyint(1) NOT NULL DEFAULT 0,
  `created_by` int(10) UNSIGNED DEFAULT NULL,
  `updated_by` int(10) UNSIGNED DEFAULT NULL,
  `deleted_by` int(10) UNSIGNED DEFAULT NULL,
  `created_at` timestamp NULL DEFAULT NULL,
  `updated_at` timestamp NULL DEFAULT NULL,
  `deleted_at` timestamp NULL DEFAULT NULL,
  `poster_tv_url` text DEFAULT NULL,
  `price` decimal(8,2) DEFAULT NULL,
  `purchase_type` varchar(191) DEFAULT NULL,
  `access_duration` int(11) DEFAULT NULL,
  `discount` varchar(191) DEFAULT NULL,
  `available_for` int(11) DEFAULT NULL,
  `enable_subtitle` tinyint(1) NOT NULL DEFAULT 0,
  `subtitle_language` varchar(191) DEFAULT NULL,
  `is_default_subtitle` tinyint(1) NOT NULL DEFAULT 0,
  `subtitle_file` varchar(191) DEFAULT NULL,
  `meta_title` varchar(191) DEFAULT NULL,
  `meta_keywords` varchar(191) DEFAULT NULL,
  `meta_description` text DEFAULT NULL,
  `seo_image` varchar(191) DEFAULT NULL,
  `google_site_verification` varchar(191) DEFAULT NULL,
  `canonical_url` varchar(191) DEFAULT NULL,
  `short_description` text DEFAULT NULL,
  `enable_clips` tinyint(1) NOT NULL DEFAULT 0,
  `slug` text DEFAULT NULL,
  `bunny_video_url` text DEFAULT NULL
) ENGINE=InnoDB DEFAULT CHARSET=utf8mb4 COLLATE=utf8mb4_unicode_ci;

--
-- Dumping data for table `videos`
--

INSERT INTO `videos` (`id`, `name`, `poster_url`, `trailer_url_type`, `trailer_url`, `thumbnail_url`, `access`, `type`, `plan_id`, `IMDb_rating`, `content_rating`, `duration`, `start_time`, `end_time`, `release_date`, `is_restricted`, `short_desc`, `description`, `enable_quality`, `video_upload_type`, `video_url_input`, `download_status`, `download_type`, `download_url`, `enable_download_quality`, `status`, `created_by`, `updated_by`, `deleted_by`, `created_at`, `updated_at`, `deleted_at`, `poster_tv_url`, `price`, `purchase_type`, `access_duration`, `discount`, `available_for`, `enable_subtitle`, `subtitle_language`, `is_default_subtitle`, `subtitle_file`, `meta_title`, `meta_keywords`, `meta_description`, `seo_image`, `google_site_verification`, `canonical_url`, `short_description`, `enable_clips`, `slug`, `bunny_video_url`) VALUES
(1, 'Tumse Pyar - Lofi Love Mix', 'tumse_pyar_lofi_love_mix.png', 'YouTube', NULL, 'tumse_pyar_lofi_love_mix.png', 'free', NULL, NULL, NULL, NULL, NULL, NULL, NULL, '2020-02-05', 0, 'Experience the serene and soulful melodies of \"Tumse Pyar - Lofi Love Mix,\" the latest love song perfect for moments of reflection and romance. 🎶❤️', 'Dive into the tranquil vibes of \"Tumse Pyar - Lofi Love Mix,\" a soothing and heartfelt love song that blends gentle rhythms with emotional depth. This latest release is crafted for those cherished moments of intimacy and reflection, offering a perfect backdrop for love and nostalgia. Whether you\'re unwinding after a long day or sharing a quiet evening with someone special, \"Tumse Pyar\" provides a harmonious escape into the world of lofi beats and tender lyrics. 🎶❤️', 0, 'YouTube', 'https://youtu.be/kXHiIxx2atA?si=BMzFthwqI5t7Ve8j', 0, NULL, NULL, 0, 1, NULL, NULL, NULL, '2026-02-25 03:28:51', '2026-02-25 03:28:51', NULL, 'tumse_pyar_lofi_love_mix.png', NULL, NULL, NULL, NULL, NULL, 0, NULL, 0, NULL, NULL, NULL, NULL, NULL, NULL, NULL, NULL, 1, 'tumse-pyar-lofi-love-mix', NULL),
(2, 'Heal Your Mind Before You Fix Your Life', 'app-videos-heal.jpg', 'YouTube', NULL, 'web-videos-heal.jpg', 'paid', NULL, 1, NULL, NULL, NULL, NULL, NULL, '2021-06-21', 0, 'Heal Your Mind Before You Fix Your Life is a compelling motivational speech that inspires you to take control and live your life to the fullest. 🚀🌟', 'In Heal Your Mind Before You Fix Your Life, discover the keys to unlocking your potential and embracing every moment with purpose and passion. This uplifting speech is packed with powerful insights and practical advice that will motivate you to overcome obstacles, chase your dreams, and seize every opportunity that life presents. Whether you\'re looking for a boost in your personal or professional life, \"Heal Your Mind\" provides the inspiration you need to take action and make the most of your journey. 🚀🌟', 0, 'YouTube', 'https://youtu.be/NGtv92rU0Hg?si=ZllzFTnemBDE73L8', 0, NULL, NULL, 0, 1, NULL, NULL, NULL, '2026-02-25 03:28:51', '2026-02-25 03:28:51', NULL, 'tv-videos-heal.jpg', NULL, NULL, NULL, NULL, NULL, 0, NULL, 0, NULL, NULL, NULL, NULL, NULL, NULL, NULL, NULL, 0, 'heal-your-mind-before-you-fix-your-life', NULL),
(3, 'A Healthier Life Starts Today', 'app-videos-today.jpg', 'YouTube', NULL, 'web-videos-today.jpg', 'free', NULL, NULL, NULL, NULL, NULL, NULL, NULL, '2022-03-04', 0, 'A Healthier Life Starts Today is a breathtaking short video capturing the tranquil beauty of the natural world. 🌿🌅', 'A Healthier Life Starts Today offers a mesmerizing journey through some of the most beautiful and serene landscapes on Earth. This short video captures the essence of nature\'s tranquility, from cascading waterfalls and lush forests to serene sunsets and majestic mountains. With stunning visuals and soothing sounds, Serenity of Nature provides a peaceful escape, allowing viewers to connect with the beauty and calm of the natural world. Perfect for relaxation and mindfulness, this video is a visual treat for nature lovers and anyone seeking a moment of serenity. 🌿🌅🌊', 0, 'YouTube', 'https://youtu.be/668nUCeBHyY?si=SPQ7yT4NVQp0QoW-', 0, NULL, NULL, 0, 1, NULL, NULL, NULL, '2026-02-25 03:28:51', '2026-02-25 03:28:51', NULL, 'tv-videos-today.jpg', NULL, NULL, NULL, NULL, NULL, 0, NULL, 0, NULL, NULL, NULL, NULL, NULL, NULL, NULL, NULL, 1, 'a-healthier-life-starts-today', NULL),
(4, 'Run For Your Life', 'run_for_your_life.png', 'YouTube', NULL, 'run_for_your_life.png', 'free', NULL, NULL, NULL, NULL, NULL, NULL, NULL, '2023-01-23', 0, 'A heart-pounding thriller where survival is the only option. 🏃‍♂️💥', 'Run For Your Life is a heart-pounding thriller that follows the protagonist as they navigate a relentless pursuit, where survival is the only option. With every twist and turn, the stakes get higher, and the chase becomes more intense. This gripping tale of endurance and courage will keep you on the edge of your seat from start to finish. 🏃‍♂️💥', 0, 'YouTube', 'https://youtu.be/79Sd4GtOXuI?si=kgtBwn0Riw_TcvdX', 0, NULL, NULL, 0, 1, NULL, NULL, NULL, '2026-02-25 03:28:51', '2026-02-25 03:28:51', NULL, 'run_for_your_life.png', NULL, NULL, NULL, NULL, NULL, 0, NULL, 0, NULL, NULL, NULL, NULL, NULL, NULL, NULL, NULL, 1, 'run-for-your-life', NULL),
(5, 'Spiritual Habits for a Calm Mind', 'app-videos-mind.jpg', 'YouTube', NULL, 'web-videos-mind.jpg', 'free', NULL, NULL, NULL, NULL, NULL, NULL, NULL, '2024-04-18', 1, 'Embark on a thrilling journey through the urban jungle, filled with surprises and new encounters. 🏙️🌟', 'Spiritual Habits for a Calm Mind takes viewers on an exhilarating adventure through the bustling urban landscape. Follow a spirited protagonist as they navigate crowded streets, discover hidden gems, and forge unexpected friendships along the way. This vibrant video captures the essence of exploration and discovery in the heart of the city, promising excitement and heartwarming moments for all who embark on this journey. 🏙️🌟', 0, 'YouTube', 'https://youtu.be/mYfJxlgR2jw?si=uQgarqR0VJvdfUd5', 0, NULL, NULL, 0, 1, NULL, NULL, NULL, '2026-02-25 03:28:51', '2026-02-25 03:28:51', NULL, 'tv-videos-mind.jpg', NULL, NULL, NULL, NULL, NULL, 0, NULL, 0, NULL, NULL, NULL, NULL, NULL, NULL, NULL, NULL, 1, 'spiritual-habits-for-a-calm-mind', NULL),
(6, 'Echoes of Valor', 'echoes_of_valor.png', 'YouTube', NULL, 'echoes_of_valor.png', 'free', NULL, NULL, NULL, NULL, '01:20', NULL, NULL, '2024-04-19', 0, 'Echoes of Valor depicts the intense and emotional journey of a sniper and his spotter during the Indo-Pak War, facing moral conflicts in their pursuit of the enemy. 🎬🏅', 'Echoes of Valor brings to life the harrowing experiences of two Indian Army soldiers—a sniper and his spotter—during the Indo-Pak War. The film captures their inner turmoil as they confront their foes and wrestle with the ethical implications of their mission. A powerful thriller with a stirring musical score, it offers a profound reflection on the nature of conflict and bravery. 🎖️🌟', 0, 'YouTube', 'https://youtu.be/JEKCMP3w9zs?si=psaIC0wKC3akDOqp', 0, NULL, NULL, 0, 1, NULL, NULL, NULL, '2026-02-25 03:28:51', '2026-02-25 03:28:51', NULL, 'echoes_of_valor.png', NULL, NULL, NULL, NULL, NULL, 0, NULL, 0, NULL, NULL, NULL, NULL, NULL, NULL, NULL, NULL, 1, 'echoes-of-valor', NULL),
(7, 'Victory Vibes', 'app-home-vibe.jpg', 'YouTube', NULL, 'web-home-vibe.jpg', 'pay-per-view', NULL, NULL, NULL, NULL, '00:50', NULL, NULL, '2024-04-20', 0, 'Get inspired by quick, uplifting videos celebrating athletes\' perseverance, grit, and determination in overcoming challenges. 🌟🏅', 'Victory Vibes brings you bite-sized, motivational videos showcasing the incredible stories of athletes who triumph against the odds. Whether it’s the underdog story, the road to recovery, or pushing past limits, these short clips will inspire you to chase your dreams. Watch, feel the adrenaline, and fuel your passion for greatness! 💪🏆', 0, 'YouTube', 'https://youtu.be/seSCvuejudM?si=v7SdVilWIM1Niqid', 0, NULL, NULL, 0, 1, NULL, NULL, NULL, '2026-02-25 03:28:51', '2026-02-25 03:28:51', NULL, 'tv-home-vibe.jpg', 10.00, 'rental', 5, '10', 20, 0, NULL, 0, NULL, NULL, NULL, NULL, NULL, NULL, NULL, NULL, 1, 'victory-vibes', NULL),
(8, 'Midnight Thrills', 'midnight_thrills.png', 'YouTube', NULL, 'midnight_thrills.png', 'pay-per-view', NULL, NULL, NULL, NULL, '00:45', NULL, NULL, '2024-04-21', 0, 'Dive into spine-chilling suspense with brief, gripping thriller shorts that keep you on the edge of your seat. 🌙🔍', 'Midnight Thrills offers a collection of intense, suspenseful short films that will captivate and thrill you in just a few minutes. Each video is a meticulously crafted suspense thriller that delivers unexpected twists, dark mysteries, and nail-biting moments. Perfect for when you crave a quick dose of excitement and intrigue. Get ready for a thrilling experience under the cover of night! 🎬🕵️‍♂️', 0, 'YouTube', 'https://youtu.be/VHenrR4ledY?si=PCHvpjq4t9zpaJim', 0, NULL, NULL, 0, 1, NULL, NULL, NULL, '2026-02-25 03:28:51', '2026-02-25 03:28:51', NULL, 'midnight_thrills.png', 10.00, 'rental', 5, '10', 20, 0, NULL, 0, NULL, NULL, NULL, NULL, NULL, NULL, NULL, NULL, 1, 'midnight-thrills', NULL),
(9, 'Hearts Entwined', 'hearts_entwined.png', 'YouTube', NULL, 'hearts_entwined.png', 'pay-per-view', NULL, NULL, NULL, NULL, '01:20', NULL, NULL, '2024-04-24', 0, 'Experience the magic of romance with heartwarming short videos that capture the essence of love and connection. 💖🎥', 'Hearts Entwined presents a series of romantic short films that delve into the many facets of love and relationships. Featuring captivating stories and touching moments, each video is designed to make you feel the joy, passion, and tenderness of romance. Whether it\'s a sweet love story or a heartfelt confession, these shorts will leave you inspired and in love with the idea of finding that special connection. Let each film whisk you away on a romantic journey! 🌹✨', 0, 'YouTube', 'https://youtu.be/22l6w8n9iCc?si=Gr7MTCfEs9xf6pvz', 0, NULL, NULL, 0, 1, NULL, NULL, NULL, '2026-02-25 03:28:51', '2026-02-25 03:28:51', NULL, 'hearts_entwined.png', 40.00, 'onetime', NULL, '10', 20, 0, NULL, 0, NULL, NULL, NULL, NULL, NULL, NULL, NULL, NULL, 1, 'hearts-entwined', NULL),
(10, 'Gnomeo\'s Love Stories', 'gnomeos_love_stories.png', 'YouTube', NULL, 'gnomeos_love_stories.png', 'paid', NULL, 1, NULL, NULL, '00:50', NULL, NULL, '2024-04-26', 0, 'Explore charming, whimsical tales of love and adventure with garden gnomes in this delightful collection of short romantic videos. 🌹', 'Gnomeo\'s Love Stories brings you enchanting short videos featuring the adorable garden gnomes Gnomeo and Juliet. Follow their heartwarming adventures and romantic escapades as they navigate the ups and downs of love amidst whimsical lawn decorations, quirky neighbors, and playful antics. Each video is a perfect blend of romance and fun, capturing the essence of finding love in the most unexpected places. Immerse yourself in these miniature love stories and experience a world where love always wins, no matter the obstacles. 🌟❤️', 0, 'YouTube', 'https://youtu.be/9ucSt-naGZ0?si=fo-r7wQuJ6Exi1RX', 0, NULL, NULL, 0, 1, NULL, NULL, NULL, '2026-02-25 03:28:51', '2026-02-25 03:28:51', NULL, 'gnomeos_love_stories.png', NULL, NULL, NULL, NULL, NULL, 0, NULL, 0, NULL, NULL, NULL, NULL, NULL, NULL, NULL, NULL, 1, 'gnomeos-love-stories', NULL),
(11, 'Warrior\'s Dilemma', 'warriors_dilemma.png', 'YouTube', NULL, 'warriors_dilemma.png', 'paid', NULL, 1, NULL, NULL, '00:20', NULL, NULL, '2024-04-30', 0, 'A brave team of young warriors embarks on an epic quest to save their world from dark forces in this action-packed animated adventure. 💥🛡️🔥', '\"Warrior\'s Dilemma\" presents a compelling story of two soldiers in the Indo-Pak War—one a sniper, the other his spotter—who face profound moral challenges as they hunt their enemies. The film is a gripping blend of thriller and drama, enhanced by a powerful soundtrack that underscores the film\'s exploration of courage, morality, and the costs of war. 🎖️🎵', 0, 'YouTube', 'https://youtu.be/Q23gKyHWjjg?si=wK6AqYlE9P9-bdXS', 0, NULL, NULL, 0, 1, NULL, NULL, NULL, '2026-02-25 03:28:51', '2026-02-25 03:28:51', NULL, 'warriors_dilemma.png', NULL, NULL, NULL, NULL, NULL, 0, NULL, 0, NULL, NULL, NULL, NULL, NULL, NULL, NULL, NULL, 1, 'warriors-dilemma', NULL),
(12, 'Everyday Comedy Gems', 'everyday_comedy_gems.png', 'YouTube', NULL, 'everyday_comedy_gems.png', 'paid', NULL, 2, NULL, NULL, '00:50', NULL, NULL, '2024-05-01', 0, 'Dive into hilariously mundane moments transformed into remarkable comedy in these short videos. 😂🎬', '\"Everyday Comedy Gems\" presents a collection of short videos that turn the most ordinary situations into extraordinary laughs. Watch as everyday mishaps, small surprises, and routine moments become the heart of whimsical comedy. From unremarkable beginnings to uproarious endings, each video captures the essence of finding humor in the mundane. Enjoy a fresh take on life\'s little quirks and laugh along with characters who prove that comedy can be found in the most unexpected places. Get ready for a series of delightful, laugh-out-loud moments that bring a touch of magic to the ordinary. 🌟🤣🎉', 0, 'YouTube', 'https://youtu.be/sxCWB47ZCLQ?si=jCVwFRmmQ2lLyc1_', 0, NULL, NULL, 0, 1, NULL, NULL, NULL, '2026-02-25 03:28:51', '2026-02-25 03:28:51', NULL, 'everyday_comedy_gems.png', NULL, NULL, NULL, NULL, NULL, 0, NULL, 0, NULL, NULL, NULL, NULL, NULL, NULL, NULL, NULL, 0, 'everyday-comedy-gems', NULL),
(13, 'Exorcism Trials', 'exorcism_trials.png', 'YouTube', NULL, 'exorcism_trials.png', 'paid', NULL, 2, NULL, NULL, '00:45', NULL, NULL, '2024-05-14', 0, 'Follow Sister Ann\'s journey as she battles demonic forces and uncovers dark secrets in these chilling short videos. 😈📽️', '\"Exorcism Trials\" delves into the spine-tingling world of spiritual warfare with a series of gripping short videos. Watch as Sister Ann, a pioneering female exorcist, faces the ultimate test of faith and courage. Trained in a newly reopened exorcism school, Ann confronts her own past demons and engages in intense battles with malevolent forces. Each video intensifies the suspense as she confronts the sinister entity tormenting a young girl and discovers a deeper, more personal connection to the evil she faces. Experience the tension, fear, and spiritual struggle in these hauntingly immersive clips. 🌌😱🕯️', 0, 'YouTube', 'https://youtu.be/zlpfcKffgDA?si=hABQwDuaOho53ayQ', 0, NULL, NULL, 0, 1, NULL, NULL, NULL, '2026-02-25 03:28:51', '2026-02-25 03:28:51', NULL, 'exorcism_trials.png', NULL, NULL, NULL, NULL, NULL, 0, NULL, 0, NULL, NULL, NULL, NULL, NULL, NULL, NULL, NULL, 0, 'exorcism-trials', NULL),
(14, 'Deep Sleep Music for Dogs', 'deep_sleep_music_for_dogs.png', 'YouTube', NULL, 'deep_sleep_music_for_dogs.png', 'paid', NULL, 2, NULL, NULL, '01:20', NULL, NULL, '2024-05-25', 1, 'Relax your furry friend with calming music that helps them drift into deep sleep within minutes. 🐕💤', '\"Deep Sleep Music for Dogs\" is the ultimate sound therapy for your pets, designed to help them fall asleep in just 5 minutes! Whether it\'s a playful puppy who needs extra rest or an adult dog who enjoys a quiet nap, this soothing music will relax them instantly. Dogs naturally need plenty of sleep, with adult dogs sleeping 12–14 hours per day and puppies up to 18 hours or more. Turn on this calming track, watch how they respond, and ensure they get the peaceful rest they deserve. 🐶🎵💤', 0, 'YouTube', 'https://www.youtube.com/live/hD6DzC585bw?si=7XpEHjOV2fFNYFoX', 0, NULL, NULL, 0, 1, NULL, NULL, NULL, '2026-02-25 03:28:51', '2026-02-25 03:28:51', NULL, 'deep_sleep_music_for_dogs.png', NULL, NULL, NULL, NULL, NULL, 0, NULL, 0, NULL, NULL, NULL, NULL, NULL, NULL, NULL, NULL, 0, 'deep-sleep-music-for-dogs', NULL),
(15, 'School Hacks & Fun DIY Crafts', 'school_hacks_fun_diy_crafts.png', 'YouTube', NULL, 'school_hacks_fun_diy_crafts.png', 'paid', NULL, 2, NULL, NULL, '00:50', NULL, NULL, '2024-06-08', 1, 'Discover amazing school hacks and easy DIY crafts that will make your school life easier and more fun! ✂️📚', '\"School Hacks & Fun DIY Crafts\" is the ultimate guide to transforming your school experience with creative tips and projects. Whether you need to stay organized, personalize your supplies, or just have fun with unique crafts, this video covers it all. From clever study tips to imaginative DIY projects, it’s designed to make your school days more enjoyable and efficient. Grab your supplies and get ready to craft your way to a better school experience! 🎒✏️📐', 0, 'YouTube', 'https://youtu.be/yG0W82PGAcQ?si=a2PSqhYHCP5ooUdI', 0, NULL, NULL, 0, 1, NULL, NULL, NULL, '2026-02-25 03:28:51', '2026-02-25 03:28:51', NULL, 'school_hacks_fun_diy_crafts.png', NULL, NULL, NULL, NULL, NULL, 0, NULL, 0, NULL, NULL, NULL, NULL, NULL, NULL, NULL, NULL, 0, 'school-hacks-fun-diy-crafts', NULL),
(16, 'Your Morning Shapes Your Destiny', 'app-videos-destiny.jpg', 'YouTube', NULL, 'web-videos-destiny.jpg', 'paid', NULL, 3, NULL, NULL, '00:40', NULL, NULL, '2024-06-17', 0, 'Join this 30-minute beginner yoga session to improve flexibility, build strength, and calm your mind. Perfect for those new to yoga or wanting a mindful pace! 🧘‍♂️✨', '\"Your Morning Shapes Your Destiny\" is the perfect introduction to a sustainable and enjoyable yoga practice. In this 30-minute session, we\'ll focus on breath control, foundational poses, and proper form to boost flexibility, build strength, and regulate your nervous system. Designed for beginners or those seeking a slower, mindful approach, this class helps you connect with your breath and body. Yoga is for everyone, and the hardest part is just showing up—repeat this session regularly and watch your body transform! 🌱🧘‍♂️💪', 0, 'YouTube', 'https://youtu.be/AB3Y-4a3ZrU?si=ATa2_GU_Xgesw50D', 0, NULL, NULL, 0, 1, NULL, NULL, NULL, '2026-02-25 03:28:51', '2026-02-25 03:28:51', NULL, 'tv-videos-destiny.jpg', NULL, NULL, NULL, NULL, NULL, 0, NULL, 0, NULL, NULL, NULL, NULL, NULL, NULL, NULL, NULL, 0, 'your-morning-shapes-your-destiny', NULL),
(17, 'The Madness Within', 'the_madness_within.png', 'YouTube', NULL, 'the_madness_within.png', 'paid', NULL, 3, NULL, NULL, '00:30', NULL, NULL, '2024-06-23', 0, 'Arthur Fleck, institutionalized at Arkham, faces inner turmoil while discovering love and music. 🎭🖤', '\"Joker: The Madness Within\" finds Arthur Fleck trapped in Arkham Asylum, struggling to reconcile his identity as Joker. Awaiting trial, Arthur’s mental chaos intertwines with moments of unexpected beauty—true love and music that awakens something deep inside him. This short film delves into the complexity of madness, love, and creativity within Gotham\'s most infamous villain. A haunting blend of emotion and turmoil awaits. 🎵🃏🎶', 0, 'YouTube', 'https://youtu.be/_OKAwz2MsJs?si=3MJoVxwaxLSLvBXT', 0, NULL, NULL, 0, 1, NULL, NULL, NULL, '2026-02-25 03:28:51', '2026-02-25 03:28:51', NULL, 'the_madness_within.png', NULL, NULL, NULL, NULL, NULL, 0, NULL, 0, NULL, NULL, NULL, NULL, NULL, NULL, NULL, NULL, 0, 'the-madness-within', NULL),
(18, 'Big Style on a Small Budget', 'big_style_on_a_small_budget.png', 'YouTube', NULL, 'big_style_on_a_small_budget.png', 'paid', NULL, 3, NULL, NULL, '00:20', NULL, NULL, '2024-06-25', 0, 'Transform your space with easy, affordable home makeover ideas that add character and style—perfect for renters! 🏡✨', 'Discover thoughtful and affordable room makeover tips that can completely transform your home, whether you\'re a renter or a homeowner. From small weekend projects to clever design ideas, these simple upgrades will make a big impact on the character and style of your living space. If you\'re feeling stuck, financially strained, or short on time for big DIY projects, this video offers creative solutions to elevate your home without breaking the bank. Get ready to be inspired and make your home feel thoughtfully designed! 🛋️🖼️💡', 0, 'YouTube', 'https://youtu.be/xOiXbP5QIrM?si=5re4hT1YH8n2fPv6', 0, NULL, NULL, 0, 1, NULL, NULL, NULL, '2026-02-25 03:28:51', '2026-02-25 03:28:51', NULL, 'big_style_on_a_small_budget.png', NULL, NULL, NULL, NULL, NULL, 0, NULL, 0, NULL, NULL, NULL, NULL, NULL, NULL, NULL, NULL, 0, 'big-style-on-a-small-budget', NULL),
(19, 'Ultimate Kitchen Organization', 'ultimate_kitchen_organization.png', 'YouTube', NULL, 'ultimate_kitchen_organization.png', 'paid', NULL, 4, NULL, NULL, '01:20', NULL, NULL, '2024-06-30', 0, 'Discover budget-friendly kitchen organization tips that will transform your space! Clean, restock, and organize for a more efficient and satisfying kitchen experience. 🧼🍲🛒', '\"Ultimate Kitchen Organization\" is your go-to guide for transforming your kitchen into a clean and efficient space on a budget. This video is packed with satisfying cleaning routines, restocking ideas, and clever organizing hacks that will help you declutter and streamline your kitchen. From pantry organization to refrigerator restocking, you\'ll learn practical tips that make your kitchen more functional without breaking the bank. Watch how these simple yet effective ideas can elevate your kitchen and make cooking an enjoyable, stress-free experience! 🍳🧺🌿', 0, 'YouTube', 'https://youtu.be/ZYmV65FYmYY?si=4-eWG9WbXQBmOhDk', 0, NULL, NULL, 0, 1, NULL, NULL, NULL, '2026-02-25 03:28:51', '2026-02-25 03:28:51', NULL, 'ultimate_kitchen_organization.png', NULL, NULL, NULL, NULL, NULL, 0, NULL, 0, NULL, NULL, NULL, NULL, NULL, NULL, NULL, NULL, 0, 'ultimate-kitchen-organization', NULL),
(20, 'Life Changing Fitness Habits - Daily Healthy Tips', 'life_changing_fitness_habits_daily_healthy_tips.png', 'YouTube', NULL, 'life_changing_fitness_habits_daily_healthy_tips.png', 'paid', NULL, 4, NULL, NULL, '00:45', NULL, NULL, '2024-07-03', 0, 'Discover practical and achievable fitness tips to enhance your daily health routine! Start making well-being a priority and share these life-changing habits with friends! 🌿💪', '\"Life-Changing Fitness Habits\" is here to help you become the best version of yourself with simple, scientifically-backed tips that are easy to follow. Our goal is to promote good health and well-being, making the world a healthier place one habit at a time! From fitness hacks to daily healthy tips, these five powerful habits will revolutionize your approach to fitness and wellness. Whether you’ve heard them before or they surprise you, implementing these tips will help you live a balanced and healthier life. 🌟🏋️‍♀️🌿 Get ready to transform your routine and inspire those around you!', 0, 'YouTube', 'https://youtu.be/YNsuneGBsMY?si=AARfxbPatjTITtba', 0, NULL, NULL, 0, 1, NULL, NULL, NULL, '2026-02-25 03:28:51', '2026-02-25 03:28:51', NULL, 'life_changing_fitness_habits_daily_healthy_tips.png', NULL, NULL, NULL, NULL, NULL, 0, NULL, 0, NULL, NULL, NULL, NULL, NULL, NULL, NULL, NULL, 0, 'life-changing-fitness-habits-daily-healthy-tips', NULL),
(21, 'Motel of Nightmares', 'motel_of_nightmares.png', 'YouTube', NULL, 'motel_of_nightmares.png', 'paid', NULL, 4, NULL, NULL, '01:20', NULL, NULL, '2024-07-06', 0, 'Dive into a series of chilling short videos where a woman fights to escape a hellish motel haunted by a relentless monster. 🏚️😨', '\"Motel of Nightmares\" unfolds a terrifying tale through a collection of gripping short videos. Watch as an exhausted woman, trapped in a decrepit motel, battles her worst fears. Each video delves deeper into her nightmarish reality, where every creak and shadow hints at the monstrous terror stalking her. From eerie encounters and broken glass to a fateful confrontation in her car, these videos capture the essence of a horror that blurs the line between nightmare and reality. Experience the tension and dread as the woman faces a relentless, hellish monster in a race for survival. 🌌👻🔪', 0, 'YouTube', 'https://youtu.be/x2c39v5NMj4?si=B-j6ex_SNm3Y03g1', 0, NULL, NULL, 0, 1, NULL, NULL, NULL, '2026-02-25 03:28:51', '2026-02-25 03:28:51', NULL, 'motel_of_nightmares.png', NULL, NULL, NULL, NULL, NULL, 0, NULL, 0, NULL, NULL, NULL, NULL, NULL, NULL, NULL, NULL, 0, 'motel-of-nightmares', NULL),
(22, 'Flapping Origami Bat Fun', 'flapping_origami_bat_fun.png', 'YouTube', NULL, 'flapping_origami_bat_fun.png', 'paid', NULL, 4, NULL, NULL, '00:50', NULL, NULL, '2024-07-10', 1, 'Create an origami bat that flaps its wings! Perfect for Halloween décor or playful scares. 🦇🎃', '\"Flapping Origami Bat Fun\" is your guide to making a spooky, flapping origami bat that’s easy to craft and perfect for Halloween. Learn how to create this fun paper toy that flaps its wings with a simple click. Ideal for Halloween decorations or playful pranks, these bats can also be used to make garlands or window dressings. Get crafty and add a touch of spooky fun to your home! 🦇🖤✂️', 0, 'YouTube', 'https://youtu.be/kBJGchWe6uU?si=TA0UtKGFhSqWY8lj', 0, NULL, NULL, 0, 1, NULL, NULL, NULL, '2026-02-25 03:28:51', '2026-02-25 03:28:51', NULL, 'flapping_origami_bat_fun.png', NULL, NULL, NULL, NULL, NULL, 0, NULL, 0, NULL, NULL, NULL, NULL, NULL, NULL, NULL, NULL, 0, 'flapping-origami-bat-fun', NULL),
(23, 'Nordic Forest Calm: Music for Relaxation', 'nordic_forest_calm_music_for_relaxation.png', 'YouTube', NULL, 'nordic_forest_calm_music_for_relaxation.png', 'paid', NULL, 4, NULL, NULL, '01:20', NULL, NULL, '2024-07-16', 1, 'Unwind with soothing Nordic forest ambience and relaxing music for stress relief, calm, and focus. 🌲🎶', '\"Nordic Forest Calm: Music for Relaxation\" combines calming nature sounds of rustling leaves and distant bird songs with tranquil music to help you relax, focus, and relieve stress. Perfect for studying, meditating, or unwinding after a long day, this video creates a peaceful ambience that transports you to a serene Nordic forest. Let the soothing sounds guide you to a state of calm and relaxation. 🌿🎧🍃', 0, 'YouTube', 'https://youtu.be/3eP0s8sg1n8?si=PuIU-x43XiR7XyzQ', 0, NULL, NULL, 0, 1, NULL, NULL, NULL, '2026-02-25 03:28:51', '2026-02-25 03:28:51', NULL, 'nordic_forest_calm_music_for_relaxation.png', NULL, NULL, NULL, NULL, NULL, 0, NULL, 0, NULL, NULL, NULL, NULL, NULL, NULL, NULL, NULL, 0, 'nordic-forest-calm-music-for-relaxation', NULL),
(24, 'Mango Mousse Delight', 'mango_mousse_delight.png', 'YouTube', NULL, 'mango_mousse_delight.png', 'pay-per-view', NULL, NULL, NULL, NULL, '00:50', NULL, NULL, '2024-07-27', 0, 'Indulge in the deliciousness of this 3-layer Mango Mousse Cake! Learn how to make this refreshing dessert and impress your taste buds. 😋🍰🥭', '\"Mango Mousse Delight\" is a step-by-step guide to making a scrumptious 3-layer Mango Mousse Cake. Learn how to prepare a soft sponge base, layer rich and creamy mousse, and create a dessert that’s as delightful as it is refreshing. This easy-to-follow recipe is perfect for bakers of all levels and is sure to impress your guests. Make your next occasion extra special with this delightful mango mousse cake! 🍰🥭✨😋', 0, 'YouTube', 'https://youtu.be/4TUgTat4lg8?si=fC1r5EVueVXYV9uq', 0, NULL, NULL, 0, 1, NULL, NULL, NULL, '2026-02-25 03:28:51', '2026-02-25 03:28:51', NULL, 'mango_mousse_delight.png', 10.00, 'rental', 5, '10', 20, 0, NULL, 0, NULL, NULL, NULL, NULL, NULL, NULL, NULL, NULL, 0, 'mango-mousse-delight', NULL),
(25, 'The Power of Words | This Story Will Change Your Life', 'the_power_of_words_this_story_will_change_your_life.png', 'YouTube', NULL, 'the_power_of_words_this_story_will_change_your_life.png', 'pay-per-view', NULL, NULL, NULL, NULL, '00:20', NULL, NULL, '2024-08-01', 0, 'Discover the profound impact of words! This life-changing story will teach you how to use your words wisely and inspire positive change in yourself and others. 💬🌟', '\"The Power of Words\" is a transformative story that will open your eyes to the incredible influence words hold. 📖✨ Learn how to use your words wisely to inspire, uplift, and make a lasting difference in your life and the lives of those around you. Whether you\'re communicating with loved ones or strangers, this story reveals the importance of choosing your words carefully and positively. 💬🌟 Tune in, reflect, and embrace the change that wise communication can bring!', 0, 'YouTube', 'https://youtu.be/Sp503K6iPCg?si=VKSZrB7Bfam2fWeV', 0, NULL, NULL, 0, 1, NULL, NULL, NULL, '2026-02-25 03:28:51', '2026-02-25 03:28:51', NULL, 'the_power_of_words_this_story_will_change_your_life.png', 40.00, 'onetime', NULL, '10', 20, 0, NULL, 0, NULL, NULL, NULL, NULL, NULL, NULL, NULL, NULL, 0, 'the-power-of-words-this-story-will-change-your-life', NULL),
(26, 'Healthy Homemade Diet Plan | Effective Weight Loss at Home', 'healthy_homemade_diet_plan_effective_weight_loss_at_home.png', 'YouTube', NULL, 'healthy_homemade_diet_plan_effective_weight_loss_at_home.png', 'pay-per-view', NULL, NULL, NULL, NULL, '01:20', NULL, NULL, '2024-08-06', 0, 'Discover a healthy and effective diet plan with homemade foods! 🥗🍽️ Perfect for weight loss and maintaining wellness from the comfort of your home. 🏠💪', '\"Diet Plan with Homemade Foods\" offers a comprehensive guide to a nutritious and effective weight loss meal plan using ingredients you have at home. 🍎🥑 From breakfast ideas to dinner recipes, learn how to prepare balanced meals that support your weight loss goals while keeping your taste buds satisfied. 🌟💪 This video will provide you with practical tips, delicious recipes, and meal prep strategies to help you stay on track and achieve your health objectives. Cook up a healthier you with these easy and effective homemade food options!', 0, 'YouTube', 'https://youtu.be/_2tgrajiXG0?si=7XxWoBwTsBunnNx2', 0, NULL, NULL, 0, 1, NULL, NULL, NULL, '2026-02-25 03:28:51', '2026-02-25 03:28:51', NULL, 'healthy_homemade_diet_plan_effective_weight_loss_at_home.png', 40.00, 'onetime', NULL, '10', 20, 0, NULL, 0, NULL, NULL, NULL, NULL, NULL, NULL, NULL, NULL, 0, 'healthy-homemade-diet-plan-effective-weight-loss-at-home', NULL),
(27, 'Beautiful Rangoli Designs', 'beautiful_rangoli_designs.png', 'YouTube', NULL, 'beautiful_rangoli_designs.png', 'pay-per-view', NULL, NULL, NULL, NULL, '00:45', NULL, NULL, '2024-08-09', 0, 'Immerse yourself in the art of Rangoli with this satisfying video showcasing stunning designs! 🎨🌼 Perfect for inspiration and relaxation. 🌟', '\"Satisfying Rangoli Designs\" features a collection of beautiful and intricate Rangoli patterns that are both visually stunning and satisfying to watch. 🌸✨ Discover creative designs and traditional techniques as we guide you through the process of creating vibrant and elegant Rangoli art. Whether you\'re a seasoned artist or a beginner looking for inspiration, this video will provide you with a soothing and artistic experience. 🖼️💫 Perfect for enhancing your festive decor or simply enjoying the beauty of this traditional craft. Get ready to be inspired and amazed by the beauty of Rangoli!', 0, 'YouTube', 'https://youtu.be/rZeu5iz_N7k?si=_ePcaoBZqLCGhGmC', 0, NULL, NULL, 0, 1, NULL, NULL, NULL, '2026-02-25 03:28:51', '2026-02-25 03:28:51', NULL, 'beautiful_rangoli_designs.png', 10.00, 'rental', 5, '10', 20, 0, NULL, 0, NULL, NULL, NULL, NULL, NULL, NULL, NULL, NULL, 0, 'beautiful-rangoli-designs', NULL),
(28, 'Catcalls: The Haunting', 'catcalls_the_haunting.png', 'YouTube', NULL, NULL, 'pay-per-view', NULL, NULL, NULL, NULL, '00:50', NULL, NULL, '2024-08-13', 0, 'Experience chilling short videos where street harassment takes a horrifying twist as predators become the prey in a night of terror. 👻🔪', '\"Catcalls: The Haunting\" brings a disturbing twist to street harassment through a series of gripping short videos. Follow a man cruising late at night who encounters two seemingly innocent girls. However, his attempt to get a thrill by flashing them turns into a nightmare when he discovers they are on their own hunt. This series explores the unsettling themes of harassment and power dynamics, shifting the predator-prey relationship in a spine-chilling narrative. The videos showcase a fictional horror where the tables are turned, revealing the true horror of becoming the hunted. Dive into a world where safety is an illusion and danger lurks in every corner.', 0, 'YouTube', 'https://youtu.be/4jytFeNxsdo?si=euMe_ms5UtU42fRM', 0, NULL, NULL, 0, 1, NULL, NULL, NULL, '2026-02-25 03:28:51', '2026-02-25 03:28:51', NULL, 'catcalls_the_haunting.png', 10.00, 'rental', 5, '10', 20, 0, NULL, 0, NULL, NULL, NULL, NULL, NULL, NULL, NULL, NULL, 0, 'catcalls-the-haunting', NULL),
(29, 'Ultimate Kitchen Organization Hacks', 'ultimate_kitchen_organization_hacks.png', 'YouTube', NULL, 'ultimate_kitchen_organization_hacks.png', 'pay-per-view', NULL, NULL, NULL, NULL, '00:45', NULL, NULL, '2024-08-18', 0, 'Maximize your small kitchen space with these 10 smart organization hacks for a clutter-free and efficient cooking area. 🍽️✨', '\"Ultimate Kitchen Organization Hacks\" provides practical and space-saving solutions to optimize even the smallest kitchens. From clever storage ideas to easy DIY fixes, these tips will help you create a clutter-free, efficient kitchen where everything has its place. Whether you\'re dealing with tight cabinets or limited counter space, these hacks will make your cooking area more functional and stylish. Perfect for anyone looking to simplify and enhance their kitchen setup!', 0, 'YouTube', 'https://youtu.be/ZYmV65FYmYY?si=EOk5cwoafiTxn1qA', 0, NULL, NULL, 0, 1, NULL, NULL, NULL, '2026-02-25 03:28:51', '2026-02-25 03:28:51', NULL, 'ultimate_kitchen_organization_hacks.png', 40.00, 'onetime', NULL, '10', 20, 0, NULL, 0, NULL, NULL, NULL, NULL, NULL, NULL, NULL, NULL, 0, 'ultimate-kitchen-organization-hacks', NULL),
(30, 'Morning Bliss Routine', 'morning_bliss_routine.png', 'YouTube', NULL, 'morning_bliss_routine.png', 'free', NULL, NULL, NULL, NULL, '01:50', NULL, NULL, '2024-08-25', 0, 'A holiday morning routine designed to help you wake up early and start your day with positivity and calm. 🌅⛅️', '\"6 AM Morning Bliss Routine\" follows a former office worker in her 30s as she shares her peaceful and energizing holiday morning routine. This uplifting routine will inspire you to wake up early and create a pleasant start to your week. From gentle stretches to a refreshing breakfast, every step is designed to help you feel balanced, productive, and excited about your day. Perfect for anyone looking for an easy yet impactful morning routine!', 0, 'YouTube', 'https://youtu.be/otpa3LqonSs?si=DmohFhBQF8eClmdG', 0, NULL, NULL, 0, 1, NULL, NULL, NULL, '2026-02-25 03:28:51', '2026-02-25 03:28:51', NULL, 'morning_bliss_routine.png', NULL, NULL, NULL, NULL, NULL, 0, NULL, 0, NULL, NULL, NULL, NULL, NULL, NULL, NULL, NULL, 0, 'morning-bliss-routine', NULL),
(31, 'Genius Home Hacks for Effortless Living', 'genius_home_hacks_for_effortless_living.png', 'YouTube', NULL, 'genius_home_hacks_for_effortless_living.png', 'free', NULL, NULL, NULL, NULL, '01:20', NULL, NULL, '2024-09-04', 0, 'Transform your daily routine with these genius home hacks! From cleaning and organizing to cooking and DIY, life just got easier. 😎✨', '\"Genius Home Hacks for Effortless Living\" is your ultimate guide to making life easier at home! This video showcases a collection of mind-blowing tips and tricks that simplify everything from cleaning and organizing to cooking and DIY projects. Discover simple yet effective solutions that will save you time and energy, whether you’re tidying up your space or preparing a quick meal. Make everyday tasks a breeze with these creative hacks! Don’t forget to hit that like button, leave a comment with your favorite hack, and subscribe for more amazing content. 🎉🏡💡', 0, 'YouTube', 'https://youtu.be/Gfn_lik3eE8?si=k-2Cp3R_2dRxam95', 0, NULL, NULL, 0, 1, NULL, NULL, NULL, '2026-02-25 03:28:51', '2026-02-25 03:28:51', NULL, 'genius_home_hacks_for_effortless_living.png', NULL, NULL, NULL, NULL, NULL, 0, NULL, 0, NULL, NULL, NULL, NULL, NULL, NULL, NULL, NULL, 0, 'genius-home-hacks-for-effortless-living', NULL),
(32, 'Become Your Best Self', 'become_your_best_self.png', 'YouTube', NULL, 'become_your_best_self.png', 'free', NULL, NULL, NULL, NULL, '00:50', NULL, NULL, '2024-09-07', 0, 'Get inspired by powerful speeches! 🎯 Hear the words that will motivate you to focus on self-growth and becoming better than your previous self, not others. 💪✨', '\"Life-Changing Speeches You Need to Hear TODAY\" brings you the best motivational messages that will push you to strive for personal growth and self-improvement. 🌟 The goal is not to compete with others, but to surpass the person you were yesterday. 🌱 These speeches will ignite a spark in you to focus on inner strength, resilience, and the journey to becoming the best version of yourself. 🎤💪 Watch, reflect, and take the first step toward positive change today!', 0, 'YouTube', 'https://youtu.be/DfY7rRQXf3M?si=a3CDJaUDnfz1o1Rd', 0, NULL, NULL, 0, 1, NULL, NULL, NULL, '2026-02-25 03:28:51', '2026-02-25 03:28:51', NULL, 'become_your_best_self.png', NULL, NULL, NULL, NULL, NULL, 0, NULL, 0, NULL, NULL, NULL, NULL, NULL, NULL, NULL, NULL, 0, 'become-your-best-self', NULL),
(33, 'Potato Perfection', 'potato_perfection.png', 'YouTube', NULL, 'potato_perfection.png', 'free', NULL, NULL, NULL, NULL, '00:20', NULL, NULL, '2024-09-08', 0, 'Discover amazing potato recipes, from crispy French fries to savory potato sticks! Elevate your snack game with these easy and delicious ideas. 🍟🤩', '\"Potato Perfection\" is your ultimate guide to mastering all things potato! This video features a collection of mouth-watering recipes including French fries, crispy potato chips, and tasty potato sticks. Whether you’re craving a quick snack or looking to impress with creative cooking hacks, these potato dishes will surely satisfy. Learn step-by-step tips and tricks to make the perfect potato-based treats every time. Elevate your kitchen skills and enjoy the versatile world of potatoes! Don’t forget to like, share, and subscribe for more delicious recipes! 🥔🍴👩‍🍳', 0, 'YouTube', 'https://youtu.be/rbHIj9kMBYY?si=L1bbxumrVg1utbKF', 0, NULL, NULL, 0, 1, NULL, NULL, NULL, '2026-02-25 03:28:51', '2026-02-25 03:28:51', NULL, 'potato_perfection.png', NULL, NULL, NULL, NULL, NULL, 0, NULL, 0, NULL, NULL, NULL, NULL, NULL, NULL, NULL, NULL, 0, 'potato-perfection', NULL),
(34, 'Creative 3D Pen Crafts', 'creative_3d_pen_crafts.png', 'YouTube', NULL, 'creative_3d_pen_crafts.png', 'free', NULL, NULL, NULL, NULL, '00:45', NULL, NULL, '2024-09-10', 1, 'Discover cool DIY ideas, repair tips, and unique jewelry designs using a 3D pen! 🖊️✨', '\"Creative 3D Pen Crafts\" brings you innovative homemade ideas and practical repair tips using a 3D pen. From crafting intricate DIY jewelry to fixing everyday items, this video showcases versatile techniques and inspiring designs. Learn how to create stunning, personalized pieces and useful tools with just your 3D pen. Perfect for crafters of all skill levels, this guide offers step-by-step instructions and creative inspiration to take your 3D pen projects to the next level. Watch, learn, and get crafting with fun and functional 3D designs! 🖍️💡🎨', 0, 'YouTube', 'https://youtu.be/QVMOq6b7H6Y?si=tO3WX3zUIze96MTb', 0, NULL, NULL, 0, 1, NULL, NULL, NULL, '2026-02-25 03:28:51', '2026-02-25 03:28:51', NULL, 'creative_3d_pen_crafts.png', NULL, NULL, NULL, NULL, NULL, 0, NULL, 0, NULL, NULL, NULL, NULL, NULL, NULL, NULL, NULL, 0, 'creative-3d-pen-crafts', NULL),
(35, 'Apartment 75: The Midnight Visitor', 'apartment_75_the_midnight_visitor.png', 'YouTube', NULL, 'apartment_75_the_midnight_visitor.png', 'paid', NULL, 3, NULL, NULL, '01:10', NULL, NULL, '2024-09-17', 0, 'In Apartment 75, one night becomes a nightmare when an unwelcome guest arrives, turning calm into terror. 🏚️👻', '\"Apartment 75: The Midnight Visitor\" presents a series of eerie short videos that unravel a night of horror within the confines of a seemingly ordinary apartment. When an unexpected guest arrives, the tranquility of the night is shattered, leading to spine-chilling encounters and escalating terror. Experience the growing sense of dread as the apartment transforms into a haunted realm where every creak and shadow signals impending doom. This collection of videos delves into the fear of the unknown, showcasing how one uninvited visitor can turn a peaceful night into a nightmare. 🕯️🔍😱', 0, 'YouTube', 'https://youtu.be/km3XTmIDeUA?si=ak3GXgPP7NX5D0p1', 0, NULL, NULL, 0, 1, NULL, NULL, NULL, '2026-02-25 03:28:51', '2026-02-25 03:28:51', NULL, 'apartment_75_the_midnight_visitor.png', NULL, NULL, NULL, NULL, NULL, 0, NULL, 0, NULL, NULL, NULL, NULL, NULL, NULL, NULL, NULL, 0, 'apartment-75-the-midnight-visitor', NULL),
(36, 'Food Prep Mastery', 'food_prep_mastery.png', 'YouTube', NULL, 'food_prep_mastery.png', 'paid', NULL, 4, NULL, NULL, '00:45', NULL, NULL, '2024-09-22', 0, 'Master food preparation with smart tips on how to cut and store your ingredients like a pro! Maximize freshness and make meal prep a breeze. 🍎🍗🔪', '\"Food Prep Mastery\" is your ultimate guide to smart food preparation! Learn essential cutting techniques for fruits, vegetables, and meats, while discovering expert tips on how to store your ingredients to keep them fresh and flavorful for longer. Whether you\'re dicing onions, slicing meats, or storing leafy greens, this video will teach you how to streamline your meal prep and improve your kitchen skills. Perfect for both seasoned chefs and beginners, these tricks will help you take your culinary game to the next level. Don\'t miss out—watch, learn, and enjoy easier, fresher meals! 🥦🍅👨‍🍳', 0, 'YouTube', 'https://youtu.be/y1ZXkDDvhC4?si=MDRzE3VkpD9HJSKT', 0, NULL, NULL, 0, 1, NULL, NULL, NULL, '2026-02-25 03:28:51', '2026-02-25 03:28:51', NULL, 'food_prep_mastery.png', NULL, NULL, NULL, NULL, NULL, 0, NULL, 0, NULL, NULL, NULL, NULL, NULL, NULL, NULL, NULL, 0, 'food-prep-mastery', NULL);

-- --------------------------------------------------------

--
-- Table structure for table `video_download_mappings`
--

CREATE TABLE `video_download_mappings` (
  `id` bigint(20) UNSIGNED NOT NULL,
  `video_id` bigint(20) UNSIGNED NOT NULL,
  `type` varchar(191) DEFAULT NULL,
  `quality` varchar(191) DEFAULT NULL,
  `url` text DEFAULT NULL,
  `created_by` int(10) UNSIGNED DEFAULT NULL,
  `updated_by` int(10) UNSIGNED DEFAULT NULL,
  `deleted_by` int(10) UNSIGNED DEFAULT NULL,
  `created_at` timestamp NULL DEFAULT NULL,
  `updated_at` timestamp NULL DEFAULT NULL,
  `deleted_at` timestamp NULL DEFAULT NULL
) ENGINE=InnoDB DEFAULT CHARSET=utf8mb4 COLLATE=utf8mb4_unicode_ci;

-- --------------------------------------------------------

--
-- Table structure for table `video_stream_content_mapping`
--

CREATE TABLE `video_stream_content_mapping` (
  `id` bigint(20) UNSIGNED NOT NULL,
  `video_id` bigint(20) UNSIGNED NOT NULL,
  `type` varchar(191) DEFAULT NULL,
  `quality` varchar(191) DEFAULT NULL,
  `url` text DEFAULT NULL,
  `created_by` int(10) UNSIGNED DEFAULT NULL,
  `updated_by` int(10) UNSIGNED DEFAULT NULL,
  `deleted_by` int(10) UNSIGNED DEFAULT NULL,
  `created_at` timestamp NULL DEFAULT NULL,
  `updated_at` timestamp NULL DEFAULT NULL,
  `deleted_at` timestamp NULL DEFAULT NULL
) ENGINE=InnoDB DEFAULT CHARSET=utf8mb4 COLLATE=utf8mb4_unicode_ci;

-- --------------------------------------------------------

--
-- Table structure for table `watchlists`
--

CREATE TABLE `watchlists` (
  `id` bigint(20) UNSIGNED NOT NULL,
  `entertainment_id` int(11) DEFAULT NULL,
  `user_id` int(11) DEFAULT NULL,
  `profile_id` int(11) DEFAULT NULL,
  `type` varchar(191) DEFAULT NULL,
  `created_by` int(10) UNSIGNED DEFAULT NULL,
  `updated_by` int(10) UNSIGNED DEFAULT NULL,
  `deleted_by` int(10) UNSIGNED DEFAULT NULL,
  `created_at` timestamp NULL DEFAULT NULL,
  `updated_at` timestamp NULL DEFAULT NULL,
  `deleted_at` timestamp NULL DEFAULT NULL
) ENGINE=InnoDB DEFAULT CHARSET=utf8mb4 COLLATE=utf8mb4_unicode_ci;

--
-- Dumping data for table `watchlists`
--

INSERT INTO `watchlists` (`id`, `entertainment_id`, `user_id`, `profile_id`, `type`, `created_by`, `updated_by`, `deleted_by`, `created_at`, `updated_at`, `deleted_at`) VALUES
(1, 1, 3, 3, 'tvshow', NULL, NULL, NULL, '2024-03-12 01:25:53', '2024-03-12 01:25:53', NULL),
(2, 2, 3, 3, 'tvshow', NULL, NULL, NULL, '2024-04-12 01:26:39', '2024-04-12 01:26:39', NULL),
(3, 33, 14, 14, 'movie', NULL, NULL, NULL, '2024-05-12 01:26:46', '2024-05-12 01:26:46', NULL),
(4, 4, 3, 3, 'tvshow', NULL, NULL, NULL, '2024-07-12 01:27:19', '2024-07-12 01:27:19', NULL),
(5, 5, 3, 3, 'tvshow', NULL, NULL, NULL, '2024-06-12 01:27:44', '2024-06-12 01:27:44', NULL),
(6, 6, 3, 3, 'tvshow', NULL, NULL, NULL, '2024-04-12 01:27:44', '2024-04-12 01:27:44', NULL),
(7, 7, 3, 3, 'tvshow', NULL, NULL, NULL, '2024-07-12 01:27:44', '2024-07-12 01:27:44', NULL),
(8, 58, 3, 3, 'movie', NULL, NULL, NULL, '2024-05-12 01:27:44', '2024-05-12 01:27:44', NULL),
(9, 9, 3, 3, 'tvshow', NULL, NULL, NULL, '2024-06-12 01:27:44', '2024-06-12 01:27:44', NULL);

-- --------------------------------------------------------

--
-- Table structure for table `webhook_calls`
--

CREATE TABLE `webhook_calls` (
  `id` bigint(20) UNSIGNED NOT NULL,
  `name` varchar(191) NOT NULL,
  `url` varchar(191) NOT NULL,
  `headers` longtext CHARACTER SET utf8mb4 COLLATE utf8mb4_bin DEFAULT NULL CHECK (json_valid(`headers`)),
  `payload` longtext CHARACTER SET utf8mb4 COLLATE utf8mb4_bin DEFAULT NULL CHECK (json_valid(`payload`)),
  `exception` text DEFAULT NULL,
  `created_at` timestamp NULL DEFAULT NULL,
  `updated_at` timestamp NULL DEFAULT NULL
) ENGINE=InnoDB DEFAULT CHARSET=utf8mb4 COLLATE=utf8mb4_unicode_ci;

-- --------------------------------------------------------

--
-- Table structure for table `web_qr_sessions`
--

CREATE TABLE `web_qr_sessions` (
  `id` bigint(20) UNSIGNED NOT NULL,
  `session_id` char(36) NOT NULL,
  `user_id` bigint(20) UNSIGNED DEFAULT NULL,
  `status` enum('pending','authenticated','expired') NOT NULL DEFAULT 'pending',
  `confirmed_at` timestamp NULL DEFAULT NULL,
  `expires_at` timestamp NOT NULL DEFAULT '0000-00-00 00:00:00',
  `created_at` timestamp NULL DEFAULT NULL,
  `updated_at` timestamp NULL DEFAULT NULL
) ENGINE=InnoDB DEFAULT CHARSET=utf8mb4 COLLATE=utf8mb4_unicode_ci;

-- --------------------------------------------------------

--
-- Table structure for table `worlds`
--

CREATE TABLE `worlds` (
  `id` bigint(20) UNSIGNED NOT NULL,
  `name` varchar(255) DEFAULT NULL,
  `state_id` int(11) DEFAULT NULL,
  `status` tinyint(4) NOT NULL DEFAULT 1,
  `created_by` int(10) UNSIGNED DEFAULT NULL,
  `updated_by` int(10) UNSIGNED DEFAULT NULL,
  `deleted_by` int(10) UNSIGNED DEFAULT NULL,
  `created_at` timestamp NULL DEFAULT NULL,
  `updated_at` timestamp NULL DEFAULT NULL,
  `deleted_at` timestamp NULL DEFAULT NULL
) ENGINE=InnoDB DEFAULT CHARSET=utf8mb4 COLLATE=utf8mb4_unicode_ci;

--
-- Indexes for dumped tables
--

--
-- Indexes for table `activity_log`
--
ALTER TABLE `activity_log`
  ADD PRIMARY KEY (`id`),
  ADD KEY `subject` (`subject_type`,`subject_id`),
  ADD KEY `causer` (`causer_type`,`causer_id`),
  ADD KEY `activity_log_log_name_index` (`log_name`);

--
-- Indexes for table `addresses`
--
ALTER TABLE `addresses`
  ADD PRIMARY KEY (`id`),
  ADD KEY `addresses_addressable_type_addressable_id_index` (`addressable_type`,`addressable_id`);

--
-- Indexes for table `ads`
--
ALTER TABLE `ads`
  ADD PRIMARY KEY (`id`);

--
-- Indexes for table `banners`
--
ALTER TABLE `banners`
  ADD PRIMARY KEY (`id`),
  ADD KEY `banners_status_deleted_at_index` (`status`,`deleted_at`);

--
-- Indexes for table `cast_crew`
--
ALTER TABLE `cast_crew`
  ADD PRIMARY KEY (`id`),
  ADD KEY `cast_crew_deleted_at_index` (`deleted_at`);

--
-- Indexes for table `cities`
--
ALTER TABLE `cities`
  ADD PRIMARY KEY (`id`);

--
-- Indexes for table `clips`
--
ALTER TABLE `clips`
  ADD PRIMARY KEY (`id`);

--
-- Indexes for table `constants`
--
ALTER TABLE `constants`
  ADD PRIMARY KEY (`id`);

--
-- Indexes for table `continue_watch`
--
ALTER TABLE `continue_watch`
  ADD PRIMARY KEY (`id`),
  ADD KEY `continue_watch_user_id_profile_id_deleted_at_index` (`user_id`,`profile_id`,`deleted_at`);

--
-- Indexes for table `countries`
--
ALTER TABLE `countries`
  ADD PRIMARY KEY (`id`);

--
-- Indexes for table `coupons`
--
ALTER TABLE `coupons`
  ADD PRIMARY KEY (`id`),
  ADD UNIQUE KEY `coupons_code_unique` (`code`);

--
-- Indexes for table `coupon_subscription_plan`
--
ALTER TABLE `coupon_subscription_plan`
  ADD PRIMARY KEY (`id`),
  ADD KEY `coupon_subscription_plan_coupon_id_foreign` (`coupon_id`),
  ADD KEY `coupon_subscription_plan_subscription_plan_id_foreign` (`subscription_plan_id`);

--
-- Indexes for table `currencies`
--
ALTER TABLE `currencies`
  ADD PRIMARY KEY (`id`);

--
-- Indexes for table `custom_ads_setting`
--
ALTER TABLE `custom_ads_setting`
  ADD PRIMARY KEY (`id`);

--
-- Indexes for table `devices`
--
ALTER TABLE `devices`
  ADD PRIMARY KEY (`id`),
  ADD KEY `devices_session_id_index` (`session_id`);

--
-- Indexes for table `entertainments`
--
ALTER TABLE `entertainments`
  ADD PRIMARY KEY (`id`),
  ADD KEY `entertainments_id_deleted_at_index` (`id`,`deleted_at`),
  ADD KEY `entertainments_id_status_release_date_deleted_at_index` (`id`,`status`,`release_date`,`deleted_at`),
  ADD KEY `entertainments_id_status_release_date_index` (`id`,`status`,`release_date`),
  ADD KEY `entertainments_type_index` (`type`),
  ADD KEY `entertainments_release_date_index` (`release_date`),
  ADD KEY `entertainments_status_index` (`status`);

--
-- Indexes for table `entertainment_country_mapping`
--
ALTER TABLE `entertainment_country_mapping`
  ADD PRIMARY KEY (`id`);

--
-- Indexes for table `entertainment_downloads`
--
ALTER TABLE `entertainment_downloads`
  ADD PRIMARY KEY (`id`);

--
-- Indexes for table `entertainment_download_mapping`
--
ALTER TABLE `entertainment_download_mapping`
  ADD PRIMARY KEY (`id`);

--
-- Indexes for table `entertainment_gener_mapping`
--
ALTER TABLE `entertainment_gener_mapping`
  ADD PRIMARY KEY (`id`),
  ADD KEY `entertainment_gener_mapping_entertainment_id_deleted_at_index` (`entertainment_id`,`deleted_at`),
  ADD KEY `entertainment_gener_mapping_genre_id_index` (`genre_id`),
  ADD KEY `entertainment_gener_mapping_deleted_at_index` (`deleted_at`);

--
-- Indexes for table `entertainment_stream_content_mapping`
--
ALTER TABLE `entertainment_stream_content_mapping`
  ADD PRIMARY KEY (`id`);

--
-- Indexes for table `entertainment_talent_mapping`
--
ALTER TABLE `entertainment_talent_mapping`
  ADD PRIMARY KEY (`id`),
  ADD KEY `entertainment_talent_mapping_entertainment_id_index` (`entertainment_id`),
  ADD KEY `entertainment_talent_mapping_deleted_at_index` (`deleted_at`);

--
-- Indexes for table `entertainment_views`
--
ALTER TABLE `entertainment_views`
  ADD PRIMARY KEY (`id`);

--
-- Indexes for table `episodes`
--
ALTER TABLE `episodes`
  ADD PRIMARY KEY (`id`),
  ADD KEY `episodes_id_deleted_at_index` (`id`,`deleted_at`),
  ADD KEY `episodes_entertainment_id_index` (`entertainment_id`),
  ADD KEY `episodes_status_index` (`status`),
  ADD KEY `episodes_deleted_at_index` (`deleted_at`),
  ADD KEY `episodes_season_id_index` (`season_id`);

--
-- Indexes for table `episode_download_mapping`
--
ALTER TABLE `episode_download_mapping`
  ADD PRIMARY KEY (`id`);

--
-- Indexes for table `episode_stream_content_mapping`
--
ALTER TABLE `episode_stream_content_mapping`
  ADD PRIMARY KEY (`id`),
  ADD KEY `episode_stream_content_mapping_episode_id_index` (`episode_id`),
  ADD KEY `episode_stream_content_mapping_deleted_at_index` (`deleted_at`);

--
-- Indexes for table `failed_jobs`
--
ALTER TABLE `failed_jobs`
  ADD PRIMARY KEY (`id`),
  ADD UNIQUE KEY `failed_jobs_uuid_unique` (`uuid`);

--
-- Indexes for table `faqs`
--
ALTER TABLE `faqs`
  ADD PRIMARY KEY (`id`);

--
-- Indexes for table `filemanagers`
--
ALTER TABLE `filemanagers`
  ADD PRIMARY KEY (`id`);

--
-- Indexes for table `genres`
--
ALTER TABLE `genres`
  ADD PRIMARY KEY (`id`),
  ADD KEY `genres_id_deleted_at_index` (`id`,`deleted_at`);

--
-- Indexes for table `installers`
--
ALTER TABLE `installers`
  ADD PRIMARY KEY (`id`);

--
-- Indexes for table `jobs`
--
ALTER TABLE `jobs`
  ADD PRIMARY KEY (`id`),
  ADD KEY `jobs_queue_index` (`queue`);

--
-- Indexes for table `job_batches`
--
ALTER TABLE `job_batches`
  ADD PRIMARY KEY (`id`);

--
-- Indexes for table `languages`
--
ALTER TABLE `languages`
  ADD PRIMARY KEY (`id`);

--
-- Indexes for table `likes`
--
ALTER TABLE `likes`
  ADD PRIMARY KEY (`id`);

--
-- Indexes for table `livetvs`
--
ALTER TABLE `livetvs`
  ADD PRIMARY KEY (`id`);

--
-- Indexes for table `live_tv_category`
--
ALTER TABLE `live_tv_category`
  ADD PRIMARY KEY (`id`);

--
-- Indexes for table `live_tv_channel`
--
ALTER TABLE `live_tv_channel`
  ADD PRIMARY KEY (`id`);

--
-- Indexes for table `live_tv_stream_content_mapping`
--
ALTER TABLE `live_tv_stream_content_mapping`
  ADD PRIMARY KEY (`id`);

--
-- Indexes for table `media`
--
ALTER TABLE `media`
  ADD PRIMARY KEY (`id`),
  ADD UNIQUE KEY `media_uuid_unique` (`uuid`),
  ADD KEY `media_model_type_model_id_index` (`model_type`,`model_id`),
  ADD KEY `media_order_column_index` (`order_column`);

--
-- Indexes for table `migrations`
--
ALTER TABLE `migrations`
  ADD PRIMARY KEY (`id`);

--
-- Indexes for table `mobile_settings`
--
ALTER TABLE `mobile_settings`
  ADD PRIMARY KEY (`id`),
  ADD KEY `mobile_settings_slug_deleted_at_index` (`slug`,`deleted_at`);

--
-- Indexes for table `model_has_permissions`
--
ALTER TABLE `model_has_permissions`
  ADD PRIMARY KEY (`permission_id`,`model_id`,`model_type`),
  ADD KEY `model_has_permissions_model_id_model_type_index` (`model_id`,`model_type`);

--
-- Indexes for table `model_has_roles`
--
ALTER TABLE `model_has_roles`
  ADD PRIMARY KEY (`role_id`,`model_id`,`model_type`),
  ADD KEY `model_has_roles_model_id_model_type_index` (`model_id`,`model_type`);

--
-- Indexes for table `modules`
--
ALTER TABLE `modules`
  ADD PRIMARY KEY (`id`);

--
-- Indexes for table `notifications`
--
ALTER TABLE `notifications`
  ADD PRIMARY KEY (`id`),
  ADD KEY `notifications_notifiable_type_notifiable_id_index` (`notifiable_type`,`notifiable_id`);

--
-- Indexes for table `notification_templates`
--
ALTER TABLE `notification_templates`
  ADD PRIMARY KEY (`id`);

--
-- Indexes for table `notification_template_content_mapping`
--
ALTER TABLE `notification_template_content_mapping`
  ADD PRIMARY KEY (`id`);

--
-- Indexes for table `onboardings`
--
ALTER TABLE `onboardings`
  ADD PRIMARY KEY (`id`);

--
-- Indexes for table `pages`
--
ALTER TABLE `pages`
  ADD PRIMARY KEY (`id`),
  ADD UNIQUE KEY `pages_slug_unique` (`slug`);

--
-- Indexes for table `password_resets`
--
ALTER TABLE `password_resets`
  ADD KEY `password_resets_email_index` (`email`);

--
-- Indexes for table `payperviewstransactions`
--
ALTER TABLE `payperviewstransactions`
  ADD PRIMARY KEY (`id`),
  ADD KEY `payperviewstransactions_user_id_foreign` (`user_id`),
  ADD KEY `payperviewstransactions_pay_per_view_id_foreign` (`pay_per_view_id`);

--
-- Indexes for table `pay_per_views`
--
ALTER TABLE `pay_per_views`
  ADD PRIMARY KEY (`id`),
  ADD KEY `pay_per_views_user_id_foreign` (`user_id`),
  ADD KEY `pay_per_views_movie_id_foreign` (`movie_id`);

--
-- Indexes for table `permissions`
--
ALTER TABLE `permissions`
  ADD PRIMARY KEY (`id`),
  ADD UNIQUE KEY `permissions_name_guard_name_unique` (`name`,`guard_name`);

--
-- Indexes for table `personal_access_tokens`
--
ALTER TABLE `personal_access_tokens`
  ADD PRIMARY KEY (`id`),
  ADD UNIQUE KEY `personal_access_tokens_token_unique` (`token`),
  ADD KEY `personal_access_tokens_tokenable_type_tokenable_id_index` (`tokenable_type`,`tokenable_id`);

--
-- Indexes for table `plan`
--
ALTER TABLE `plan`
  ADD PRIMARY KEY (`id`),
  ADD KEY `plan_level_deleted_at_index` (`level`,`deleted_at`),
  ADD KEY `plan_id_deleted_at_index` (`id`,`deleted_at`);

--
-- Indexes for table `planlimitation`
--
ALTER TABLE `planlimitation`
  ADD PRIMARY KEY (`id`);

--
-- Indexes for table `planlimitation_mapping`
--
ALTER TABLE `planlimitation_mapping`
  ADD PRIMARY KEY (`id`),
  ADD KEY `planlimitation_mapping_plan_id_deleted_at_index` (`plan_id`,`deleted_at`);

--
-- Indexes for table `reviews`
--
ALTER TABLE `reviews`
  ADD PRIMARY KEY (`id`);

--
-- Indexes for table `roles`
--
ALTER TABLE `roles`
  ADD PRIMARY KEY (`id`),
  ADD UNIQUE KEY `roles_name_guard_name_unique` (`name`,`guard_name`);

--
-- Indexes for table `role_has_permissions`
--
ALTER TABLE `role_has_permissions`
  ADD PRIMARY KEY (`permission_id`,`role_id`),
  ADD KEY `role_has_permissions_role_id_foreign` (`role_id`);

--
-- Indexes for table `seasons`
--
ALTER TABLE `seasons`
  ADD PRIMARY KEY (`id`),
  ADD KEY `seasons_entertainment_id_index` (`entertainment_id`),
  ADD KEY `seasons_deleted_at_index` (`deleted_at`);

--
-- Indexes for table `seo`
--
ALTER TABLE `seo`
  ADD PRIMARY KEY (`id`);

--
-- Indexes for table `service_providers`
--
ALTER TABLE `service_providers`
  ADD PRIMARY KEY (`id`);

--
-- Indexes for table `sessions`
--
ALTER TABLE `sessions`
  ADD PRIMARY KEY (`id`),
  ADD KEY `sessions_user_id_index` (`user_id`),
  ADD KEY `sessions_last_activity_index` (`last_activity`);

--
-- Indexes for table `setting`
--
ALTER TABLE `setting`
  ADD PRIMARY KEY (`id`);

--
-- Indexes for table `settings`
--
ALTER TABLE `settings`
  ADD PRIMARY KEY (`id`);

--
-- Indexes for table `states`
--
ALTER TABLE `states`
  ADD PRIMARY KEY (`id`);

--
-- Indexes for table `subscriptions`
--
ALTER TABLE `subscriptions`
  ADD PRIMARY KEY (`id`);

--
-- Indexes for table `subscriptions_transactions`
--
ALTER TABLE `subscriptions_transactions`
  ADD PRIMARY KEY (`id`);

--
-- Indexes for table `subtitles`
--
ALTER TABLE `subtitles`
  ADD PRIMARY KEY (`id`),
  ADD KEY `subtitles_entertainment_id_foreign` (`entertainment_id`);

--
-- Indexes for table `taxes`
--
ALTER TABLE `taxes`
  ADD PRIMARY KEY (`id`);

--
-- Indexes for table `tv_login_sessions`
--
ALTER TABLE `tv_login_sessions`
  ADD PRIMARY KEY (`id`),
  ADD UNIQUE KEY `tv_login_sessions_session_id_unique` (`session_id`);

--
-- Indexes for table `user_coupon_redeem`
--
ALTER TABLE `user_coupon_redeem`
  ADD PRIMARY KEY (`id`);

--
-- Indexes for table `user_multi_profiles`
--
ALTER TABLE `user_multi_profiles`
  ADD PRIMARY KEY (`id`),
  ADD KEY `user_multi_profiles_user_id_foreign` (`user_id`);

--
-- Indexes for table `user_profiles`
--
ALTER TABLE `user_profiles`
  ADD PRIMARY KEY (`id`);

--
-- Indexes for table `user_providers`
--
ALTER TABLE `user_providers`
  ADD PRIMARY KEY (`id`);

--
-- Indexes for table `user_reminder`
--
ALTER TABLE `user_reminder`
  ADD PRIMARY KEY (`id`);

--
-- Indexes for table `user_search_histories`
--
ALTER TABLE `user_search_histories`
  ADD PRIMARY KEY (`id`);

--
-- Indexes for table `user_watch_histories`
--
ALTER TABLE `user_watch_histories`
  ADD PRIMARY KEY (`id`);

--
-- Indexes for table `vast_ads_setting`
--
ALTER TABLE `vast_ads_setting`
  ADD PRIMARY KEY (`id`),
  ADD KEY `vast_ads_setting_status_index` (`status`);

--
-- Indexes for table `videos`
--
ALTER TABLE `videos`
  ADD PRIMARY KEY (`id`);

--
-- Indexes for table `video_download_mappings`
--
ALTER TABLE `video_download_mappings`
  ADD PRIMARY KEY (`id`);

--
-- Indexes for table `video_stream_content_mapping`
--
ALTER TABLE `video_stream_content_mapping`
  ADD PRIMARY KEY (`id`);

--
-- Indexes for table `watchlists`
--
ALTER TABLE `watchlists`
  ADD PRIMARY KEY (`id`),
  ADD KEY `watchlists_id_deleted_at_index` (`id`,`deleted_at`);

--
-- Indexes for table `webhook_calls`
--
ALTER TABLE `webhook_calls`
  ADD PRIMARY KEY (`id`);

--
-- Indexes for table `web_qr_sessions`
--
ALTER TABLE `web_qr_sessions`
  ADD PRIMARY KEY (`id`),
  ADD UNIQUE KEY `web_qr_sessions_session_id_unique` (`session_id`);

--
-- Indexes for table `worlds`
--
ALTER TABLE `worlds`
  ADD PRIMARY KEY (`id`);

--
-- AUTO_INCREMENT for dumped tables
--

--
-- AUTO_INCREMENT for table `activity_log`
--
ALTER TABLE `activity_log`
  MODIFY `id` bigint(20) UNSIGNED NOT NULL AUTO_INCREMENT;

--
-- AUTO_INCREMENT for table `addresses`
--
ALTER TABLE `addresses`
  MODIFY `id` bigint(20) UNSIGNED NOT NULL AUTO_INCREMENT;

--
-- AUTO_INCREMENT for table `ads`
--
ALTER TABLE `ads`
  MODIFY `id` bigint(20) UNSIGNED NOT NULL AUTO_INCREMENT;

--
-- AUTO_INCREMENT for table `banners`
--
ALTER TABLE `banners`
  MODIFY `id` bigint(20) UNSIGNED NOT NULL AUTO_INCREMENT, AUTO_INCREMENT=18;

--
-- AUTO_INCREMENT for table `cast_crew`
--
ALTER TABLE `cast_crew`
  MODIFY `id` bigint(20) UNSIGNED NOT NULL AUTO_INCREMENT, AUTO_INCREMENT=41;

--
-- AUTO_INCREMENT for table `cities`
--
ALTER TABLE `cities`
  MODIFY `id` bigint(20) UNSIGNED NOT NULL AUTO_INCREMENT;

--
-- AUTO_INCREMENT for table `clips`
--
ALTER TABLE `clips`
  MODIFY `id` bigint(20) UNSIGNED NOT NULL AUTO_INCREMENT, AUTO_INCREMENT=26;

--
-- AUTO_INCREMENT for table `constants`
--
ALTER TABLE `constants`
  MODIFY `id` bigint(20) UNSIGNED NOT NULL AUTO_INCREMENT, AUTO_INCREMENT=87;

--
-- AUTO_INCREMENT for table `continue_watch`
--
ALTER TABLE `continue_watch`
  MODIFY `id` bigint(20) UNSIGNED NOT NULL AUTO_INCREMENT, AUTO_INCREMENT=17;

--
-- AUTO_INCREMENT for table `countries`
--
ALTER TABLE `countries`
  MODIFY `id` bigint(20) UNSIGNED NOT NULL AUTO_INCREMENT, AUTO_INCREMENT=247;

--
-- AUTO_INCREMENT for table `coupons`
--
ALTER TABLE `coupons`
  MODIFY `id` bigint(20) UNSIGNED NOT NULL AUTO_INCREMENT, AUTO_INCREMENT=6;

--
-- AUTO_INCREMENT for table `coupon_subscription_plan`
--
ALTER TABLE `coupon_subscription_plan`
  MODIFY `id` bigint(20) UNSIGNED NOT NULL AUTO_INCREMENT, AUTO_INCREMENT=21;

--
-- AUTO_INCREMENT for table `currencies`
--
ALTER TABLE `currencies`
  MODIFY `id` bigint(20) UNSIGNED NOT NULL AUTO_INCREMENT, AUTO_INCREMENT=4;

--
-- AUTO_INCREMENT for table `custom_ads_setting`
--
ALTER TABLE `custom_ads_setting`
  MODIFY `id` bigint(20) UNSIGNED NOT NULL AUTO_INCREMENT, AUTO_INCREMENT=10;

--
-- AUTO_INCREMENT for table `devices`
--
ALTER TABLE `devices`
  MODIFY `id` bigint(20) UNSIGNED NOT NULL AUTO_INCREMENT;

--
-- AUTO_INCREMENT for table `entertainments`
--
ALTER TABLE `entertainments`
  MODIFY `id` bigint(20) UNSIGNED NOT NULL AUTO_INCREMENT, AUTO_INCREMENT=104;

--
-- AUTO_INCREMENT for table `entertainment_country_mapping`
--
ALTER TABLE `entertainment_country_mapping`
  MODIFY `id` bigint(20) UNSIGNED NOT NULL AUTO_INCREMENT, AUTO_INCREMENT=227;

--
-- AUTO_INCREMENT for table `entertainment_downloads`
--
ALTER TABLE `entertainment_downloads`
  MODIFY `id` bigint(20) UNSIGNED NOT NULL AUTO_INCREMENT;

--
-- AUTO_INCREMENT for table `entertainment_download_mapping`
--
ALTER TABLE `entertainment_download_mapping`
  MODIFY `id` bigint(20) UNSIGNED NOT NULL AUTO_INCREMENT;

--
-- AUTO_INCREMENT for table `entertainment_gener_mapping`
--
ALTER TABLE `entertainment_gener_mapping`
  MODIFY `id` bigint(20) UNSIGNED NOT NULL AUTO_INCREMENT, AUTO_INCREMENT=300;

--
-- AUTO_INCREMENT for table `entertainment_stream_content_mapping`
--
ALTER TABLE `entertainment_stream_content_mapping`
  MODIFY `id` bigint(20) UNSIGNED NOT NULL AUTO_INCREMENT, AUTO_INCREMENT=26;

--
-- AUTO_INCREMENT for table `entertainment_talent_mapping`
--
ALTER TABLE `entertainment_talent_mapping`
  MODIFY `id` bigint(20) UNSIGNED NOT NULL AUTO_INCREMENT, AUTO_INCREMENT=2600;

--
-- AUTO_INCREMENT for table `entertainment_views`
--
ALTER TABLE `entertainment_views`
  MODIFY `id` bigint(20) UNSIGNED NOT NULL AUTO_INCREMENT, AUTO_INCREMENT=34;

--
-- AUTO_INCREMENT for table `episodes`
--
ALTER TABLE `episodes`
  MODIFY `id` bigint(20) UNSIGNED NOT NULL AUTO_INCREMENT, AUTO_INCREMENT=72;

--
-- AUTO_INCREMENT for table `episode_download_mapping`
--
ALTER TABLE `episode_download_mapping`
  MODIFY `id` bigint(20) UNSIGNED NOT NULL AUTO_INCREMENT;

--
-- AUTO_INCREMENT for table `episode_stream_content_mapping`
--
ALTER TABLE `episode_stream_content_mapping`
  MODIFY `id` bigint(20) UNSIGNED NOT NULL AUTO_INCREMENT;

--
-- AUTO_INCREMENT for table `failed_jobs`
--
ALTER TABLE `failed_jobs`
  MODIFY `id` bigint(20) UNSIGNED NOT NULL AUTO_INCREMENT;

--
-- AUTO_INCREMENT for table `faqs`
--
ALTER TABLE `faqs`
  MODIFY `id` bigint(20) UNSIGNED NOT NULL AUTO_INCREMENT, AUTO_INCREMENT=26;

--
-- AUTO_INCREMENT for table `filemanagers`
--
ALTER TABLE `filemanagers`
  MODIFY `id` bigint(20) UNSIGNED NOT NULL AUTO_INCREMENT;

--
-- AUTO_INCREMENT for table `genres`
--
ALTER TABLE `genres`
  MODIFY `id` bigint(20) UNSIGNED NOT NULL AUTO_INCREMENT, AUTO_INCREMENT=9;

--
-- AUTO_INCREMENT for table `installers`
--
ALTER TABLE `installers`
  MODIFY `id` bigint(20) UNSIGNED NOT NULL AUTO_INCREMENT;

--
-- AUTO_INCREMENT for table `jobs`
--
ALTER TABLE `jobs`
  MODIFY `id` bigint(20) UNSIGNED NOT NULL AUTO_INCREMENT;

--
-- AUTO_INCREMENT for table `languages`
--
ALTER TABLE `languages`
  MODIFY `id` bigint(20) UNSIGNED NOT NULL AUTO_INCREMENT;

--
-- AUTO_INCREMENT for table `likes`
--
ALTER TABLE `likes`
  MODIFY `id` bigint(20) UNSIGNED NOT NULL AUTO_INCREMENT, AUTO_INCREMENT=29;

--
-- AUTO_INCREMENT for table `livetvs`
--
ALTER TABLE `livetvs`
  MODIFY `id` bigint(20) UNSIGNED NOT NULL AUTO_INCREMENT;

--
-- AUTO_INCREMENT for table `live_tv_category`
--
ALTER TABLE `live_tv_category`
  MODIFY `id` bigint(20) UNSIGNED NOT NULL AUTO_INCREMENT, AUTO_INCREMENT=6;

--
-- AUTO_INCREMENT for table `live_tv_channel`
--
ALTER TABLE `live_tv_channel`
  MODIFY `id` bigint(20) UNSIGNED NOT NULL AUTO_INCREMENT, AUTO_INCREMENT=36;

--
-- AUTO_INCREMENT for table `live_tv_stream_content_mapping`
--
ALTER TABLE `live_tv_stream_content_mapping`
  MODIFY `id` bigint(20) UNSIGNED NOT NULL AUTO_INCREMENT, AUTO_INCREMENT=36;

--
-- AUTO_INCREMENT for table `media`
--
ALTER TABLE `media`
  MODIFY `id` bigint(20) UNSIGNED NOT NULL AUTO_INCREMENT;

--
-- AUTO_INCREMENT for table `migrations`
--
ALTER TABLE `migrations`
  MODIFY `id` int(10) UNSIGNED NOT NULL AUTO_INCREMENT, AUTO_INCREMENT=132;

--
-- AUTO_INCREMENT for table `mobile_settings`
--
ALTER TABLE `mobile_settings`
  MODIFY `id` bigint(20) UNSIGNED NOT NULL AUTO_INCREMENT, AUTO_INCREMENT=15;

--
-- AUTO_INCREMENT for table `modules`
--
ALTER TABLE `modules`
  MODIFY `id` bigint(20) UNSIGNED NOT NULL AUTO_INCREMENT;

--
-- AUTO_INCREMENT for table `notification_templates`
--
ALTER TABLE `notification_templates`
  MODIFY `id` bigint(20) UNSIGNED NOT NULL AUTO_INCREMENT, AUTO_INCREMENT=37;

--
-- AUTO_INCREMENT for table `notification_template_content_mapping`
--
ALTER TABLE `notification_template_content_mapping`
  MODIFY `id` int(10) UNSIGNED NOT NULL AUTO_INCREMENT, AUTO_INCREMENT=97;

--
-- AUTO_INCREMENT for table `onboardings`
--
ALTER TABLE `onboardings`
  MODIFY `id` bigint(20) UNSIGNED NOT NULL AUTO_INCREMENT, AUTO_INCREMENT=4;

--
-- AUTO_INCREMENT for table `pages`
--
ALTER TABLE `pages`
  MODIFY `id` bigint(20) UNSIGNED NOT NULL AUTO_INCREMENT, AUTO_INCREMENT=7;

--
-- AUTO_INCREMENT for table `payperviewstransactions`
--
ALTER TABLE `payperviewstransactions`
  MODIFY `id` bigint(20) UNSIGNED NOT NULL AUTO_INCREMENT, AUTO_INCREMENT=6;

--
-- AUTO_INCREMENT for table `pay_per_views`
--
ALTER TABLE `pay_per_views`
  MODIFY `id` bigint(20) UNSIGNED NOT NULL AUTO_INCREMENT, AUTO_INCREMENT=6;

--
-- AUTO_INCREMENT for table `permissions`
--
ALTER TABLE `permissions`
  MODIFY `id` bigint(20) UNSIGNED NOT NULL AUTO_INCREMENT, AUTO_INCREMENT=224;

--
-- AUTO_INCREMENT for table `personal_access_tokens`
--
ALTER TABLE `personal_access_tokens`
  MODIFY `id` bigint(20) UNSIGNED NOT NULL AUTO_INCREMENT;

--
-- AUTO_INCREMENT for table `plan`
--
ALTER TABLE `plan`
  MODIFY `id` bigint(20) UNSIGNED NOT NULL AUTO_INCREMENT, AUTO_INCREMENT=7;

--
-- AUTO_INCREMENT for table `planlimitation`
--
ALTER TABLE `planlimitation`
  MODIFY `id` bigint(20) UNSIGNED NOT NULL AUTO_INCREMENT, AUTO_INCREMENT=7;

--
-- AUTO_INCREMENT for table `planlimitation_mapping`
--
ALTER TABLE `planlimitation_mapping`
  MODIFY `id` bigint(20) UNSIGNED NOT NULL AUTO_INCREMENT, AUTO_INCREMENT=37;

--
-- AUTO_INCREMENT for table `reviews`
--
ALTER TABLE `reviews`
  MODIFY `id` bigint(20) UNSIGNED NOT NULL AUTO_INCREMENT, AUTO_INCREMENT=170;

--
-- AUTO_INCREMENT for table `roles`
--
ALTER TABLE `roles`
  MODIFY `id` bigint(20) UNSIGNED NOT NULL AUTO_INCREMENT, AUTO_INCREMENT=4;

--
-- AUTO_INCREMENT for table `seasons`
--
ALTER TABLE `seasons`
  MODIFY `id` bigint(20) UNSIGNED NOT NULL AUTO_INCREMENT, AUTO_INCREMENT=27;

--
-- AUTO_INCREMENT for table `seo`
--
ALTER TABLE `seo`
  MODIFY `id` bigint(20) UNSIGNED NOT NULL AUTO_INCREMENT;

--
-- AUTO_INCREMENT for table `service_providers`
--
ALTER TABLE `service_providers`
  MODIFY `id` bigint(20) UNSIGNED NOT NULL AUTO_INCREMENT;

--
-- AUTO_INCREMENT for table `setting`
--
ALTER TABLE `setting`
  MODIFY `id` bigint(20) UNSIGNED NOT NULL AUTO_INCREMENT;

--
-- AUTO_INCREMENT for table `settings`
--
ALTER TABLE `settings`
  MODIFY `id` bigint(20) UNSIGNED NOT NULL AUTO_INCREMENT, AUTO_INCREMENT=79;

--
-- AUTO_INCREMENT for table `states`
--
ALTER TABLE `states`
  MODIFY `id` bigint(20) UNSIGNED NOT NULL AUTO_INCREMENT;

--
-- AUTO_INCREMENT for table `subscriptions`
--
ALTER TABLE `subscriptions`
  MODIFY `id` bigint(20) UNSIGNED NOT NULL AUTO_INCREMENT, AUTO_INCREMENT=12;

--
-- AUTO_INCREMENT for table `subscriptions_transactions`
--
ALTER TABLE `subscriptions_transactions`
  MODIFY `id` bigint(20) UNSIGNED NOT NULL AUTO_INCREMENT, AUTO_INCREMENT=9;

--
-- AUTO_INCREMENT for table `subtitles`
--
ALTER TABLE `subtitles`
  MODIFY `id` bigint(20) UNSIGNED NOT NULL AUTO_INCREMENT;

--
-- AUTO_INCREMENT for table `taxes`
--
ALTER TABLE `taxes`
  MODIFY `id` bigint(20) UNSIGNED NOT NULL AUTO_INCREMENT, AUTO_INCREMENT=4;

--
-- AUTO_INCREMENT for table `tv_login_sessions`
--
ALTER TABLE `tv_login_sessions`
  MODIFY `id` bigint(20) UNSIGNED NOT NULL AUTO_INCREMENT;

--
-- AUTO_INCREMENT for table `user_coupon_redeem`
--
ALTER TABLE `user_coupon_redeem`
  MODIFY `id` bigint(20) UNSIGNED NOT NULL AUTO_INCREMENT;

--
-- AUTO_INCREMENT for table `user_multi_profiles`
--
ALTER TABLE `user_multi_profiles`
  MODIFY `id` bigint(20) UNSIGNED NOT NULL AUTO_INCREMENT, AUTO_INCREMENT=29;

--
-- AUTO_INCREMENT for table `user_profiles`
--
ALTER TABLE `user_profiles`
  MODIFY `id` bigint(20) UNSIGNED NOT NULL AUTO_INCREMENT, AUTO_INCREMENT=4;

--
-- AUTO_INCREMENT for table `user_providers`
--
ALTER TABLE `user_providers`
  MODIFY `id` bigint(20) UNSIGNED NOT NULL AUTO_INCREMENT;

--
-- AUTO_INCREMENT for table `user_reminder`
--
ALTER TABLE `user_reminder`
  MODIFY `id` bigint(20) UNSIGNED NOT NULL AUTO_INCREMENT;

--
-- AUTO_INCREMENT for table `user_search_histories`
--
ALTER TABLE `user_search_histories`
  MODIFY `id` bigint(20) UNSIGNED NOT NULL AUTO_INCREMENT, AUTO_INCREMENT=13;

--
-- AUTO_INCREMENT for table `user_watch_histories`
--
ALTER TABLE `user_watch_histories`
  MODIFY `id` bigint(20) UNSIGNED NOT NULL AUTO_INCREMENT, AUTO_INCREMENT=29;

--
-- AUTO_INCREMENT for table `vast_ads_setting`
--
ALTER TABLE `vast_ads_setting`
  MODIFY `id` bigint(20) UNSIGNED NOT NULL AUTO_INCREMENT, AUTO_INCREMENT=12;

--
-- AUTO_INCREMENT for table `videos`
--
ALTER TABLE `videos`
  MODIFY `id` bigint(20) UNSIGNED NOT NULL AUTO_INCREMENT, AUTO_INCREMENT=37;

--
-- AUTO_INCREMENT for table `video_download_mappings`
--
ALTER TABLE `video_download_mappings`
  MODIFY `id` bigint(20) UNSIGNED NOT NULL AUTO_INCREMENT;

--
-- AUTO_INCREMENT for table `video_stream_content_mapping`
--
ALTER TABLE `video_stream_content_mapping`
  MODIFY `id` bigint(20) UNSIGNED NOT NULL AUTO_INCREMENT;

--
-- AUTO_INCREMENT for table `watchlists`
--
ALTER TABLE `watchlists`
  MODIFY `id` bigint(20) UNSIGNED NOT NULL AUTO_INCREMENT, AUTO_INCREMENT=10;

--
-- AUTO_INCREMENT for table `webhook_calls`
--
ALTER TABLE `webhook_calls`
  MODIFY `id` bigint(20) UNSIGNED NOT NULL AUTO_INCREMENT;

--
-- AUTO_INCREMENT for table `web_qr_sessions`
--
ALTER TABLE `web_qr_sessions`
  MODIFY `id` bigint(20) UNSIGNED NOT NULL AUTO_INCREMENT;

--
-- AUTO_INCREMENT for table `worlds`
--
ALTER TABLE `worlds`
  MODIFY `id` bigint(20) UNSIGNED NOT NULL AUTO_INCREMENT;

--
-- Constraints for dumped tables
--

--
-- Constraints for table `coupon_subscription_plan`
--
ALTER TABLE `coupon_subscription_plan`
  ADD CONSTRAINT `coupon_subscription_plan_coupon_id_foreign` FOREIGN KEY (`coupon_id`) REFERENCES `coupons` (`id`) ON DELETE CASCADE,
  ADD CONSTRAINT `coupon_subscription_plan_subscription_plan_id_foreign` FOREIGN KEY (`subscription_plan_id`) REFERENCES `plan` (`id`) ON DELETE CASCADE;

--
-- Constraints for table `model_has_permissions`
--
ALTER TABLE `model_has_permissions`
  ADD CONSTRAINT `model_has_permissions_permission_id_foreign` FOREIGN KEY (`permission_id`) REFERENCES `permissions` (`id`) ON DELETE CASCADE;

--
-- Constraints for table `model_has_roles`
--
ALTER TABLE `model_has_roles`
  ADD CONSTRAINT `model_has_roles_role_id_foreign` FOREIGN KEY (`role_id`) REFERENCES `roles` (`id`) ON DELETE CASCADE;

--
-- Constraints for table `payperviewstransactions`
--
ALTER TABLE `payperviewstransactions`
  ADD CONSTRAINT `payperviewstransactions_pay_per_view_id_foreign` FOREIGN KEY (`pay_per_view_id`) REFERENCES `pay_per_views` (`id`) ON DELETE CASCADE,
  ADD CONSTRAINT `payperviewstransactions_user_id_foreign` FOREIGN KEY (`user_id`) REFERENCES `users` (`id`) ON DELETE CASCADE;

--
-- Constraints for table `pay_per_views`
--
ALTER TABLE `pay_per_views`
  ADD CONSTRAINT `pay_per_views_movie_id_foreign` FOREIGN KEY (`movie_id`) REFERENCES `entertainments` (`id`) ON DELETE CASCADE,
  ADD CONSTRAINT `pay_per_views_user_id_foreign` FOREIGN KEY (`user_id`) REFERENCES `users` (`id`) ON DELETE CASCADE;

--
-- Constraints for table `role_has_permissions`
--
ALTER TABLE `role_has_permissions`
  ADD CONSTRAINT `role_has_permissions_permission_id_foreign` FOREIGN KEY (`permission_id`) REFERENCES `permissions` (`id`) ON DELETE CASCADE,
  ADD CONSTRAINT `role_has_permissions_role_id_foreign` FOREIGN KEY (`role_id`) REFERENCES `roles` (`id`) ON DELETE CASCADE;

--
-- Constraints for table `subtitles`
--
ALTER TABLE `subtitles`
  ADD CONSTRAINT `subtitles_entertainment_id_foreign` FOREIGN KEY (`entertainment_id`) REFERENCES `entertainments` (`id`) ON DELETE CASCADE;

--
-- Constraints for table `user_multi_profiles`
--
ALTER TABLE `user_multi_profiles`
  ADD CONSTRAINT `user_multi_profiles_user_id_foreign` FOREIGN KEY (`user_id`) REFERENCES `users` (`id`) ON DELETE CASCADE;
COMMIT;

